{"id":18947,"date":"2016-07-14T16:28:37","date_gmt":"2016-07-14T21:28:37","guid":{"rendered":"http:\/\/nofm-radio.com\/?p=18947"},"modified":"2016-07-14T16:28:37","modified_gmt":"2016-07-14T21:28:37","slug":"que-demonios-es-la-viaverde-8-datos-oscuros-del-proyecto-en-periferico","status":"publish","type":"archivo","link":"https:\/\/nofm-radio.com\/?archivo=que-demonios-es-la-viaverde-8-datos-oscuros-del-proyecto-en-periferico","title":{"rendered":"\u00bfQu\u00e9 demonios es la #V\u00edaVerde? 8 datos oscuros del proyecto en Perif\u00e9rico"},"content":{"rendered":"<p>El d\u00eda martes, el <strong>Jefe de gobierno<\/strong> de la ahora maltrecha <strong>CDMX<\/strong> present\u00f3 un proyecto m\u00e1s que ha generado la cr\u00edtica de los ciudadanos: la <strong>V\u00eda Verde<\/strong>. Este proyecto consiste, en palabras concretas, en transformar las columnas del <strong>Anillo Perif\u00e9rico<\/strong> (desde el Toreo hasta la salida a Cuernavaca) en <strong>jardines verticales<\/strong>. De entrada el proyecto no suena mal, y de hecho esa fue la l\u00f3gica que sigui\u00f3 en gobierno de <strong>Miguel \u00c1ngel Mancera Espinosa<\/strong> para aceptar llevarlo a cabo; en la presentaci\u00f3n de las primeras columnas verdes, MAME declar\u00f3 que la propuesta &#8220;sonaba como algo que le har\u00eda bien a la ciudad. Que cambiar\u00eda tanto la vista, como le podr\u00eda dar un beneficio en esto que hoy estamos tan comprometidos, que es la lucha contra el <strong>Cambio Clim\u00e1tico<\/strong>\u201d.<br \/>\nY es que, como todos sabemos, la piedra en el zapato del virtual candidato del <strong>PRD<\/strong> a la presidencia en el 2018 ha sido su pol\u00edtica ambiental y esos niveles de contaminaci\u00f3n que nom\u00e1s no cooperan con su campa\u00f1a. Pero el proyecto de la V\u00eda Verde tiene un mont\u00f3n de aristas y problemas que se ocultan en un enga\u00f1oso beneficio ecol\u00f3gico.<br \/>\nPara conocer m\u00e1s detalles del asunto, les dejamos 8 puntos que deben conocer sobre la V\u00eda Verde.<br \/>\n* <strong>\u00bfDe qui\u00e9n fue la genial idea?<\/strong><br \/>\nLa propuesta de los jardines verticales en el perif\u00e9rico naci\u00f3 en una petici\u00f3n de <a href=\"https:\/\/www.change.org\/p\/via-verde-transformemos-el-segundo-piso-en-jardines-verticales\" target=\"_blank\" rel=\"noopener noreferrer\"><strong>Change.org<\/strong><\/a> (s\u00ed banda, no todas son tan inofensivas ni tan buenas como parecen) que fue firmada por m\u00e1s de 83 mil personas. En la petici\u00f3n, promovida por el <a href=\"http:\/\/www.verdevertical.com.mx\/quiero_uno.html\" target=\"_blank\" rel=\"noopener noreferrer\"><strong>Taller Verde Vertical<\/strong><\/a>, se incluyen cifras alarmantes como que los capitalinos no contamos con las<strong> \u00e1reas verdes<\/strong> suficientes, los altos niveles de contaminaci\u00f3n, etc; adem\u00e1s del resultado de una encuesta no disponible que afirma que el 98% de los ciudadanos deseaba que la V\u00eda Verde se realizara y que deseaba que se construyera con <strong>recursos privados<\/strong>. Todo estaba hecho, s\u00f3lo se necesitaba el visto bueno de MAME.<br \/>\n<iframe loading=\"lazy\" class=\"giphy-embed\" src=\"\/\/giphy.com\/embed\/tGL8igRIo23Ek\" width=\"480\" height=\"360\" frameborder=\"0\" allowfullscreen=\"allowfullscreen\"><\/iframe><br \/>\n*<strong> \u00bfDe qu\u00e9 la gira Verde Vertical?<\/strong><br \/>\n<a href=\"http:\/\/www.verdevertical.com.mx\/index.html\" target=\"_blank\" rel=\"noopener noreferrer\">Verde Vertical<\/a>, una empresa de paisajismo es dirigida por el actor <strong>Luis Gerardo M\u00e9ndez<\/strong> (aka Javi Noble) y el arquitecto <strong>Fernando Ortiz Monasterio<\/strong>, amo y se\u00f1or de los jardines verticales en nuestro pa\u00eds, y miembro de una de las familias de arquitectos m\u00e1s prestigiosas del pa\u00eds. En su haber poseen los cr\u00e9ditos de los jardines de <strong>Regina<\/strong>, de las estaciones de la<strong> l\u00ednea 5 del Metrob\u00fas<\/strong>, la escultura de la terminal 2 del aeropuerto, y el jard\u00edn vertical m\u00e1s grande del mundo que se ubica en <strong>Los Cabos<\/strong>, entre muchos otros proyectos. \u00a0El taller postula un equilibrio entre ciudad y naturaleza a trav\u00e9s de la construcci\u00f3n de jardines verticales y azoteas verdes, aunque cabe destacar que de todos los que han construido ninguno es verdaderamente sustentable, pues requiere de un eterno mantenimiento que provee el \u00a0mismo taller.<br \/>\n<a class=\"no-eff img-link lightbox\" href=\"http:\/\/nofm-radio.com\/wp-content\/uploads\/2016\/07\/ViaVerde2.jpg\"><img loading=\"lazy\" decoding=\"async\" class=\"alignnone size-full wp-image-18955\" src=\"http:\/\/nofm-radio.com\/wp-content\/uploads\/2016\/07\/ViaVerde2.jpg\" alt=\"ViaVerde2\" width=\"500\" height=\"333\" \/><\/a><br \/>\n* <strong>Beneficio, lo que se dice beneficio, pues no&#8230;<\/strong><br \/>\nSeg\u00fan la petici\u00f3n inicial, la V\u00eda Verde beneficiar\u00e1 a 25 mil ciudadanos al procesar hasta 10 mil kilos de \u00a0metales pesados suspendidos al a\u00f1o. Sin embargo, el costo beneficio de la obra no parece cuadrar con el anunciado por sus promotores. En primer lugar, el costo del proyecto es de <strong>$360 millones de pesos<\/strong> para cubrir las 1,038 columnas del Peri; en las 19 que se inauguraron el martes se invirtieron 9 millones de pesos. Con ese dinero se pudieron plantar 300 \u00e1rboles de un a\u00f1o de edad, tomando en cuenta que un \u00e1rbol absorbe 22 kilos de <strong>bi\u00f3xido de carbono<\/strong> al a\u00f1o, mientras un metro cuadrado de jard\u00edn vertical s\u00f3lo absorbe 2.3 kilos. Menci\u00f3n aparte merece el uso del <strong>espacio p\u00fablico<\/strong> que no privilegia lugares comunitarios como parques, y m\u00e1s bien busca adecuar &#8220;<strong>lo verde<\/strong>&#8221; a las necesidades de los autom\u00f3viles. Al igual que el <strong>Hoy no circula<\/strong>, la V\u00eda Verde es un paliativo enga\u00f1oso m\u00e1s de discurso que de efectividad.<br \/>\n<iframe loading=\"lazy\" class=\"giphy-embed\" src=\"\/\/giphy.com\/embed\/dP0xF9jUzYpNK\" width=\"480\" height=\"373\" frameborder=\"0\" allowfullscreen=\"allowfullscreen\"><\/iframe><br \/>\n*<strong> La oscura iniciativa privada<\/strong><br \/>\nUna de las poderosas razones que dio el <strong>Jefe de gobierno<\/strong> para aceptar el proyecto fue que no le costar\u00eda un peso a la ciudad, pues la inversi\u00f3n ser\u00eda absolutamente privada. De nuevo vemos un proyecto, como el <strong>CCChapultepec<\/strong> o la <strong>Rueda de la Fortuna<\/strong>, en que el papel de la inversi\u00f3n privada es, por decir lo menos, opaca. La propuesta de Verde Vertical afirma que la <strong>iniciativa privada<\/strong> invertir\u00e1 a cambio de <strong>espacios publicitarios<\/strong> en el 10% de las columnas. Con esta salida no se discute, de nuevo, el uso y la administraci\u00f3n del espacio p\u00fablico. Al ser privada la inversi\u00f3n, la ciudadan\u00eda no puede conocer los beneficios reales de esa inversi\u00f3n en un espacio que es de todos, incluidos los <strong>beneficios fiscales<\/strong>. El camino que ha tomado el gobierno de la ciudad al aceptar proyectos simplemente porque no le cuestan (ni le dejan, obvio), es por dem\u00e1s irresponsable.<br \/>\n<iframe loading=\"lazy\" class=\"giphy-embed\" src=\"\/\/giphy.com\/embed\/i7vxmJ4rjSkcE\" width=\"480\" height=\"360\" frameborder=\"0\" allowfullscreen=\"allowfullscreen\"><\/iframe><br \/>\n* <strong>Pol\u00edticas p\u00fablicas: s\u00fabele al verde, b\u00e1jale al \u00e1rbol<\/strong><br \/>\nNo se trata solamente de que un \u00e1rbol es mucho m\u00e1s ben\u00e9fico que un jard\u00edn vertical, se trata de una serie de <strong>pol\u00edticas p\u00fablicas<\/strong> esquizofr\u00e9nicas. Por un lado se acepta la inversi\u00f3n de millones de pesos en la V\u00eda Verde, y por otra se sigue promoviendo al <strong>tala de \u00e1rboles<\/strong> a diestra y siniestra en la ciudad para construir \u00a1VIALIDADES! Tan s\u00f3lo en el gobierno de Mancera se han talado <strong>7,526 \u00e1rboles<\/strong> por obras privadas y <strong>7,820<\/strong> por causas no identificadas o por obra p\u00fablica. Es decir, mientras se privilegian las obras p\u00fablicas para los coches, se promueven las obras privadas para paliar la contaminaci\u00f3n y en &#8220;beneficio&#8221; de los peatones. Las obras son muy verdes, pero nada ecol\u00f3gicas.<br \/>\n<iframe loading=\"lazy\" class=\"giphy-embed\" src=\"\/\/giphy.com\/embed\/WRDsXPOJhQfsI\" width=\"480\" height=\"251\" frameborder=\"0\" allowfullscreen=\"allowfullscreen\"><\/iframe><br \/>\n* <strong>Sustentabilidad de relleno<\/strong><br \/>\nOtra de las razones poderosas que Verde Vertical pondera de su proyecto es la <strong>sustentabilidad<\/strong> de los jardines verticales. Cosa que, en pocas palabras, es falsa: los jardines no son sustentables, pues parten de la idea de que las plantas que se colocan en una malla met\u00e1lica vivir\u00e1n gracias a los nutrientes provistos por un fieltro que no sustituye a la tierra, y que consume una gran cantidad de agua. La V\u00eda Verde, seg\u00fan su petici\u00f3n inicial, tomar\u00e1 el agua de la <strong>captaci\u00f3n pluvial<\/strong> y, en caso de que haga falta, usar\u00e1 agua tratada, de d\u00f3nde la sacar\u00e1n, no lo dicen. Lo que tampoco mencionan es que los jardines, como todos los que ha construido Verde Vertical, dependen absolutamente del <strong>mantenimiento<\/strong> que consiste b\u00e1sicamente en cambiar cada tanto las plantas que vayan muriendo. Los jardines verticales que se han hecho en la ciudad o est\u00e1n muertos o por\u00a0la noches son rellenados por plantas nuevas que eventualmente morir\u00e1n.<br \/>\n<iframe loading=\"lazy\" class=\"giphy-embed\" src=\"\/\/giphy.com\/embed\/EjtsD8Elgne8M\" width=\"480\" height=\"552\" frameborder=\"0\" allowfullscreen=\"allowfullscreen\"><\/iframe><br \/>\n* <strong>Referente mundial<\/strong><br \/>\nPero hay referentes. Seg\u00fan MAME, la V\u00eda Verde ser\u00e1 un parteaguas nacional e internacional, lo cual tambi\u00e9n es falso. Puesto que parte de la simulaci\u00f3n de la sustentabilidad y el m\u00e1ximo beneficio, la V\u00eda Verde no es tan verde. Mucho se han citado proyectos en otros lugares del mundo que benefician a la ciudadan\u00eda, entre ellos <a href=\"http:\/\/www.arquine.com\/el-demonio-verde\/\" target=\"_blank\" rel=\"noopener noreferrer\"><strong>Arturo Hern\u00e1ndez \u00c1lvarez<\/strong> <\/a>menciona el proyecto de\u00a0<strong>Michael Maltzan<\/strong> para <strong>Los \u00c1ngeles<\/strong>, que consiste en cubrir una autopista con paneles solares, sistemas para captar lluvia y plantas colgantes. Es decir, un proyecto mucho m\u00e1s integral que no se reduce a llenar el concreto de plantas que cada tanto hay que sustituir. Tambi\u00e9n se menciona el proyecto de <strong>Seul<\/strong>, donde se derrumb\u00f3 un viaducto para descubrir un r\u00edo entubado.<br \/>\n<a class=\"no-eff img-link lightbox\" href=\"http:\/\/nofm-radio.com\/wp-content\/uploads\/2016\/07\/V\u00eda-Verde4.jpg\"><img loading=\"lazy\" decoding=\"async\" class=\"alignnone size-full wp-image-18954\" src=\"http:\/\/nofm-radio.com\/wp-content\/uploads\/2016\/07\/V\u00eda-Verde4.jpg\" alt=\"V\u00eda Verde4\" width=\"800\" height=\"483\" \/><\/a><br \/>\n* <strong>Sugerencias no solicitadas<\/strong><br \/>\nAl igual que en el caso del <strong>CCChapultepec<\/strong>, lo m\u00e1s conflictivo es la nula capacidad del gobierno de la capital para evaluar opciones y proyectos. Puesto que s\u00f3lo reparten permisos, declaratorias de necesidad y bendiciones a proyectos que &#8220;suenan a que le har\u00edan bien a la ciudad&#8221;, las alternativas siempre suceden como cr\u00edticas y peleas contra obras que ya est\u00e1n en marcha. Y no se trata de poner a consulta todas las obras p\u00fablicas, se trata de realizar verdadera <strong>obra p\u00fablica<\/strong>, con <strong>recursos p\u00fablicos<\/strong>, que obligue a elegir la verdadera mejor opci\u00f3n para un problema real.<br \/>\n<iframe loading=\"lazy\" class=\"giphy-embed\" src=\"\/\/giphy.com\/embed\/yrnsgD0VCIqdi\" width=\"480\" height=\"359\" frameborder=\"0\" allowfullscreen=\"allowfullscreen\"><\/iframe><br \/>\nAs\u00ed es, muchachos y muchachas, a veces las buenas ideas en realidad no son tan buenas. Y antes de que nos canten junto con <strong>Tylor Swift<\/strong> eso de <em>Hater&#8217;s gonna hate<\/em>, pensemos unos minutos en qu\u00e9 queremos para nuestra ciudad adem\u00e1s de que se vea chula llena de anuncios y centros comerciales. Preguntarnos qu\u00e9 queremos es tambi\u00e9n involucrarnos, es preguntar y exigir respuestas reales m\u00e1s all\u00e1 de &#8220;consulta la <strong><a href=\"http:\/\/viaverde.com.mx\/v1\/\" target=\"_blank\" rel=\"noopener noreferrer\">p\u00e1gina de Internet<\/a><\/strong>&#8220;, es tambi\u00e9n pelear la ciudad para nosotros que la caminamos a diario.<\/p>\n","protected":false},"template":"","meta":{"_id_youtube":"","_id_vimeo":"","_podcasts_duration":"","_podcasts_url":"","_podcasts_show":"","_prog_horario_dias":"","_prog_hora":"","_prog_duration":""},"class_list":["post-18947","archivo","type-archivo","status-publish","hentry"],"_links":{"self":[{"href":"https:\/\/nofm-radio.com\/index.php?rest_route=\/wp\/v2\/archivo\/18947","targetHints":{"allow":["GET"]}}],"collection":[{"href":"https:\/\/nofm-radio.com\/index.php?rest_route=\/wp\/v2\/archivo"}],"about":[{"href":"https:\/\/nofm-radio.com\/index.php?rest_route=\/wp\/v2\/types\/archivo"}],"wp:attachment":[{"href":"https:\/\/nofm-radio.com\/index.php?rest_route=%2Fwp%2Fv2%2Fmedia&parent=18947"}],"curies":[{"name":"wp","href":"https:\/\/api.w.org\/{rel}","templated":true}]}}

¿Qué demonios es la #VíaVerde? 8 datos oscuros del proyecto en Periférico

<p>El día martes, el <strong>Jefe de gobierno</strong> de la ahora maltrecha <strong>CDMX</strong> presentó un proyecto más que ha generado la crítica de los ciudadanos: la <strong>Vía Verde</strong>. Este proyecto consiste, en palabras concretas, en transformar las columnas del <strong>Anillo Periférico</strong> (desde el Toreo hasta la salida a Cuernavaca) en <strong>jardines verticales</strong>. De entrada el proyecto no suena mal, y de hecho esa fue la lógica que siguió en gobierno de <strong>Miguel Ángel Mancera Espinosa</strong> para aceptar llevarlo a cabo; en la presentación de las primeras columnas verdes, MAME declaró que la propuesta &#8220;sonaba como algo que le haría bien a la ciudad. Que cambiaría tanto la vista, como le podría dar un beneficio en esto que hoy estamos tan comprometidos, que es la lucha contra el <strong>Cambio Climático</strong>”.<br />
Y es que, como todos sabemos, la piedra en el zapato del virtual candidato del <strong>PRD</strong> a la presidencia en el 2018 ha sido su política ambiental y esos niveles de contaminación que nomás no cooperan con su campaña. Pero el proyecto de la Vía Verde tiene un montón de aristas y problemas que se ocultan en un engañoso beneficio ecológico.<br />
Para conocer más detalles del asunto, les dejamos 8 puntos que deben conocer sobre la Vía Verde.<br />
* <strong>¿De quién fue la genial idea?</strong><br />
La propuesta de los jardines verticales en el periférico nació en una petición de <a href="https://www.change.org/p/via-verde-transformemos-el-segundo-piso-en-jardines-verticales" target="_blank" rel="noopener noreferrer"><strong>Change.org</strong></a> (sí banda, no todas son tan inofensivas ni tan buenas como parecen) que fue firmada por más de 83 mil personas. En la petición, promovida por el <a href="http://www.verdevertical.com.mx/quiero_uno.html" target="_blank" rel="noopener noreferrer"><strong>Taller Verde Vertical</strong></a>, se incluyen cifras alarmantes como que los capitalinos no contamos con las<strong> áreas verdes</strong> suficientes, los altos niveles de contaminación, etc; además del resultado de una encuesta no disponible que afirma que el 98% de los ciudadanos deseaba que la Vía Verde se realizara y que deseaba que se construyera con <strong>recursos privados</strong>. Todo estaba hecho, sólo se necesitaba el visto bueno de MAME.<br />
<iframe loading="lazy" class="giphy-embed" src="//giphy.com/embed/tGL8igRIo23Ek" width="480" height="360" frameborder="0" allowfullscreen="allowfullscreen"></iframe><br />
*<strong> ¿De qué la gira Verde Vertical?</strong><br />
<a href="http://www.verdevertical.com.mx/index.html" target="_blank" rel="noopener noreferrer">Verde Vertical</a>, una empresa de paisajismo es dirigida por el actor <strong>Luis Gerardo Méndez</strong> (aka Javi Noble) y el arquitecto <strong>Fernando Ortiz Monasterio</strong>, amo y señor de los jardines verticales en nuestro país, y miembro de una de las familias de arquitectos más prestigiosas del país. En su haber poseen los créditos de los jardines de <strong>Regina</strong>, de las estaciones de la<strong> línea 5 del Metrobús</strong>, la escultura de la terminal 2 del aeropuerto, y el jardín vertical más grande del mundo que se ubica en <strong>Los Cabos</strong>, entre muchos otros proyectos.  El taller postula un equilibrio entre ciudad y naturaleza a través de la construcción de jardines verticales y azoteas verdes, aunque cabe destacar que de todos los que han construido ninguno es verdaderamente sustentable, pues requiere de un eterno mantenimiento que provee el  mismo taller.<br />
<a class="no-eff img-link lightbox" href="http://nofm-radio.com/wp-content/uploads/2016/07/ViaVerde2.jpg"><img loading="lazy" decoding="async" class="alignnone size-full wp-image-18955" src="http://nofm-radio.com/wp-content/uploads/2016/07/ViaVerde2.jpg" alt="ViaVerde2" width="500" height="333" /></a><br />
* <strong>Beneficio, lo que se dice beneficio, pues no&#8230;</strong><br />
Según la petición inicial, la Vía Verde beneficiará a 25 mil ciudadanos al procesar hasta 10 mil kilos de  metales pesados suspendidos al año. Sin embargo, el costo beneficio de la obra no parece cuadrar con el anunciado por sus promotores. En primer lugar, el costo del proyecto es de <strong>$360 millones de pesos</strong> para cubrir las 1,038 columnas del Peri; en las 19 que se inauguraron el martes se invirtieron 9 millones de pesos. Con ese dinero se pudieron plantar 300 árboles de un año de edad, tomando en cuenta que un árbol absorbe 22 kilos de <strong>bióxido de carbono</strong> al año, mientras un metro cuadrado de jardín vertical sólo absorbe 2.3 kilos. Mención aparte merece el uso del <strong>espacio público</strong> que no privilegia lugares comunitarios como parques, y más bien busca adecuar &#8220;<strong>lo verde</strong>&#8221; a las necesidades de los automóviles. Al igual que el <strong>Hoy no circula</strong>, la Vía Verde es un paliativo engañoso más de discurso que de efectividad.<br />
<iframe loading="lazy" class="giphy-embed" src="//giphy.com/embed/dP0xF9jUzYpNK" width="480" height="373" frameborder="0" allowfullscreen="allowfullscreen"></iframe><br />
*<strong> La oscura iniciativa privada</strong><br />
Una de las poderosas razones que dio el <strong>Jefe de gobierno</strong> para aceptar el proyecto fue que no le costaría un peso a la ciudad, pues la inversión sería absolutamente privada. De nuevo vemos un proyecto, como el <strong>CCChapultepec</strong> o la <strong>Rueda de la Fortuna</strong>, en que el papel de la inversión privada es, por decir lo menos, opaca. La propuesta de Verde Vertical afirma que la <strong>iniciativa privada</strong> invertirá a cambio de <strong>espacios publicitarios</strong> en el 10% de las columnas. Con esta salida no se discute, de nuevo, el uso y la administración del espacio público. Al ser privada la inversión, la ciudadanía no puede conocer los beneficios reales de esa inversión en un espacio que es de todos, incluidos los <strong>beneficios fiscales</strong>. El camino que ha tomado el gobierno de la ciudad al aceptar proyectos simplemente porque no le cuestan (ni le dejan, obvio), es por demás irresponsable.<br />
<iframe loading="lazy" class="giphy-embed" src="//giphy.com/embed/i7vxmJ4rjSkcE" width="480" height="360" frameborder="0" allowfullscreen="allowfullscreen"></iframe><br />
* <strong>Políticas públicas: súbele al verde, bájale al árbol</strong><br />
No se trata solamente de que un árbol es mucho más benéfico que un jardín vertical, se trata de una serie de <strong>políticas públicas</strong> esquizofrénicas. Por un lado se acepta la inversión de millones de pesos en la Vía Verde, y por otra se sigue promoviendo al <strong>tala de árboles</strong> a diestra y siniestra en la ciudad para construir ¡VIALIDADES! Tan sólo en el gobierno de Mancera se han talado <strong>7,526 árboles</strong> por obras privadas y <strong>7,820</strong> por causas no identificadas o por obra pública. Es decir, mientras se privilegian las obras públicas para los coches, se promueven las obras privadas para paliar la contaminación y en &#8220;beneficio&#8221; de los peatones. Las obras son muy verdes, pero nada ecológicas.<br />
<iframe loading="lazy" class="giphy-embed" src="//giphy.com/embed/WRDsXPOJhQfsI" width="480" height="251" frameborder="0" allowfullscreen="allowfullscreen"></iframe><br />
* <strong>Sustentabilidad de relleno</strong><br />
Otra de las razones poderosas que Verde Vertical pondera de su proyecto es la <strong>sustentabilidad</strong> de los jardines verticales. Cosa que, en pocas palabras, es falsa: los jardines no son sustentables, pues parten de la idea de que las plantas que se colocan en una malla metálica vivirán gracias a los nutrientes provistos por un fieltro que no sustituye a la tierra, y que consume una gran cantidad de agua. La Vía Verde, según su petición inicial, tomará el agua de la <strong>captación pluvial</strong> y, en caso de que haga falta, usará agua tratada, de dónde la sacarán, no lo dicen. Lo que tampoco mencionan es que los jardines, como todos los que ha construido Verde Vertical, dependen absolutamente del <strong>mantenimiento</strong> que consiste básicamente en cambiar cada tanto las plantas que vayan muriendo. Los jardines verticales que se han hecho en la ciudad o están muertos o por la noches son rellenados por plantas nuevas que eventualmente morirán.<br />
<iframe loading="lazy" class="giphy-embed" src="//giphy.com/embed/EjtsD8Elgne8M" width="480" height="552" frameborder="0" allowfullscreen="allowfullscreen"></iframe><br />
* <strong>Referente mundial</strong><br />
Pero hay referentes. Según MAME, la Vía Verde será un parteaguas nacional e internacional, lo cual también es falso. Puesto que parte de la simulación de la sustentabilidad y el máximo beneficio, la Vía Verde no es tan verde. Mucho se han citado proyectos en otros lugares del mundo que benefician a la ciudadanía, entre ellos <a href="http://www.arquine.com/el-demonio-verde/" target="_blank" rel="noopener noreferrer"><strong>Arturo Hernández Álvarez</strong> </a>menciona el proyecto de <strong>Michael Maltzan</strong> para <strong>Los Ángeles</strong>, que consiste en cubrir una autopista con paneles solares, sistemas para captar lluvia y plantas colgantes. Es decir, un proyecto mucho más integral que no se reduce a llenar el concreto de plantas que cada tanto hay que sustituir. También se menciona el proyecto de <strong>Seul</strong>, donde se derrumbó un viaducto para descubrir un río entubado.<br />
<a class="no-eff img-link lightbox" href="http://nofm-radio.com/wp-content/uploads/2016/07/Vía-Verde4.jpg"><img loading="lazy" decoding="async" class="alignnone size-full wp-image-18954" src="http://nofm-radio.com/wp-content/uploads/2016/07/Vía-Verde4.jpg" alt="Vía Verde4" width="800" height="483" /></a><br />
* <strong>Sugerencias no solicitadas</strong><br />
Al igual que en el caso del <strong>CCChapultepec</strong>, lo más conflictivo es la nula capacidad del gobierno de la capital para evaluar opciones y proyectos. Puesto que sólo reparten permisos, declaratorias de necesidad y bendiciones a proyectos que &#8220;suenan a que le harían bien a la ciudad&#8221;, las alternativas siempre suceden como críticas y peleas contra obras que ya están en marcha. Y no se trata de poner a consulta todas las obras públicas, se trata de realizar verdadera <strong>obra pública</strong>, con <strong>recursos públicos</strong>, que obligue a elegir la verdadera mejor opción para un problema real.<br />
<iframe loading="lazy" class="giphy-embed" src="//giphy.com/embed/yrnsgD0VCIqdi" width="480" height="359" frameborder="0" allowfullscreen="allowfullscreen"></iframe><br />
Así es, muchachos y muchachas, a veces las buenas ideas en realidad no son tan buenas. Y antes de que nos canten junto con <strong>Tylor Swift</strong> eso de <em>Hater&#8217;s gonna hate</em>, pensemos unos minutos en qué queremos para nuestra ciudad además de que se vea chula llena de anuncios y centros comerciales. Preguntarnos qué queremos es también involucrarnos, es preguntar y exigir respuestas reales más allá de &#8220;consulta la <strong><a href="http://viaverde.com.mx/v1/" target="_blank" rel="noopener noreferrer">página de Internet</a></strong>&#8220;, es también pelear la ciudad para nosotros que la caminamos a diario.</p>
