{"id":19044,"date":"2016-07-21T19:14:07","date_gmt":"2016-07-22T00:14:07","guid":{"rendered":"http:\/\/nofm-radio.com\/?p=19044"},"modified":"2016-07-21T19:14:07","modified_gmt":"2016-07-22T00:14:07","slug":"vamosalstandup-grecia-castillo-fran-heiva-manunna-ese-wey-el-calor-del-humor","status":"publish","type":"archivo","link":"https:\/\/nofm-radio.com\/?archivo=vamosalstandup-grecia-castillo-fran-heiva-manunna-ese-wey-el-calor-del-humor","title":{"rendered":"#VamosAlStandUp. Grecia Castillo, Fran Heiva, Manunna, Ese Wey: el calor del humor"},"content":{"rendered":"<p><em>La pregunta no sobra \u00bfexiste el stand up mexicano? El stand up es un g\u00e9nero muy espec\u00edfico que parece estar busc\u00e1ndose un lugar en nuestro pa\u00eds, aunque los principios est\u00e1n un poco desdibujados. Como grandes seguidores del g\u00e9nero, decidimos seguir la temporada completa del Stand Up Mostaza de Comedy Central para ver la oferta, re\u00edrnos un rato y, quiz\u00e1, empezar a repensar el humor en M\u00e9xico.<\/em><br \/>\nPor <strong>\u00d3scar Muci\u00f1o<\/strong><br \/>\n<a href=\"https:\/\/twitter.com\/opmucino\" target=\"_blank\" rel=\"noopener noreferrer\">@opmucino<\/a><br \/>\nVi\u00f1etas de <strong>Juli\u00e1n Cicero<\/strong><br \/>\n<a href=\"https:\/\/twitter.com\/pizzafrianofm\" target=\"_blank\" rel=\"noopener noreferrer\">@pizzafrianofm<\/a><br \/>\nAdem\u00e1s de estar asociada a la melancol\u00eda, la risa y las enfermedades del esp\u00edritu, <strong>la bilis negra<\/strong> contaba entre sus cualidades la de cambiar con facilidad de temperatura, pasar del calor al fr\u00edo.<br \/>\nLa <strong>risa del melanc\u00f3lico<\/strong> proviene de la raz\u00f3n y surge por el hallazgo de un desatino humano, de la incongruencia entre sus ideales y sus acciones. La risa de la bilis negra puede ser una risa insana, patol\u00f3gica pero tambi\u00e9n producto de un juicio personal, de una raz\u00f3n que observa fr\u00edamente un objeto, pensando en la variable temperatura de la bilis, y encuentra su lado rid\u00edculo o risible.<br \/>\nLa<strong> frialdad<\/strong> significa un alejamiento de la situaci\u00f3n, no involucrarse en los acontecimientos para verlos sin importancia, como situaciones f\u00fatiles de las que uno puede re\u00edrse o bromear con ellas. Un distanciamiento mental que permite ahondar en el <strong>lado c\u00f3mico<\/strong>.<br \/>\nEl involucramiento c\u00e1lido al contrario no tiene como fin el re\u00edr sino el compenetrarse con la situaci\u00f3n, haci\u00e9ndola entra\u00f1able o movi\u00e9ndonos a sentimientos m\u00e1s de comprensi\u00f3n que de <strong>burla<\/strong>. Esto no descarta que la burla pueda desembocar en la comprensi\u00f3n y la reflexi\u00f3n.<br \/>\nEsta capacidad de movimiento en la temperatura tambi\u00e9n se observa en la relaci\u00f3n que se ejerce entre el <strong>comediante<\/strong> y el p\u00fablico. La tensi\u00f3n humor\u00edstica, al igual que la po\u00e9tica, se puede alterar r\u00e1pidamente pasando de la transferencia a la indiferencia.<br \/>\n<a class=\"no-eff img-link lightbox\" href=\"http:\/\/nofm-radio.com\/wp-content\/uploads\/2016\/07\/Moi\u0300nica21.jpg\"><img loading=\"lazy\" decoding=\"async\" class=\"alignnone size-full wp-image-19049\" src=\"http:\/\/nofm-radio.com\/wp-content\/uploads\/2016\/07\/Moi\u0300nica21.jpg\" alt=\"Moi\u0300nica2\" width=\"680\" height=\"794\" \/><\/a><br \/>\nY esto no depende de la calidad del acto, sino del p\u00fablico, cada semana los comediantes se enfrentan a una audiencia distinta y este es uno de los retos que debe enfrentar. Saber medir la temperatura de los espectadores para lograr un ambiente donde el calor del humor hornee una respuesta adecuada de la gente. Por ejemplo, durante estas semanas he visto un en tres ocasiones el acto de <strong>M\u00f3nica Escobedo<\/strong>, el cual ha resultado siempre diferente, en ocasiones con mucho mejor respuesta que otras, aunque se hayan presentado los mismos <em><strong>gags<\/strong><\/em>. Y cuando el p\u00fablico r\u00ede m\u00e1s, ella se nota m\u00e1s suelta y se atreve a otros remates.<br \/>\nLa noche inici\u00f3 con el llamado <em><strong>open-mic<\/strong><\/em> que fue llevado a cabo por <strong>Grecia Castillo<\/strong>, chica de Hermosillo, Sonora, quien hace chistes sobre su padre, quien pretend\u00eda hacerla \u201chombrecito\u201d y que cre\u00eda que las chichis son los huevos de las mujeres. Ella tambi\u00e9n incluye burlas a los infomerciales y al retrato de las clases sociales que se muestra en las novelas de <strong>Televisa<\/strong>. Su rutina arranca algunas risas, pero se nota su nerviosismo, una rutina con buenos <em>gags<\/em> s\u00f3lo cuaja cuando la enunciaci\u00f3n es firme y en apariencia relajada y espont\u00e1nea, pero sin duda es una cierto de la temporada otorgar un espacio para que nuevos comediantes vayan calando su <strong>rutina<\/strong> y que vayan domando el miedo esc\u00e9nico.<br \/>\n<a class=\"no-eff img-link lightbox\" href=\"http:\/\/nofm-radio.com\/wp-content\/uploads\/2016\/07\/grecia.jpg\"><img loading=\"lazy\" decoding=\"async\" class=\"alignnone size-full wp-image-19050\" src=\"http:\/\/nofm-radio.com\/wp-content\/uploads\/2016\/07\/grecia.jpg\" alt=\"grecia\" width=\"680\" height=\"794\" \/><\/a><br \/>\nEl siguiente acto de la noche fue el de <strong>Fran Heiva<\/strong> quien comienza hablando sobre las drogas, pero en lugar de hablar de esos momentos en los que se llega borracho al hogar, \u00e9l lo transforma en llegar a casa colmado de LSD para recibir el rega\u00f1o de mam\u00e1.<br \/>\nUna de las caracter\u00edsticas m\u00e1s visibles del humor de Fran es su capacidad de imitar <strong>voces<\/strong> y de con unos cuantos gestos crear personajes risibles, con s\u00f3lo fruncir la cara realiza una imitaci\u00f3n de mam\u00e1. Su acto incluye una reflexi\u00f3n sobre las vacaciones y c\u00f3mo cuando uno se queda en ella \u201cpara disfrutar la ciudad vac\u00eda\u201d, hay muchas formas que te recuerdan que todos han salido mientras t\u00fa te has quedado en ella. Despu\u00e9s nos habla del <strong>sexting<\/strong> y lo peligroso que es recibir un mensaje cachondo cuando uno est\u00e1 haciendo fila en el banco. Su acto concluye con la muestra del tr\u00e1iler de la pel\u00edcula \u201c<strong>Las traes<\/strong>\u201d, en donde las im\u00e1genes se van sucediendo con cambios de voces que nos pusieron a re\u00edr y a imaginar lo bueno que ser\u00eda el filme. Fran durante toda su rutina va matizando con su habilidad vocal e histri\u00f3nica, una gran rutina que explota tambi\u00e9n el absurdo y las im\u00e1genes grotescas.<br \/>\n<a class=\"no-eff img-link lightbox\" href=\"http:\/\/nofm-radio.com\/wp-content\/uploads\/2016\/07\/fran.jpg\"><img loading=\"lazy\" decoding=\"async\" class=\"alignnone size-full wp-image-19051\" src=\"http:\/\/nofm-radio.com\/wp-content\/uploads\/2016\/07\/fran.jpg\" alt=\"fran\" width=\"680\" height=\"794\" \/><\/a><br \/>\nA \u00e9l sigui\u00f3 <strong>Manunna<\/strong>, quien fue la anfitriona de la noche. Un chico que estudi\u00f3 actuaci\u00f3n pero que pronto descubri\u00f3 que lo que mayoritariamente hac\u00eda era <strong>stand up<\/strong>, lo cual no la ha retirado de su carrera actoral. Comienza hablando de su paso por los gimnasios y rememorando que palabras como axila esf\u00ednter e ingle son la palabras feas pero que le hacen agua la boca. De su vena histri\u00f3nica conserva la costumbre de sentirse en un plat\u00f3 de televisi\u00f3n, as\u00ed que va mirando a las distintas posibles c\u00e1maras. Su formaci\u00f3n televisiva la ha hecho vivir en el <strong>melodrama<\/strong>, pues confiesa que constantemente reacciona como en cap\u00edtulo de telenovela ante cualquier situaci\u00f3n de su vida (inclusive como telenovela colombiana, para dar mayor drama, nos dice). Conforme avanza su acto se va asumiendo o va habl\u00e1ndonos desde un punto de vista femenino (por ello mi titubeo al referirme a \u00e9l\/ella), y hace chistes sobre que ella siempre preferir\u00e1 una ces\u00e1rea para cuando deba parir. Si bien Manunna es abiertamente gay, me pareci\u00f3 un gran acierto este traslado a una voz femenina, pues desde ah\u00ed puede denunciar <strong>cuestiones de g\u00e9nero<\/strong> con un tono que le he escuchado a otras chicas. Aunque termina con chistes sobre estereotipos sobre las lesbianas.<br \/>\n<a class=\"no-eff img-link lightbox\" href=\"http:\/\/nofm-radio.com\/wp-content\/uploads\/2016\/07\/manunna.jpg\"><img loading=\"lazy\" decoding=\"async\" class=\"alignnone size-full wp-image-19048\" src=\"http:\/\/nofm-radio.com\/wp-content\/uploads\/2016\/07\/manunna.jpg\" alt=\"manunna\" width=\"680\" height=\"794\" \/><\/a><br \/>\nEl \u00faltimo comediante de la noche fue <strong>Alex Marin<\/strong>, quien prefiere que se le llame <strong>Ese Wey<\/strong>. Nos confiesa que es de Cuatitl\u00e1n Izcalli y despu\u00e9s nos haba del tr\u00e1fico que se vive en el Estado de M\u00e9xico, adem\u00e1s nos cuenta de su trabajo como locutor y las distintas voces para comerciales que ha realizado. En su acto incluye chistes sobre el CERN (Consejo europeo para la investigaci\u00f3n nuclear) y su preocupaci\u00f3n que haya mexicanos trabajando en \u00e9l, sobre el c\u00e1ncer que representa la humanidad para el planeta, reflexiona sobre c\u00f3mo ser\u00edan las cosas si el narcotr\u00e1fico estuviera a cargo (o si por lo menos esto ya fuera oficial). De estos chistes se lanza a hablar de las t\u00edas y su capacidad infinita de dar comida, al igual que las mam\u00e1s de sus amigos.<br \/>\nFuncionan m\u00e1s los segundos <strong>chistes<\/strong> que los primeros sobre f\u00edsica; es curioso que Ese Wey se enoje un poco por la poca respuesta a esos chistes de \u201ccontenido\u201d m\u00e1s \u201cpensante\u201d, y es curioso porque su enojo denota cierto aire de superioridad moral, como si nos viera menos por no responder a los chiste que \u00e9l considera intelectuales. Debo confesar que ese mismo aire es el que percibo dentro de su trabajo con el equipo de los <strong>S\u00faperc\u00edvicos<\/strong>.<br \/>\n<a class=\"no-eff img-link lightbox\" href=\"http:\/\/nofm-radio.com\/wp-content\/uploads\/2016\/07\/esewey.jpg\"><img loading=\"lazy\" decoding=\"async\" class=\"alignnone size-full wp-image-19052\" src=\"http:\/\/nofm-radio.com\/wp-content\/uploads\/2016\/07\/esewey.jpg\" alt=\"esewey\" width=\"680\" height=\"794\" \/><\/a><br \/>\nCabe mencionar que a lo largo de todos los actos de la noche se menciona a Televisa en varias ocasiones. Es la primera vez que la televisora tiene un lugar en los distintos discursos. Tambi\u00e9n est\u00e1 presente la menci\u00f3n materna en los tres chicos y en Grecia la menci\u00f3n a su padre.<br \/>\nEl term\u00f3metro del p\u00fablico subi\u00f3 y baj\u00f3 a lo largo de la noche. Grecia buena respuesta que pudo ser mucho mejor, pero que seguro con el tiempo la obtendr\u00e1. Un c\u00e1lido recibimiento a Fran Heiva que dur\u00f3 de principio a fin y un ascenso en la transferencia con Manunna, quien dej\u00f3 a la gente carcajeando tras un inicio algo fr\u00edo. En cuanto a Ese Wey, tiene grandes momentos en su rutina pero en muchos momentos se aleja demasiado del p\u00fablico, dejando la sensaci\u00f3n de un clima templado que no termina de calentarnos ni enfriarnos. Pero estas son s\u00f3lo mis percepciones desde el calor del humor.<br \/>\nMa\u00f1ana viernes no se pierdan a Jo Mart\u00ednez y Nicho<br \/>\n<a class=\"no-eff img-link lightbox\" href=\"http:\/\/nofm-radio.com\/wp-content\/uploads\/2016\/07\/StandUp2.jpg\"><img loading=\"lazy\" decoding=\"async\" class=\"alignnone size-full wp-image-19069\" src=\"http:\/\/nofm-radio.com\/wp-content\/uploads\/2016\/07\/StandUp2.jpg\" alt=\"StandUp2\" width=\"414\" height=\"640\" \/><\/a><\/p>\n","protected":false},"template":"","meta":{"_id_youtube":"","_id_vimeo":"","_podcasts_duration":"","_podcasts_url":"","_podcasts_show":"","_prog_horario_dias":"","_prog_hora":"","_prog_duration":""},"class_list":["post-19044","archivo","type-archivo","status-publish","hentry"],"_links":{"self":[{"href":"https:\/\/nofm-radio.com\/index.php?rest_route=\/wp\/v2\/archivo\/19044","targetHints":{"allow":["GET"]}}],"collection":[{"href":"https:\/\/nofm-radio.com\/index.php?rest_route=\/wp\/v2\/archivo"}],"about":[{"href":"https:\/\/nofm-radio.com\/index.php?rest_route=\/wp\/v2\/types\/archivo"}],"wp:attachment":[{"href":"https:\/\/nofm-radio.com\/index.php?rest_route=%2Fwp%2Fv2%2Fmedia&parent=19044"}],"curies":[{"name":"wp","href":"https:\/\/api.w.org\/{rel}","templated":true}]}}

<p><em>La pregunta no sobra ¿existe el stand up mexicano? El stand up es un género muy específico que parece estar buscándose un lugar en nuestro país, aunque los principios están un poco desdibujados. Como grandes seguidores del género, decidimos seguir la temporada completa del Stand Up Mostaza de Comedy Central para ver la oferta, reírnos un rato y, quizá, empezar a repensar el humor en México.</em><br />
Por <strong>Óscar Muciño</strong><br />
<a href="https://twitter.com/opmucino" target="_blank" rel="noopener noreferrer">@opmucino</a><br />
Viñetas de <strong>Julián Cicero</strong><br />
<a href="https://twitter.com/pizzafrianofm" target="_blank" rel="noopener noreferrer">@pizzafrianofm</a><br />
Además de estar asociada a la melancolía, la risa y las enfermedades del espíritu, <strong>la bilis negra</strong> contaba entre sus cualidades la de cambiar con facilidad de temperatura, pasar del calor al frío.<br />
La <strong>risa del melancólico</strong> proviene de la razón y surge por el hallazgo de un desatino humano, de la incongruencia entre sus ideales y sus acciones. La risa de la bilis negra puede ser una risa insana, patológica pero también producto de un juicio personal, de una razón que observa fríamente un objeto, pensando en la variable temperatura de la bilis, y encuentra su lado ridículo o risible.<br />
La<strong> frialdad</strong> significa un alejamiento de la situación, no involucrarse en los acontecimientos para verlos sin importancia, como situaciones fútiles de las que uno puede reírse o bromear con ellas. Un distanciamiento mental que permite ahondar en el <strong>lado cómico</strong>.<br />
El involucramiento cálido al contrario no tiene como fin el reír sino el compenetrarse con la situación, haciéndola entrañable o moviéndonos a sentimientos más de comprensión que de <strong>burla</strong>. Esto no descarta que la burla pueda desembocar en la comprensión y la reflexión.<br />
Esta capacidad de movimiento en la temperatura también se observa en la relación que se ejerce entre el <strong>comediante</strong> y el público. La tensión humorística, al igual que la poética, se puede alterar rápidamente pasando de la transferencia a la indiferencia.<br />
<a class="no-eff img-link lightbox" href="http://nofm-radio.com/wp-content/uploads/2016/07/Moìnica21.jpg"><img loading="lazy" decoding="async" class="alignnone size-full wp-image-19049" src="http://nofm-radio.com/wp-content/uploads/2016/07/Moìnica21.jpg" alt="Moìnica2" width="680" height="794" /></a><br />
Y esto no depende de la calidad del acto, sino del público, cada semana los comediantes se enfrentan a una audiencia distinta y este es uno de los retos que debe enfrentar. Saber medir la temperatura de los espectadores para lograr un ambiente donde el calor del humor hornee una respuesta adecuada de la gente. Por ejemplo, durante estas semanas he visto un en tres ocasiones el acto de <strong>Mónica Escobedo</strong>, el cual ha resultado siempre diferente, en ocasiones con mucho mejor respuesta que otras, aunque se hayan presentado los mismos <em><strong>gags</strong></em>. Y cuando el público ríe más, ella se nota más suelta y se atreve a otros remates.<br />
La noche inició con el llamado <em><strong>open-mic</strong></em> que fue llevado a cabo por <strong>Grecia Castillo</strong>, chica de Hermosillo, Sonora, quien hace chistes sobre su padre, quien pretendía hacerla “hombrecito” y que creía que las chichis son los huevos de las mujeres. Ella también incluye burlas a los infomerciales y al retrato de las clases sociales que se muestra en las novelas de <strong>Televisa</strong>. Su rutina arranca algunas risas, pero se nota su nerviosismo, una rutina con buenos <em>gags</em> sólo cuaja cuando la enunciación es firme y en apariencia relajada y espontánea, pero sin duda es una cierto de la temporada otorgar un espacio para que nuevos comediantes vayan calando su <strong>rutina</strong> y que vayan domando el miedo escénico.<br />
<a class="no-eff img-link lightbox" href="http://nofm-radio.com/wp-content/uploads/2016/07/grecia.jpg"><img loading="lazy" decoding="async" class="alignnone size-full wp-image-19050" src="http://nofm-radio.com/wp-content/uploads/2016/07/grecia.jpg" alt="grecia" width="680" height="794" /></a><br />
El siguiente acto de la noche fue el de <strong>Fran Heiva</strong> quien comienza hablando sobre las drogas, pero en lugar de hablar de esos momentos en los que se llega borracho al hogar, él lo transforma en llegar a casa colmado de LSD para recibir el regaño de mamá.<br />
Una de las características más visibles del humor de Fran es su capacidad de imitar <strong>voces</strong> y de con unos cuantos gestos crear personajes risibles, con sólo fruncir la cara realiza una imitación de mamá. Su acto incluye una reflexión sobre las vacaciones y cómo cuando uno se queda en ella “para disfrutar la ciudad vacía”, hay muchas formas que te recuerdan que todos han salido mientras tú te has quedado en ella. Después nos habla del <strong>sexting</strong> y lo peligroso que es recibir un mensaje cachondo cuando uno está haciendo fila en el banco. Su acto concluye con la muestra del tráiler de la película “<strong>Las traes</strong>”, en donde las imágenes se van sucediendo con cambios de voces que nos pusieron a reír y a imaginar lo bueno que sería el filme. Fran durante toda su rutina va matizando con su habilidad vocal e histriónica, una gran rutina que explota también el absurdo y las imágenes grotescas.<br />
<a class="no-eff img-link lightbox" href="http://nofm-radio.com/wp-content/uploads/2016/07/fran.jpg"><img loading="lazy" decoding="async" class="alignnone size-full wp-image-19051" src="http://nofm-radio.com/wp-content/uploads/2016/07/fran.jpg" alt="fran" width="680" height="794" /></a><br />
A él siguió <strong>Manunna</strong>, quien fue la anfitriona de la noche. Un chico que estudió actuación pero que pronto descubrió que lo que mayoritariamente hacía era <strong>stand up</strong>, lo cual no la ha retirado de su carrera actoral. Comienza hablando de su paso por los gimnasios y rememorando que palabras como axila esfínter e ingle son la palabras feas pero que le hacen agua la boca. De su vena histriónica conserva la costumbre de sentirse en un plató de televisión, así que va mirando a las distintas posibles cámaras. Su formación televisiva la ha hecho vivir en el <strong>melodrama</strong>, pues confiesa que constantemente reacciona como en capítulo de telenovela ante cualquier situación de su vida (inclusive como telenovela colombiana, para dar mayor drama, nos dice). Conforme avanza su acto se va asumiendo o va hablándonos desde un punto de vista femenino (por ello mi titubeo al referirme a él/ella), y hace chistes sobre que ella siempre preferirá una cesárea para cuando deba parir. Si bien Manunna es abiertamente gay, me pareció un gran acierto este traslado a una voz femenina, pues desde ahí puede denunciar <strong>cuestiones de género</strong> con un tono que le he escuchado a otras chicas. Aunque termina con chistes sobre estereotipos sobre las lesbianas.<br />
<a class="no-eff img-link lightbox" href="http://nofm-radio.com/wp-content/uploads/2016/07/manunna.jpg"><img loading="lazy" decoding="async" class="alignnone size-full wp-image-19048" src="http://nofm-radio.com/wp-content/uploads/2016/07/manunna.jpg" alt="manunna" width="680" height="794" /></a><br />
El último comediante de la noche fue <strong>Alex Marin</strong>, quien prefiere que se le llame <strong>Ese Wey</strong>. Nos confiesa que es de Cuatitlán Izcalli y después nos haba del tráfico que se vive en el Estado de México, además nos cuenta de su trabajo como locutor y las distintas voces para comerciales que ha realizado. En su acto incluye chistes sobre el CERN (Consejo europeo para la investigación nuclear) y su preocupación que haya mexicanos trabajando en él, sobre el cáncer que representa la humanidad para el planeta, reflexiona sobre cómo serían las cosas si el narcotráfico estuviera a cargo (o si por lo menos esto ya fuera oficial). De estos chistes se lanza a hablar de las tías y su capacidad infinita de dar comida, al igual que las mamás de sus amigos.<br />
Funcionan más los segundos <strong>chistes</strong> que los primeros sobre física; es curioso que Ese Wey se enoje un poco por la poca respuesta a esos chistes de “contenido” más “pensante”, y es curioso porque su enojo denota cierto aire de superioridad moral, como si nos viera menos por no responder a los chiste que él considera intelectuales. Debo confesar que ese mismo aire es el que percibo dentro de su trabajo con el equipo de los <strong>Súpercívicos</strong>.<br />
<a class="no-eff img-link lightbox" href="http://nofm-radio.com/wp-content/uploads/2016/07/esewey.jpg"><img loading="lazy" decoding="async" class="alignnone size-full wp-image-19052" src="http://nofm-radio.com/wp-content/uploads/2016/07/esewey.jpg" alt="esewey" width="680" height="794" /></a><br />
Cabe mencionar que a lo largo de todos los actos de la noche se menciona a Televisa en varias ocasiones. Es la primera vez que la televisora tiene un lugar en los distintos discursos. También está presente la mención materna en los tres chicos y en Grecia la mención a su padre.<br />
El termómetro del público subió y bajó a lo largo de la noche. Grecia buena respuesta que pudo ser mucho mejor, pero que seguro con el tiempo la obtendrá. Un cálido recibimiento a Fran Heiva que duró de principio a fin y un ascenso en la transferencia con Manunna, quien dejó a la gente carcajeando tras un inicio algo frío. En cuanto a Ese Wey, tiene grandes momentos en su rutina pero en muchos momentos se aleja demasiado del público, dejando la sensación de un clima templado que no termina de calentarnos ni enfriarnos. Pero estas son sólo mis percepciones desde el calor del humor.<br />
Mañana viernes no se pierdan a Jo Martínez y Nicho<br />
<a class="no-eff img-link lightbox" href="http://nofm-radio.com/wp-content/uploads/2016/07/StandUp2.jpg"><img loading="lazy" decoding="async" class="alignnone size-full wp-image-19069" src="http://nofm-radio.com/wp-content/uploads/2016/07/StandUp2.jpg" alt="StandUp2" width="414" height="640" /></a></p>
