{"id":19491,"date":"2016-08-08T16:28:40","date_gmt":"2016-08-08T21:28:40","guid":{"rendered":"http:\/\/nofm-radio.com\/?p=19491"},"modified":"2016-08-08T16:28:40","modified_gmt":"2016-08-08T21:28:40","slug":"the-guadaloops-en-el-foro-indie-rocks-fotogaleria","status":"publish","type":"archivo","link":"https:\/\/nofm-radio.com\/?archivo=the-guadaloops-en-el-foro-indie-rocks-fotogaleria","title":{"rendered":"The Guadaloops en el Foro Indie Rocks. Fotogaler\u00eda"},"content":{"rendered":"<p>Fotos de <strong>Andrea Gonar<\/strong><br \/>\n<a href=\"https:\/\/twitter.com\/andreagonar\" target=\"_blank\" rel=\"noopener noreferrer\">@andreagonar<\/a><br \/>\nEl pasado viernes <strong>5 de agosto<\/strong>, <strong>The Guadaloops<\/strong> presentaron su <strong>Almanueva<\/strong> en el <strong>Foro Indie Rocks<\/strong>. Fue una velada emocionate, llena de cantos, lluvia y belleza.<br \/>\nEl encargado de iniciar la velada fue un proyecto que de verdad nos prendi\u00f3. Se llama <strong>Marcol<\/strong>, y est\u00e1 para volar y tocar lejanas tierras.<br \/>\n<strong>The Guadaloops<\/strong> salieron a matar. Fue espectacular. De inicio a fin tocaron <strong>Almanueva<\/strong>. Es sorprendente lo r\u00e1pido que este trabajo ha impactado en el p\u00fablico, a unas semanas de haber visto luz, la gente ya lo canta completo. Y tras el estreno, la banda entreg\u00f3 toda la m\u00fasica que los mantiene entre los favoritos de la escena.<br \/>\nImpresionante. Tal vez queda mencionar que nos dejaron la sensaci\u00f3n de que ya son dos bandas, la previa a <strong>Almanueva<\/strong>, y la nueva. Dos sonidos, dos actitudes, dos formas de acercarse. Nosotros nos quedamos con los nuevos. Ya sobra decirlo, vienen los mejores a\u00f1os de <strong>The Guadaloops<\/strong>.<br \/>\n<br \/>\n<br \/>\n<br \/>\n<br \/>\n<\/p>\n","protected":false},"template":"","meta":{"_id_youtube":"","_id_vimeo":"","_podcasts_duration":"","_podcasts_url":"","_podcasts_show":"","_prog_horario_dias":"","_prog_hora":"","_prog_duration":""},"class_list":["post-19491","archivo","type-archivo","status-publish","hentry"],"_links":{"self":[{"href":"https:\/\/nofm-radio.com\/index.php?rest_route=\/wp\/v2\/archivo\/19491","targetHints":{"allow":["GET"]}}],"collection":[{"href":"https:\/\/nofm-radio.com\/index.php?rest_route=\/wp\/v2\/archivo"}],"about":[{"href":"https:\/\/nofm-radio.com\/index.php?rest_route=\/wp\/v2\/types\/archivo"}],"wp:attachment":[{"href":"https:\/\/nofm-radio.com\/index.php?rest_route=%2Fwp%2Fv2%2Fmedia&parent=19491"}],"curies":[{"name":"wp","href":"https:\/\/api.w.org\/{rel}","templated":true}]}}

The Guadaloops en el Foro Indie Rocks. Fotogalería

<p>Fotos de <strong>Andrea Gonar</strong><br />
<a href="https://twitter.com/andreagonar" target="_blank" rel="noopener noreferrer">@andreagonar</a><br />
El pasado viernes <strong>5 de agosto</strong>, <strong>The Guadaloops</strong> presentaron su <strong>Almanueva</strong> en el <strong>Foro Indie Rocks</strong>. Fue una velada emocionate, llena de cantos, lluvia y belleza.<br />
El encargado de iniciar la velada fue un proyecto que de verdad nos prendió. Se llama <strong>Marcol</strong>, y está para volar y tocar lejanas tierras.<br />
<strong>The Guadaloops</strong> salieron a matar. Fue espectacular. De inicio a fin tocaron <strong>Almanueva</strong>. Es sorprendente lo rápido que este trabajo ha impactado en el público, a unas semanas de haber visto luz, la gente ya lo canta completo. Y tras el estreno, la banda entregó toda la música que los mantiene entre los favoritos de la escena.<br />
Impresionante. Tal vez queda mencionar que nos dejaron la sensación de que ya son dos bandas, la previa a <strong>Almanueva</strong>, y la nueva. Dos sonidos, dos actitudes, dos formas de acercarse. Nosotros nos quedamos con los nuevos. Ya sobra decirlo, vienen los mejores años de <strong>The Guadaloops</strong>.<br />
<br />
<br />
<br />
<br />
</p>
