{"id":19687,"date":"2016-08-18T10:30:46","date_gmt":"2016-08-18T15:30:46","guid":{"rendered":"http:\/\/nofm-radio.com\/?p=19687"},"modified":"2016-08-18T10:30:46","modified_gmt":"2016-08-18T15:30:46","slug":"bitacora-del-viaje-jazzamoart-en-el-jalisco-jazz-festival","status":"publish","type":"archivo","link":"https:\/\/nofm-radio.com\/?archivo=bitacora-del-viaje-jazzamoart-en-el-jalisco-jazz-festival","title":{"rendered":"Bit\u00e1cora del viaje. Jazzamoart en el Jalisco Jazz Festival"},"content":{"rendered":"<p>por <strong>Alain Derbez<\/strong><br \/>\n<a href=\"https:\/\/twitter.com\/Alain_Derbez\" target=\"_blank\" rel=\"noopener noreferrer\">@Alain_Derbez<\/a><br \/>\nComenz\u00f3 la velada el 29 de julio del 2016 con la lectura de un texto m\u00edo publicado en un hermoso libro- cat\u00e1logo: <em><strong>S\u00f3lo a fuerza de pintar\u201d<\/strong><\/em><br \/>\nDe esa manera, en el<strong> Teatro Palco<\/strong>, prosigui\u00f3 el homenaje que a <strong>Jazzamoart<\/strong> (<strong>Javier V\u00e1zquez Estupi\u00f1\u00e1n<\/strong>), la noche anterior, se le hab\u00eda empezado a a hacer en su querida Guadalajara con una estupenda exposici\u00f3n-concierto subterr\u00e1neo en la estaci\u00f3n Ju\u00e1rez del Metro tapat\u00edo. S\u00f3lo falt\u00f3 el \u201cTren A\u201d al muy buen tr\u00edo local, puntual enriquecedor del <strong>Libro Real del Jazz<\/strong>, presente ah\u00ed con guitarra, contrabajo y bater\u00eda.<br \/>\n&#8211;\u00bfY por qu\u00e9 un homenaje a <strong>Jazzamoart<\/strong>?, me preguntaron hace un a\u00f1o para hallar razones desde mi sugerencia:<br \/>\n\u201c-Porque si hay alguien que haya llevado al jazz de M\u00e9xico a una gran expresi\u00f3n y exposici\u00f3n por todo el mundo, \u00e9se es este artista nacido en <strong>Irapuato<\/strong> y radicado por un lapso en la capital jalisciense, s\u00f3lo que en su dotaci\u00f3n multi-instrumental hay que a\u00f1adir brocha, cutter y pincel y el magisterio para manejarlos y as\u00ed sacarle la s\u00edncopa a la luz, los colores al sonido y los ritmos al papel- respond\u00ed.<br \/>\nY as\u00ed, casi 365 d\u00edas luego, ah\u00ed estaba, vestido para la ocasi\u00f3n, leyendo en voz alta lo una vez escrito: \u201cEl creador tiene un plan maestro\u201d.<br \/>\nLo que sigui\u00f3 entonces musical y pl\u00e1sticamente me convenci\u00f3 de lo justo de ese t\u00edtulo: Jazzamoart ten\u00eda para la ocasi\u00f3n un plan maestro y para plasmarlo en la realidad visual-sonora se hizo de los mejores aliados posibles armados con guitarra (<strong>Federico S\u00e1nchez y Aar\u00f3n Flores<\/strong>), teclados (<strong>Agust\u00edn Ayala<\/strong>) y bater\u00eda (<strong>Pablo Aguirre<\/strong>).<br \/>\n\u00bfPor qu\u00e9 asevero esto con tanta contundencia? Porque en verdad hubo, en el largo instante que dur\u00f3 el <strong>concierto<\/strong> (la hora intercambi\u00f3 su duraci\u00f3n con el segundo), un entreveramiento de complicidades donde escucharse y mirar era el \u00fanico acuerdo previo. Lo dem\u00e1s fue r\u00edo para un mar final: navegaci\u00f3n de elementos en un flujo constante donde el silencio a fuerza de matices, de cimas y de simas, no hizo falta ni lleg\u00f3 sino hasta el \u00faltimo de los aplausos entusiastas e incr\u00e9dulos de quien despierta del viaje y el ensimismamiento colectivo.<br \/>\nSi pilotear es ser en apariencia el \u00fanico consciente de una de las formas del tiempo seg\u00fan el dictado de las manecillas sobre el escenario, concedamos que al tim\u00f3n estuvo Federico si bien con la edad que permitir\u00eda pensar en un grumete con la sabidur\u00eda a una de las guitarras y sus composiciones de un marino conocedor y sobreviviente de anticiclones como de tempestades. S\u00e1nchez miraba a Jazzamoart y o\u00eda con delectaci\u00f3n lo que, m\u00e1s impetuoso, en la otra lira bordaba Flores. Era como una pausa para el abordaje en las cuerdas mientras el pintor arrancaba de los cartones m\u00e1scaras y cuerpos tallados de una aparente nada.<br \/>\nSi la quilla y su menear era de Federico, los continuos, los planos sobre el que poner pie firme en la cubierta lo daba en esa dotaci\u00f3n sin bajo el\u00e9ctrico, la seguridad de Ayala en unos teclados que abrevaron en la crudeza del rock, la filigrana del <strong>progresivo<\/strong> y las mejores ense\u00f1anzas del <strong>jazz contempor\u00e1neo<\/strong>. La atenci\u00f3n de quien casi f\u00edsicamente llen\u00f3 la sala en las butacas era la tensi\u00f3n de quien llen\u00f3 la sala con sonido. Soltar, tensar, liberar la libertad. Y para esto ultimo qui\u00e9n mejor que quien pareciera haber aprendido a surcar las aguas con el an\u00e1rquico y ordenado v\u00e9rtigo de un filibustero desde la percusi\u00f3n: <strong>Pablo Aguirre<\/strong>.<br \/>\nEn ese primer concierto del<strong> Jalisco Jazz Festival<\/strong> gracias a Jazzamoart, a S\u00e1nchez, Flores, Ayala y Aguirre, los presentes o\u00edmos lo pintado y miramos lo sonado: lo crudo y lo cocido. As\u00ed de simple, as\u00ed de complicado.<br \/>\nEmpapados entonces, enriquecidos, pudimos retirarnos en paz jazz mediante: la navegaci\u00f3n viento en popa con artistas as\u00ed, es un hecho.<\/p>\n","protected":false},"template":"","meta":{"_id_youtube":"","_id_vimeo":"","_podcasts_duration":"","_podcasts_url":"","_podcasts_show":"","_prog_horario_dias":"","_prog_hora":"","_prog_duration":""},"class_list":["post-19687","archivo","type-archivo","status-publish","hentry"],"_links":{"self":[{"href":"https:\/\/nofm-radio.com\/index.php?rest_route=\/wp\/v2\/archivo\/19687","targetHints":{"allow":["GET"]}}],"collection":[{"href":"https:\/\/nofm-radio.com\/index.php?rest_route=\/wp\/v2\/archivo"}],"about":[{"href":"https:\/\/nofm-radio.com\/index.php?rest_route=\/wp\/v2\/types\/archivo"}],"wp:attachment":[{"href":"https:\/\/nofm-radio.com\/index.php?rest_route=%2Fwp%2Fv2%2Fmedia&parent=19687"}],"curies":[{"name":"wp","href":"https:\/\/api.w.org\/{rel}","templated":true}]}}

Bitácora del viaje. Jazzamoart en el Jalisco Jazz Festival

<p>por <strong>Alain Derbez</strong><br />
<a href="https://twitter.com/Alain_Derbez" target="_blank" rel="noopener noreferrer">@Alain_Derbez</a><br />
Comenzó la velada el 29 de julio del 2016 con la lectura de un texto mío publicado en un hermoso libro- catálogo: <em><strong>Sólo a fuerza de pintar”</strong></em><br />
De esa manera, en el<strong> Teatro Palco</strong>, prosiguió el homenaje que a <strong>Jazzamoart</strong> (<strong>Javier Vázquez Estupiñán</strong>), la noche anterior, se le había empezado a a hacer en su querida Guadalajara con una estupenda exposición-concierto subterráneo en la estación Juárez del Metro tapatío. Sólo faltó el “Tren A” al muy buen trío local, puntual enriquecedor del <strong>Libro Real del Jazz</strong>, presente ahí con guitarra, contrabajo y batería.<br />
&#8211;¿Y por qué un homenaje a <strong>Jazzamoart</strong>?, me preguntaron hace un año para hallar razones desde mi sugerencia:<br />
“-Porque si hay alguien que haya llevado al jazz de México a una gran expresión y exposición por todo el mundo, ése es este artista nacido en <strong>Irapuato</strong> y radicado por un lapso en la capital jalisciense, sólo que en su dotación multi-instrumental hay que añadir brocha, cutter y pincel y el magisterio para manejarlos y así sacarle la síncopa a la luz, los colores al sonido y los ritmos al papel- respondí.<br />
Y así, casi 365 días luego, ahí estaba, vestido para la ocasión, leyendo en voz alta lo una vez escrito: “El creador tiene un plan maestro”.<br />
Lo que siguió entonces musical y plásticamente me convenció de lo justo de ese título: Jazzamoart tenía para la ocasión un plan maestro y para plasmarlo en la realidad visual-sonora se hizo de los mejores aliados posibles armados con guitarra (<strong>Federico Sánchez y Aarón Flores</strong>), teclados (<strong>Agustín Ayala</strong>) y batería (<strong>Pablo Aguirre</strong>).<br />
¿Por qué asevero esto con tanta contundencia? Porque en verdad hubo, en el largo instante que duró el <strong>concierto</strong> (la hora intercambió su duración con el segundo), un entreveramiento de complicidades donde escucharse y mirar era el único acuerdo previo. Lo demás fue río para un mar final: navegación de elementos en un flujo constante donde el silencio a fuerza de matices, de cimas y de simas, no hizo falta ni llegó sino hasta el último de los aplausos entusiastas e incrédulos de quien despierta del viaje y el ensimismamiento colectivo.<br />
Si pilotear es ser en apariencia el único consciente de una de las formas del tiempo según el dictado de las manecillas sobre el escenario, concedamos que al timón estuvo Federico si bien con la edad que permitiría pensar en un grumete con la sabiduría a una de las guitarras y sus composiciones de un marino conocedor y sobreviviente de anticiclones como de tempestades. Sánchez miraba a Jazzamoart y oía con delectación lo que, más impetuoso, en la otra lira bordaba Flores. Era como una pausa para el abordaje en las cuerdas mientras el pintor arrancaba de los cartones máscaras y cuerpos tallados de una aparente nada.<br />
Si la quilla y su menear era de Federico, los continuos, los planos sobre el que poner pie firme en la cubierta lo daba en esa dotación sin bajo eléctrico, la seguridad de Ayala en unos teclados que abrevaron en la crudeza del rock, la filigrana del <strong>progresivo</strong> y las mejores enseñanzas del <strong>jazz contemporáneo</strong>. La atención de quien casi físicamente llenó la sala en las butacas era la tensión de quien llenó la sala con sonido. Soltar, tensar, liberar la libertad. Y para esto ultimo quién mejor que quien pareciera haber aprendido a surcar las aguas con el anárquico y ordenado vértigo de un filibustero desde la percusión: <strong>Pablo Aguirre</strong>.<br />
En ese primer concierto del<strong> Jalisco Jazz Festival</strong> gracias a Jazzamoart, a Sánchez, Flores, Ayala y Aguirre, los presentes oímos lo pintado y miramos lo sonado: lo crudo y lo cocido. Así de simple, así de complicado.<br />
Empapados entonces, enriquecidos, pudimos retirarnos en paz jazz mediante: la navegación viento en popa con artistas así, es un hecho.</p>
