{"id":19727,"date":"2016-08-22T10:00:31","date_gmt":"2016-08-22T15:00:31","guid":{"rendered":"http:\/\/nofm-radio.com\/?p=19727"},"modified":"2016-08-22T10:00:31","modified_gmt":"2016-08-22T15:00:31","slug":"8-politicos-que-tambien-se-fusilaron-sus-tesis-como-epnplagiador","status":"publish","type":"archivo","link":"https:\/\/nofm-radio.com\/?archivo=8-politicos-que-tambien-se-fusilaron-sus-tesis-como-epnplagiador","title":{"rendered":"8 pol\u00edticos que tambi\u00e9n se fusilaron sus tesis como #EPNplagiador"},"content":{"rendered":"<p>Desde el mediod\u00eda lo anunci\u00f3 <strong>Carmen Aristegui<\/strong>, la <strong>Unidad de investigaciones especiales<\/strong> volver\u00eda al ataque con un reportaje sobre la &#8220;estatura \u00e9tica&#8221; de <strong>Enrique Pe\u00f1a Nieto<\/strong>. La verdad la cosa se escuchaba muy general y hab\u00eda mucho panorama para extender la imaginaci\u00f3n. Finalmente el t\u00edtulo del reportaje fue demoledor: <strong>&#8220;<a href=\"http:\/\/aristeguinoticias.com\/2108\/mexico\/pena-nieto-de-plagiador-a-presidente\/\" target=\"_blank\" rel=\"noopener noreferrer\">Pe\u00f1a Nieto, de plagiador a presidente<\/a>&#8220;<\/strong>. Y es que resulta que el equipo de Aristegui encontr\u00f3 que m\u00e1s o menos el 29% de la <strong>tesis<\/strong> con que el ahora preciso se hizo licenciado fue plagiada. Diez autores m\u00e1s o menos le &#8220;cedieron&#8221; sus ideas y palabras a EPN para titularse como pueden ver:<br \/>\n<iframe loading=\"lazy\" src=\"https:\/\/www.youtube.com\/embed\/SuMirsvkTCg\" width=\"560\" height=\"315\" frameborder=\"0\" allowfullscreen=\"allowfullscreen\"><\/iframe><br \/>\nLas reacciones no se hicieron esperar, empezando por el <strong>vocero de la presidencia<\/strong> que se ech\u00f3 esta joya:<br \/>\n<a class=\"no-eff img-link lightbox\" href=\"http:\/\/nofm-radio.com\/wp-content\/uploads\/2016\/08\/EPN1.jpg\"><img loading=\"lazy\" decoding=\"async\" class=\"alignnone size-full wp-image-19728\" src=\"http:\/\/nofm-radio.com\/wp-content\/uploads\/2016\/08\/EPN1.jpg\" alt=\"EPN1\" width=\"750\" height=\"588\" \/><\/a><br \/>\nAnte esta gran respuesta, a la que s\u00f3lo le falt\u00f3 &#8220;<strong>Esto es M\u00e9xico, wey \u00bfcaptas?<\/strong>&#8220;, nos entr\u00f3 la curiosidad por saber qu\u00e9 ha pasado en otros pa\u00edses en casos similares. Y es que hay muchos, parece ser que tanto pol\u00edticos de medio pelo hasta de \u00e9lite y presidentes les ha dado por ahorrarse esas penurias que hacen sufrir a tantos tesistas alrededor del mundo. Ac\u00e1 les dejamos los casos de ocho pol\u00edticos que plagiaron sus tesis.<br \/>\n* <strong>Un descuido por all\u00ed, otro por all\u00e1<\/strong><br \/>\n<strong>Annette Schavan<\/strong> era la <strong>Ministra de Educaci\u00f3n de Alemania<\/strong> cuando, en 2013, la <strong>Universidad de Dusseldorf<\/strong> decidi\u00f3 retirarle el grado de doctora tras haber comprobado un plagio en su tesis. Seg\u00fan el fallo de la universidad, la entonces ministra hab\u00eda simulado un rendimiento intelectual que ella no produjo, por lo que con 12 votos a favor y 2 en contra le fue retirado el cargo. Despu\u00e9s de conocer la decisi\u00f3n de su alma mater, Schavan acept\u00f3 que \u201cpudo haber sido descuidada en el tratamiento de sus fuentes\u201d, y en una conferencia conjunta con <strong>Angela Merkel<\/strong>, renunci\u00f3 a su cargo.<br \/>\n<a class=\"no-eff img-link lightbox\" href=\"http:\/\/nofm-radio.com\/wp-content\/uploads\/2016\/08\/EPN5.jpeg\"><img loading=\"lazy\" decoding=\"async\" class=\"size-full wp-image-19732 aligncenter\" src=\"http:\/\/nofm-radio.com\/wp-content\/uploads\/2016\/08\/EPN5.jpeg\" alt=\"EPN5\" width=\"510\" height=\"335\" \/><\/a><br \/>\n*<strong> Poca mala fe, mucho trabajo<\/strong><br \/>\nSchavan no fue la primera del gobierno de Angela Merkel en caer por cargos de plagio. El esc\u00e1ndalo inici\u00f3 desde 2011 cuando el entonces <strong>Ministro de Defensa<\/strong>, <strong>Karl Theodor zu Guttenberg<\/strong>, fue acusado de haber plagiado 270 p\u00e1ginas de su tesis doctoral, lo que termin\u00f3 con la carrera del que era el ministro con mayor aceptaci\u00f3n entre la poblaci\u00f3n. Guttenberg afirm\u00f3 que no act\u00fao de mala fe, sino por exceso de trabajo, por lo que no pod\u00eda ser acusado de <strong>plagio<\/strong>. Merkel quiso sostenerlo en el puesto argumentando que no lo hab\u00eda contratado por sus t\u00edtulos, pero la presi\u00f3n fue demasiada. El joven misnistro renunci\u00f3 a su cargo poco tiempo despu\u00e9s, y desat\u00f3 una exahustiva revisi\u00f3n de las tesis de todo el equipo de Merkel, y todo gracias a un software de reconocimiento dise\u00f1ado por un ciudadano en busca de un poco de honestidad.<br \/>\n<a class=\"no-eff img-link lightbox\" href=\"http:\/\/nofm-radio.com\/wp-content\/uploads\/2016\/08\/EPN3.jpg\"><img loading=\"lazy\" decoding=\"async\" class=\"size-full wp-image-19730 aligncenter\" src=\"http:\/\/nofm-radio.com\/wp-content\/uploads\/2016\/08\/EPN3.jpg\" alt=\"EPN3\" width=\"425\" height=\"215\" \/><\/a><br \/>\n* <strong>&#8220;Hice lo mejor que pude con lo que sab\u00eda&#8221;<\/strong><br \/>\nSi con alguien est\u00e1 siendo comparado Pe\u00f1a Nieto ahora es con el ex presidente de <strong>Hungr\u00eda<\/strong>, <strong>Pal Schmitt<\/strong>. En 2012, el entonces mandatario fue obligado a dimitir tras comprobarse el <strong>plagio<\/strong> de su <strong>tesis de doctorado<\/strong>. Y es que su tesis titulada <em>An\u00e1lisis del programa de los Juegos Ol\u00edmpicos modernos<\/em> era m\u00e1s bien una traducci\u00f3n de un trabajo en franc\u00e9s al que le copi\u00f3 hasta los errores. Schmitt resisti\u00f3 casi un mes antes de presentar su renuncia ante el primer ministro, al hacerlo, al igual que en los casos anteriores, dijo que su tesis era honesta y que hab\u00eda hecho lo mejor que pudo con lo que sab\u00eda. No sabemos si se refer\u00eda a las buenas habilidades de traducci\u00f3n, a su maestr\u00eda en el esgrima o a qu\u00e9 exactamente.<br \/>\n<a class=\"no-eff img-link lightbox\" href=\"http:\/\/nofm-radio.com\/wp-content\/uploads\/2016\/08\/EPN2.jpg\"><img loading=\"lazy\" decoding=\"async\" class=\"size-full wp-image-19729 aligncenter\" src=\"http:\/\/nofm-radio.com\/wp-content\/uploads\/2016\/08\/EPN2.jpg\" alt=\"EPN2\" width=\"563\" height=\"344\" \/><\/a><br \/>\n* <strong>Lo mismo, pero con distinta letra<\/strong><br \/>\nOtro doctor patito, esta vez de <strong>Rumania<\/strong>. El ex <strong>Primer Ministro Victor Ponta<\/strong> fue acusado de plagiar 80 p\u00e1ginas de su tesis de doctorado en derecho, al no haber indicado las <strong>citas textuales<\/strong>. Ponta neg\u00f3 los cargos, aunque, en un entrevista, se dijo dispuesto a renunciar si se comprobaba el plagio. A la tensi\u00f3n pol\u00edtica se sum\u00f3 una <strong>denuncia penal<\/strong> que entablaron dos fil\u00f3logos y dos pol\u00edticos en contra del premier. Dos a\u00f1os despu\u00e9s el <strong>Alto Tribunal de Justicia Rumano<\/strong> determin\u00f3 que Ponta, ya fuera del cargo, no hab\u00eda cometido plagio y que no proced\u00edan las denuncias en su contra, pues\u00a0 \u201cno se puede calcular el porcentaje del texto id\u00e9ntico copiado puesto que los formatos de los trabajos, el tipo de los caracteres utilizados y las p\u00e1ginas son diferentes\u201d. El <strong>Ministerio de Educaci\u00f3n<\/strong> le ratific\u00f3 el grado de doctor, aunque ante el esc\u00e1ndalo Ponta lo retir\u00f3 de su curr\u00edculum.<br \/>\n<a class=\"no-eff img-link lightbox\" href=\"http:\/\/nofm-radio.com\/wp-content\/uploads\/2016\/08\/Ponta.jpg\"><img loading=\"lazy\" decoding=\"async\" class=\"alignnone size-full wp-image-19736\" src=\"http:\/\/nofm-radio.com\/wp-content\/uploads\/2016\/08\/Ponta.jpg\" alt=\"Ponta\" width=\"802\" height=\"550\" \/><\/a><br \/>\n* <strong>No oigo no oigo soy de palo<\/strong><br \/>\nTambi\u00e9n en <strong>Rusia<\/strong>, <em>mon amour<\/em>. En 2006, el <em><strong>Washington Post<\/strong><\/em> denunci\u00f3 el plagio que el mandatario ruso cometi\u00f3 en su tesis doctoral. Seg\u00fan el diario, que se bas\u00f3 en an\u00e1lisis de la <strong>Brooking Institution<\/strong>, <strong>Putin<\/strong> se fusil\u00f3 16 p\u00e1ginas, cuadros y gr\u00e1ficas del trabajo de dos estudiantes de la <strong>Universidad de Pittsburg<\/strong>. Los argumentos sobre planeaci\u00f3n y estrat\u00e9gica pol\u00edtica que los gringos publicaron en 1978, le dieron a Putin el t\u00edtulo de doctor en Econom\u00eda en 1997, y a la fecha lo sigue conservando. Aunque hay que decir que la verdadera prueba de poder de Putin es haber podido pasar como inovadores argumentos producidos casi veinte a\u00f1os antes.<br \/>\n<a class=\"no-eff img-link lightbox\" href=\"http:\/\/nofm-radio.com\/wp-content\/uploads\/2016\/08\/Putin.jpg\"><img loading=\"lazy\" decoding=\"async\" class=\"aligncenter wp-image-19737\" src=\"http:\/\/nofm-radio.com\/wp-content\/uploads\/2016\/08\/Putin.jpg\" alt=\"Putin\" width=\"640\" height=\"320\" \/><\/a><br \/>\n* <strong>La culpa la tuvo el Papa<\/strong><br \/>\nY como en esto de las tesis no hay temor de dios, hasta el <strong>Gran Rabino de Francia<\/strong> estuvo metido en estos l\u00edos por ah\u00ed del 2013. <strong>Gilles Bernheim<\/strong> se sirvi\u00f3 con la cuchara grande, pues no s\u00f3lo se fusil\u00f3 fragmentos e ideas de otros autores para publicarlos en sus libros, sino que acept\u00f3 p\u00fablicamente que uno de sus t\u00edtulos m\u00e1s reconocidos hab\u00eda sido escrito por un &#8220;<strong>negro literario<\/strong>&#8221; (o &#8220;escritor fantasma&#8221;, para evitar las resonancias esclavistas) que estaba convenientemente muerto. Por si eso fuera poco tambi\u00e9n cacharon que su t\u00edtulo en <strong>Filosof\u00eda<\/strong> era tambi\u00e9n de a mentis. Lo mejor de esta historia es que nadie hubiera cachado a Bernheim si su cuate <strong>Benedicto XVI<\/strong> no hubiera citado p\u00fablicamente uno de sus\u00a0 textos contra el matrimonio homosexual; la menci\u00f3n del entonces Papa hizo lo suficientemente famoso el texto para que alguien lo reconociera. De ah\u00ed todo fue jalar un hilo de media hasta que el Gran Rabino tuvo que renunciar a su cargo.<br \/>\n<a class=\"no-eff img-link lightbox\" href=\"http:\/\/nofm-radio.com\/wp-content\/uploads\/2016\/08\/EPN6.jpg\"><img loading=\"lazy\" decoding=\"async\" class=\"size-full wp-image-19733 aligncenter\" src=\"http:\/\/nofm-radio.com\/wp-content\/uploads\/2016\/08\/EPN6.jpg\" alt=\"EPN6\" width=\"650\" height=\"380\" \/><\/a><br \/>\n*<strong> Blanco de los hackers<\/strong><br \/>\nEl <strong>senador estadounidense Rand Paul<\/strong> parece harina de otro costal. Y es que no fue su <strong>tesis<\/strong> la que plagi\u00f3, s\u00f3lo un par de discursos y libros. Adem\u00e1s, mientras otros pol\u00edticos recurren a autores consagrados, textos perdidos o en otros idiomas, Paul recurri\u00f3 a la \u00faltima gran obra de la humanidad: <em><strong>Wikipedia<\/strong><\/em>. En un discurso pronunciado en 2013 se plagi\u00f3 la p\u00e1gina de la pel\u00edcula <em><strong>Gattaca<\/strong><\/em> publicada por la enciclopedia. Poco tiempo bast\u00f3 para que periodistas y bloggeros localizaran m\u00e1s plagios en sus libros que inclu\u00edan robos a revistas como <em><strong>Forbes<\/strong><\/em>. La defensa del senador fue tan d\u00e9bil como su cr\u00edmen: acus\u00f3 ser v\u00edctima de enemigos y de hackers.<br \/>\n<a class=\"no-eff img-link lightbox\" href=\"http:\/\/nofm-radio.com\/wp-content\/uploads\/2016\/08\/EPN4.jpg\"><img loading=\"lazy\" decoding=\"async\" class=\"size-full wp-image-19731 aligncenter\" src=\"http:\/\/nofm-radio.com\/wp-content\/uploads\/2016\/08\/EPN4.jpg\" alt=\"EPN4\" width=\"690\" height=\"388\" \/><\/a><br \/>\n* <strong>No es plagio, es copia<\/strong><br \/>\nEl caso m\u00e1s cercano geogr\u00e1fica y temporalmente es el del <strong>ex candidato a la presidencia de Per\u00fa, C\u00e9sar Acu\u00f1a<\/strong>, quien fue acusado de plagiar su tesis doctoral. En una bizarra defensa, el ex candidato neg\u00f3 las acusaciones no desmintiendo la copia de fragmentos, sino poniendo a debate la exactitud del uso de la palabra <strong>plagio<\/strong>. Ante el <strong>Tribunal de Honor del Pacto \u00c9tico Electoral<\/strong>, Acu\u00f1a defendi\u00f3 su tesis diciendo que las recomendaciones y las conclusiones eran originales, y que el resto de la investigaci\u00f3n hab\u00eda que adjudic\u00e1rsela a la <strong>Universidad Complutense de Madrid<\/strong>. La instituci\u00f3n respondi\u00f3 retir\u00e1ndole el grado, y Acu\u00f1a renunciando a la candidatura.<br \/>\n<a class=\"no-eff img-link lightbox\" href=\"http:\/\/nofm-radio.com\/wp-content\/uploads\/2016\/08\/EPN7.jpg\"><img loading=\"lazy\" decoding=\"async\" class=\"size-full wp-image-19734 aligncenter\" src=\"http:\/\/nofm-radio.com\/wp-content\/uploads\/2016\/08\/EPN7.jpg\" alt=\"EPN7\" width=\"530\" height=\"340\" \/><\/a><br \/>\nAs\u00ed es, muchachos y muchachas, en todos lados se cuecen habas. Lo que no debiera hacernos creer que es algo normal o aceptable. Lo presentado por el equipo de <strong>Aristegui Noticias<\/strong> es la disminuida \u00e9tica del presidente. Y ante la respuesta de su vocero, queda claro que para este gobierno cualquier <strong>delito<\/strong> o conflicto quire ser reducido a la percepci\u00f3n; en esta ocasi\u00f3n, tal vez a todos nos fall\u00f3 la vista y no vimos las comillas ni las intenciones de Pe\u00f1a Nieto. Qu\u00e9 bueno que la presidencia se abra al debate, sin embargo, lo que no puede entrar a discusi\u00f3n es qu\u00e9 tan dentro de la ley est\u00e1 el presidente.<\/p>\n","protected":false},"template":"","meta":{"_id_youtube":"","_id_vimeo":"","_podcasts_duration":"","_podcasts_url":"","_podcasts_show":"","_prog_horario_dias":"","_prog_hora":"","_prog_duration":""},"class_list":["post-19727","archivo","type-archivo","status-publish","hentry"],"_links":{"self":[{"href":"https:\/\/nofm-radio.com\/index.php?rest_route=\/wp\/v2\/archivo\/19727","targetHints":{"allow":["GET"]}}],"collection":[{"href":"https:\/\/nofm-radio.com\/index.php?rest_route=\/wp\/v2\/archivo"}],"about":[{"href":"https:\/\/nofm-radio.com\/index.php?rest_route=\/wp\/v2\/types\/archivo"}],"wp:attachment":[{"href":"https:\/\/nofm-radio.com\/index.php?rest_route=%2Fwp%2Fv2%2Fmedia&parent=19727"}],"curies":[{"name":"wp","href":"https:\/\/api.w.org\/{rel}","templated":true}]}}

8 políticos que también se fusilaron sus tesis como #EPNplagiador

<p>Desde el mediodía lo anunció <strong>Carmen Aristegui</strong>, la <strong>Unidad de investigaciones especiales</strong> volvería al ataque con un reportaje sobre la &#8220;estatura ética&#8221; de <strong>Enrique Peña Nieto</strong>. La verdad la cosa se escuchaba muy general y había mucho panorama para extender la imaginación. Finalmente el título del reportaje fue demoledor: <strong>&#8220;<a href="http://aristeguinoticias.com/2108/mexico/pena-nieto-de-plagiador-a-presidente/" target="_blank" rel="noopener noreferrer">Peña Nieto, de plagiador a presidente</a>&#8220;</strong>. Y es que resulta que el equipo de Aristegui encontró que más o menos el 29% de la <strong>tesis</strong> con que el ahora preciso se hizo licenciado fue plagiada. Diez autores más o menos le &#8220;cedieron&#8221; sus ideas y palabras a EPN para titularse como pueden ver:<br />
<iframe loading="lazy" src="https://www.youtube.com/embed/SuMirsvkTCg" width="560" height="315" frameborder="0" allowfullscreen="allowfullscreen"></iframe><br />
Las reacciones no se hicieron esperar, empezando por el <strong>vocero de la presidencia</strong> que se echó esta joya:<br />
<a class="no-eff img-link lightbox" href="http://nofm-radio.com/wp-content/uploads/2016/08/EPN1.jpg"><img loading="lazy" decoding="async" class="alignnone size-full wp-image-19728" src="http://nofm-radio.com/wp-content/uploads/2016/08/EPN1.jpg" alt="EPN1" width="750" height="588" /></a><br />
Ante esta gran respuesta, a la que sólo le faltó &#8220;<strong>Esto es México, wey ¿captas?</strong>&#8220;, nos entró la curiosidad por saber qué ha pasado en otros países en casos similares. Y es que hay muchos, parece ser que tanto políticos de medio pelo hasta de élite y presidentes les ha dado por ahorrarse esas penurias que hacen sufrir a tantos tesistas alrededor del mundo. Acá les dejamos los casos de ocho políticos que plagiaron sus tesis.<br />
* <strong>Un descuido por allí, otro por allá</strong><br />
<strong>Annette Schavan</strong> era la <strong>Ministra de Educación de Alemania</strong> cuando, en 2013, la <strong>Universidad de Dusseldorf</strong> decidió retirarle el grado de doctora tras haber comprobado un plagio en su tesis. Según el fallo de la universidad, la entonces ministra había simulado un rendimiento intelectual que ella no produjo, por lo que con 12 votos a favor y 2 en contra le fue retirado el cargo. Después de conocer la decisión de su alma mater, Schavan aceptó que “pudo haber sido descuidada en el tratamiento de sus fuentes”, y en una conferencia conjunta con <strong>Angela Merkel</strong>, renunció a su cargo.<br />
<a class="no-eff img-link lightbox" href="http://nofm-radio.com/wp-content/uploads/2016/08/EPN5.jpeg"><img loading="lazy" decoding="async" class="size-full wp-image-19732 aligncenter" src="http://nofm-radio.com/wp-content/uploads/2016/08/EPN5.jpeg" alt="EPN5" width="510" height="335" /></a><br />
*<strong> Poca mala fe, mucho trabajo</strong><br />
Schavan no fue la primera del gobierno de Angela Merkel en caer por cargos de plagio. El escándalo inició desde 2011 cuando el entonces <strong>Ministro de Defensa</strong>, <strong>Karl Theodor zu Guttenberg</strong>, fue acusado de haber plagiado 270 páginas de su tesis doctoral, lo que terminó con la carrera del que era el ministro con mayor aceptación entre la población. Guttenberg afirmó que no actúo de mala fe, sino por exceso de trabajo, por lo que no podía ser acusado de <strong>plagio</strong>. Merkel quiso sostenerlo en el puesto argumentando que no lo había contratado por sus títulos, pero la presión fue demasiada. El joven misnistro renunció a su cargo poco tiempo después, y desató una exahustiva revisión de las tesis de todo el equipo de Merkel, y todo gracias a un software de reconocimiento diseñado por un ciudadano en busca de un poco de honestidad.<br />
<a class="no-eff img-link lightbox" href="http://nofm-radio.com/wp-content/uploads/2016/08/EPN3.jpg"><img loading="lazy" decoding="async" class="size-full wp-image-19730 aligncenter" src="http://nofm-radio.com/wp-content/uploads/2016/08/EPN3.jpg" alt="EPN3" width="425" height="215" /></a><br />
* <strong>&#8220;Hice lo mejor que pude con lo que sabía&#8221;</strong><br />
Si con alguien está siendo comparado Peña Nieto ahora es con el ex presidente de <strong>Hungría</strong>, <strong>Pal Schmitt</strong>. En 2012, el entonces mandatario fue obligado a dimitir tras comprobarse el <strong>plagio</strong> de su <strong>tesis de doctorado</strong>. Y es que su tesis titulada <em>Análisis del programa de los Juegos Olímpicos modernos</em> era más bien una traducción de un trabajo en francés al que le copió hasta los errores. Schmitt resistió casi un mes antes de presentar su renuncia ante el primer ministro, al hacerlo, al igual que en los casos anteriores, dijo que su tesis era honesta y que había hecho lo mejor que pudo con lo que sabía. No sabemos si se refería a las buenas habilidades de traducción, a su maestría en el esgrima o a qué exactamente.<br />
<a class="no-eff img-link lightbox" href="http://nofm-radio.com/wp-content/uploads/2016/08/EPN2.jpg"><img loading="lazy" decoding="async" class="size-full wp-image-19729 aligncenter" src="http://nofm-radio.com/wp-content/uploads/2016/08/EPN2.jpg" alt="EPN2" width="563" height="344" /></a><br />
* <strong>Lo mismo, pero con distinta letra</strong><br />
Otro doctor patito, esta vez de <strong>Rumania</strong>. El ex <strong>Primer Ministro Victor Ponta</strong> fue acusado de plagiar 80 páginas de su tesis de doctorado en derecho, al no haber indicado las <strong>citas textuales</strong>. Ponta negó los cargos, aunque, en un entrevista, se dijo dispuesto a renunciar si se comprobaba el plagio. A la tensión política se sumó una <strong>denuncia penal</strong> que entablaron dos filólogos y dos políticos en contra del premier. Dos años después el <strong>Alto Tribunal de Justicia Rumano</strong> determinó que Ponta, ya fuera del cargo, no había cometido plagio y que no procedían las denuncias en su contra, pues  “no se puede calcular el porcentaje del texto idéntico copiado puesto que los formatos de los trabajos, el tipo de los caracteres utilizados y las páginas son diferentes”. El <strong>Ministerio de Educación</strong> le ratificó el grado de doctor, aunque ante el escándalo Ponta lo retiró de su currículum.<br />
<a class="no-eff img-link lightbox" href="http://nofm-radio.com/wp-content/uploads/2016/08/Ponta.jpg"><img loading="lazy" decoding="async" class="alignnone size-full wp-image-19736" src="http://nofm-radio.com/wp-content/uploads/2016/08/Ponta.jpg" alt="Ponta" width="802" height="550" /></a><br />
* <strong>No oigo no oigo soy de palo</strong><br />
También en <strong>Rusia</strong>, <em>mon amour</em>. En 2006, el <em><strong>Washington Post</strong></em> denunció el plagio que el mandatario ruso cometió en su tesis doctoral. Según el diario, que se basó en análisis de la <strong>Brooking Institution</strong>, <strong>Putin</strong> se fusiló 16 páginas, cuadros y gráficas del trabajo de dos estudiantes de la <strong>Universidad de Pittsburg</strong>. Los argumentos sobre planeación y estratégica política que los gringos publicaron en 1978, le dieron a Putin el título de doctor en Economía en 1997, y a la fecha lo sigue conservando. Aunque hay que decir que la verdadera prueba de poder de Putin es haber podido pasar como inovadores argumentos producidos casi veinte años antes.<br />
<a class="no-eff img-link lightbox" href="http://nofm-radio.com/wp-content/uploads/2016/08/Putin.jpg"><img loading="lazy" decoding="async" class="aligncenter wp-image-19737" src="http://nofm-radio.com/wp-content/uploads/2016/08/Putin.jpg" alt="Putin" width="640" height="320" /></a><br />
* <strong>La culpa la tuvo el Papa</strong><br />
Y como en esto de las tesis no hay temor de dios, hasta el <strong>Gran Rabino de Francia</strong> estuvo metido en estos líos por ahí del 2013. <strong>Gilles Bernheim</strong> se sirvió con la cuchara grande, pues no sólo se fusiló fragmentos e ideas de otros autores para publicarlos en sus libros, sino que aceptó públicamente que uno de sus títulos más reconocidos había sido escrito por un &#8220;<strong>negro literario</strong>&#8221; (o &#8220;escritor fantasma&#8221;, para evitar las resonancias esclavistas) que estaba convenientemente muerto. Por si eso fuera poco también cacharon que su título en <strong>Filosofía</strong> era también de a mentis. Lo mejor de esta historia es que nadie hubiera cachado a Bernheim si su cuate <strong>Benedicto XVI</strong> no hubiera citado públicamente uno de sus  textos contra el matrimonio homosexual; la mención del entonces Papa hizo lo suficientemente famoso el texto para que alguien lo reconociera. De ahí todo fue jalar un hilo de media hasta que el Gran Rabino tuvo que renunciar a su cargo.<br />
<a class="no-eff img-link lightbox" href="http://nofm-radio.com/wp-content/uploads/2016/08/EPN6.jpg"><img loading="lazy" decoding="async" class="size-full wp-image-19733 aligncenter" src="http://nofm-radio.com/wp-content/uploads/2016/08/EPN6.jpg" alt="EPN6" width="650" height="380" /></a><br />
*<strong> Blanco de los hackers</strong><br />
El <strong>senador estadounidense Rand Paul</strong> parece harina de otro costal. Y es que no fue su <strong>tesis</strong> la que plagió, sólo un par de discursos y libros. Además, mientras otros políticos recurren a autores consagrados, textos perdidos o en otros idiomas, Paul recurrió a la última gran obra de la humanidad: <em><strong>Wikipedia</strong></em>. En un discurso pronunciado en 2013 se plagió la página de la película <em><strong>Gattaca</strong></em> publicada por la enciclopedia. Poco tiempo bastó para que periodistas y bloggeros localizaran más plagios en sus libros que incluían robos a revistas como <em><strong>Forbes</strong></em>. La defensa del senador fue tan débil como su crímen: acusó ser víctima de enemigos y de hackers.<br />
<a class="no-eff img-link lightbox" href="http://nofm-radio.com/wp-content/uploads/2016/08/EPN4.jpg"><img loading="lazy" decoding="async" class="size-full wp-image-19731 aligncenter" src="http://nofm-radio.com/wp-content/uploads/2016/08/EPN4.jpg" alt="EPN4" width="690" height="388" /></a><br />
* <strong>No es plagio, es copia</strong><br />
El caso más cercano geográfica y temporalmente es el del <strong>ex candidato a la presidencia de Perú, César Acuña</strong>, quien fue acusado de plagiar su tesis doctoral. En una bizarra defensa, el ex candidato negó las acusaciones no desmintiendo la copia de fragmentos, sino poniendo a debate la exactitud del uso de la palabra <strong>plagio</strong>. Ante el <strong>Tribunal de Honor del Pacto Ético Electoral</strong>, Acuña defendió su tesis diciendo que las recomendaciones y las conclusiones eran originales, y que el resto de la investigación había que adjudicársela a la <strong>Universidad Complutense de Madrid</strong>. La institución respondió retirándole el grado, y Acuña renunciando a la candidatura.<br />
<a class="no-eff img-link lightbox" href="http://nofm-radio.com/wp-content/uploads/2016/08/EPN7.jpg"><img loading="lazy" decoding="async" class="size-full wp-image-19734 aligncenter" src="http://nofm-radio.com/wp-content/uploads/2016/08/EPN7.jpg" alt="EPN7" width="530" height="340" /></a><br />
Así es, muchachos y muchachas, en todos lados se cuecen habas. Lo que no debiera hacernos creer que es algo normal o aceptable. Lo presentado por el equipo de <strong>Aristegui Noticias</strong> es la disminuida ética del presidente. Y ante la respuesta de su vocero, queda claro que para este gobierno cualquier <strong>delito</strong> o conflicto quire ser reducido a la percepción; en esta ocasión, tal vez a todos nos falló la vista y no vimos las comillas ni las intenciones de Peña Nieto. Qué bueno que la presidencia se abra al debate, sin embargo, lo que no puede entrar a discusión es qué tan dentro de la ley está el presidente.</p>
