{"id":19762,"date":"2016-08-23T14:30:20","date_gmt":"2016-08-23T19:30:20","guid":{"rendered":"http:\/\/nofm-radio.com\/?p=19762"},"modified":"2016-08-23T14:30:20","modified_gmt":"2016-08-23T19:30:20","slug":"8-reacciones-a-epnplagiador","status":"publish","type":"archivo","link":"https:\/\/nofm-radio.com\/?archivo=8-reacciones-a-epnplagiador","title":{"rendered":"8 reacciones a #EPNplagiador"},"content":{"rendered":"<p>Despu\u00e9s de todo la bomba funcion\u00f3. El anunciado, y despu\u00e9s vilipendiado, reportaje <strong>Pe\u00f1a Nieto, de plagiador a presidente<\/strong>, publicado por<strong> Aristegui Noticias,<\/strong> cumpli\u00f3 con lo anunciado: cuestionarnos acerca de la estatura \u00e9tica del mandatario. El plagio de la tesis de licenciatura a dado un nuevo golpe a la <strong>imagen p\u00fablica<\/strong> de EPN que ya no ve la suya, y espera que el 2018 llegue lo m\u00e1s pronto posible. Mientras tanto, la opini\u00f3n p\u00fablica no acaba de entender muy bien qu\u00e9 est\u00e1 pasando: \u00bfc\u00f3mo reaccionar a un delito tan b\u00e1sico? \u00bfQui\u00e9n tendr\u00eda que estar investigando y juzgando al presidente? \u00bfQu\u00e9 dice este caso de nuestro pa\u00eds?<br \/>\nAqu\u00ed les 8 reacciones al <strong>plagio de la tesis<\/strong> de Pe\u00f1a Nieto, desde el comunicado de su alma mater, hasta quienes piden la renuncia de Pe\u00f1a Nieto, pasando por aquellos que dice que la verdad es que eso ni es tan grave. Lea, reflexione y llore por su especie.<br \/>\n<strong>* Comunicado de la Universidad Panamericana a su Comunidad<\/strong><\/p>\n<blockquote class=\"twitter-tweet\" data-lang=\"es\">\n<p dir=\"ltr\" lang=\"es\">A toda la comunidad universitaria. <a href=\"https:\/\/t.co\/NBAf8ZQwUo\">pic.twitter.com\/NBAf8ZQwUo<\/a><\/p>\n<p>\u2014 UP (@UPMexico) <a href=\"https:\/\/twitter.com\/UPMexico\/status\/767804496252538884\">22 de agosto de 2016<\/a><\/p><\/blockquote>\n<p><script src=\"\/\/platform.twitter.com\/widgets.js\" async=\"\" charset=\"utf-8\"><\/script><br \/>\n<strong>* Entrevista a Eduardo Alfonso Guerrero, director de tesis de EPN, por Enrique Hern\u00e1ndez Alc\u00e1zar<\/strong><br \/>\n&#8220;El se\u00f1or Presidente de la Rep\u00fablica se\u00f1ala las fuentes correspondientes en su bibliograf\u00eda, te tengo que decir muchas veces lo que pasa en Santo Domingo, que es donde se hacen de tesis o ac\u00e1 por la zona de Copilco-Universidad: muchas veces hay corresponsal\u00edas de estas tiendas o negocios que se dedican a esto\u201d. <em>Escucha la entrevista completa con<\/em> <strong>W Radio <em><a href=\"http:\/\/wradio.com.mx\/programa\/2016\/08\/22\/el_weso\/1471899599_645127.html\" target=\"_blank\" rel=\"noopener noreferrer\">aqu\u00ed<\/a><\/em><\/strong>.<br \/>\n<strong>* El necesario escrutinio del poder, de Enrique Krauze<\/strong><br \/>\n&#8220;El caso confirma un axioma que todos los pol\u00edticos deben recordar: su biograf\u00eda, a\u00fan la m\u00e1s remota, no pasar\u00e1 desapercibida. La verdad, tarde o temprano, se abre paso.&#8221; <em>Lee el texto completo publicado en<\/em> <strong>Letras Libres <em><a href=\"http:\/\/www.letraslibres.com\/blogs\/blog-de-la-redaccion\/el-necesario-escrutinio-del-poder\" target=\"_blank\" rel=\"noopener noreferrer\">aqu\u00ed<\/a><\/em><\/strong>.<br \/>\n<a class=\"no-eff img-link lightbox\" href=\"http:\/\/nofm-radio.com\/wp-content\/uploads\/2016\/08\/EPN41.jpg\"><img loading=\"lazy\" decoding=\"async\" class=\"size-full wp-image-19765 aligncenter\" src=\"http:\/\/nofm-radio.com\/wp-content\/uploads\/2016\/08\/EPN41.jpg\" alt=\"EPN4\" width=\"325\" height=\"358\" \/><\/a><br \/>\n<strong>* Sobre el plagio acad\u00e9mico y la responsabilidad \u00e9tica, de Elisa God\u00ednez<\/strong><br \/>\n&#8220;&#8230;quien plagia en el \u00e1mbito acad\u00e9mico demuestra fehaciente incapacidad de investigaci\u00f3n, falta de voluntad e ineptitud para la labor intelectual pues una tesis de licenciatura es, en teor\u00eda, la s\u00edntesis de los conocimientos, las habilidades y las actitudes que el estudiante adquiri\u00f3 durante su paso por la universidad. La labor de una universidad seria consiste en afianzar en el estudiante esos tres aspectos, y el plagio de Pe\u00f1a Nieto revela el rotundo fracaso, tanto de la capacidad intelectual de \u00e9l como de la competencia de su alma mater, la Universidad Panamericana. \u00bfPara qu\u00e9 estudia un abogado? \u00bfCu\u00e1l es la labor fundamental de un licenciado en derecho sino el estudio de la legalidad? \u00bfQu\u00e9 clase de abogado es uno que comienza su carrera profesional enga\u00f1ando?&#8221; <em>Lee el texto completo publicado en<\/em> <strong>Horizontal <em><a href=\"http:\/\/horizontal.mx\/sobre-el-plagio-academico-y-la-responsabilidad-etica\/\" target=\"_blank\" rel=\"noopener noreferrer\">aqu\u00ed<\/a><\/em>.<\/strong><br \/>\n<strong>*\u00a0Lo que hizo el presidente no es grave, de An\u00edbal Santiago<\/strong><br \/>\n&#8220;Veamos. Si yo, Presidente de M\u00e9xico, en mi tesis profesional plagio:<br \/>\n1) Demuestro mi incapacidad para pensar y crear por m\u00ed mismo.<br \/>\n2) Hago creer a los dem\u00e1s que intelectualmente soy algo que en realidad no soy.<br \/>\n3) Atropello los derechos de los autores que he plagiado.<br \/>\n4) Menosprecio a la formaci\u00f3n intelectual, soporte del desarrollo de los pueblos.<br \/>\n5) Falto a la misi\u00f3n que establece mi alma mater, la Universidad Panamericana: ser un alumno con \u201cverdadera conciencia y responsabilidad social\u201d. Al titularme v\u00eda un delito pruebo no ser una persona consciente ni responsable socialmente.<br \/>\n6) Me burlo de mi lector a trav\u00e9s del enga\u00f1o y el delito.<br \/>\n7) Embauco a mi superiores (en caso de que hayan ca\u00eddo.&#8221;\u00a0<em>Lee el texto completo publicado en <\/em><strong>M\u00e1s por m\u00e1s<em> <a href=\"http:\/\/www.maspormas.com\/2016\/08\/23\/asantiago28\/#.V7yisX1K74x.twitter\" target=\"_blank\" rel=\"noopener noreferrer\">aqu\u00ed<\/a>.<\/em><\/strong><br \/>\n<a class=\"no-eff img-link lightbox\" href=\"http:\/\/nofm-radio.com\/wp-content\/uploads\/2016\/08\/EPN21.jpg\"><img loading=\"lazy\" decoding=\"async\" class=\"alignnone size-full wp-image-19763\" src=\"http:\/\/nofm-radio.com\/wp-content\/uploads\/2016\/08\/EPN21.jpg\" alt=\"EPN2\" width=\"720\" height=\"488\" \/><\/a><br \/>\n<strong>* Donde est\u00e1 el esp\u00edritu, est\u00e1 el plagio de la libertad, de Santiago Betancourt<\/strong><br \/>\n&#8220;Para m\u00ed, los mayores perdedores ser\u00e1n los alumnos y exalumnos. Durante los pr\u00f3ximos a\u00f1os seremos \u201cbulleados\u201d por haber estudiado en la universidad que le permiti\u00f3 el plagio al Presidente, nos har\u00e1n burla por algo que nosotros no hicimos y algo que las generaciones m\u00e1s recientes no tuvimos nada que ver. Y nuestra universidad no sali\u00f3 en nuestra defensa.&#8221; <em>Lee el post completo <strong><a href=\"http:\/\/betancourtgs.tumblr.com\/post\/149350209580\/donde-est%C3%A1-el-esp%C3%ADritu-est%C3%A1-el-plagio-de-la\" target=\"_blank\" rel=\"noopener noreferrer\">aqu\u00ed<\/a><\/strong><\/em>.<br \/>\n<strong>* La tesis de Pe\u00f1a Nieto, de Eduardo Ruiz Healy<\/strong><br \/>\n&#8220;En resumen, los especialistas y acad\u00e9micos a que se refiere Carmen descubrieron el agua tibia, porque desde siempre se ha sabido que la inmensa mayor\u00eda de las tesis que en las universidades mexicanas se presentan por los estudiantes para obtener su licenciatura carece de calidad; que los estudiantes universitarios rara vez reciben un curso que les ense\u00f1e como citar, referenciar y hacer una bibliograf\u00eda; que la tesis es solamente un requisito que se cumple para recibir el famoso t\u00edtulo profesional; que muchas universidades han hecho de la famosa tesis un gran negocio, cobr\u00e1ndole a los estudiantes el costo de un supuesto seminario de tesis y hasta el pago de una cuota por el solo hecho de presentarla; que casi todas las tesis no presentan ni defienden tesis alguna.&#8221; <em>Lee el texto completo publicado por<\/em> <strong>Frontera <em><a href=\"http:\/\/www.frontera.info\/Columnas\/DetalleColumnas\/944386-Eduardo-Ruiz-Healy-Eduardo-Ruiz-Healy.html\" target=\"_blank\" rel=\"noopener noreferrer\">aqu\u00ed<\/a><\/em><\/strong>.<br \/>\n<a class=\"no-eff img-link lightbox\" href=\"http:\/\/nofm-radio.com\/wp-content\/uploads\/2016\/08\/EPN6.jpeg\"><img loading=\"lazy\" decoding=\"async\" class=\"alignnone size-full wp-image-19767\" src=\"http:\/\/nofm-radio.com\/wp-content\/uploads\/2016\/08\/EPN6.jpeg\" alt=\"EPN6\" width=\"794\" height=\"589\" \/><\/a><br \/>\n<strong>* M\u00e9xico: &#8220;error de estilo&#8221;, de Yuriria Sierra<\/strong><br \/>\n&#8220;Es lo triste de vivir en un pa\u00eds donde el pecado es pecado si se trata del enemigo. Somos un pa\u00eds de tramposos. Y el primer paso para sacudirnos esta conceptualizaci\u00f3n extra\u00f1a de la \u00e9tica (en los bueyes de mi compadre) es dejar de ver como normal a la transa cuando somos nosotros quienes la cometemos y escandalizarnos s\u00f3lo cuando se trata del vecino. Porque entonces el \u201cerror de estilo\u201d que dijo Presidencia que cometi\u00f3 EPN en su tesis termina siendo el \u201cerror de estilo\u201d que justifica la incomprensible #3de3 de L\u00f3pez Obrador. O un \u201cerror de estilo\u201d que los maestros de la CNTE dejen sin clases a miles de ni\u00f1os, pero cobren su salario \u00edntegro mientras desquician a varias decenas de ciudades. Nada de esto es un \u201cerror de estilo\u201d: es una forma de desentenderse de la \u00e9tica m\u00e1s elemental que debe dar sentido a todo pacto social. Por supuesto que es imperdonable un plagio; por supuesto que debe ser imperdonable una mordida.&#8221; <em>Lee el texto completo publicado por<\/em> <strong>Exc\u00e9lsior <em><a href=\"http:\/\/www.excelsior.com.mx\/opinion\/yuriria-sierra\/2016\/08\/23\/1112565\" target=\"_blank\" rel=\"noopener noreferrer\">aqu\u00ed<\/a><\/em><\/strong>.<br \/>\n<a class=\"no-eff img-link lightbox\" href=\"http:\/\/nofm-radio.com\/wp-content\/uploads\/2016\/08\/EPN5.jpg\"><img loading=\"lazy\" decoding=\"async\" class=\"alignnone size-full wp-image-19766\" src=\"http:\/\/nofm-radio.com\/wp-content\/uploads\/2016\/08\/EPN5.jpg\" alt=\"EPN5\" width=\"501\" height=\"389\" \/><\/a><br \/>\n&nbsp;<br \/>\nBonus track<br \/>\n*<strong> Sobre la nota de Aristegui, de Antonio Marvel<\/strong><br \/>\n&#8220;<span style=\"color: #000000;\">Cuando \u201cestaba escribiendo\u201d la tesis ocup\u00f3 sus primeros cargos en la CNOP y dos a\u00f1os despu\u00e9s de publicada era el tesorero de la campa\u00f1a de Chuayffet en el Edomex. Le conven\u00eda titularse y uno o varios de ese c\u00edrculo al que frecuentaba le ayudaron para que as\u00ed fuera, ese es el punto: para estos personajes todo est\u00e1 permitido. \u00bfCu\u00e1ntas otras cosas no habr\u00e1 hecho el presidente de esta forma? Ah\u00ed est\u00e1 la \u201cCasa blanca\u201d.\u00a0<em>Lee el post completo <strong><a href=\"http:\/\/antoniomarvel.tumblr.com\/post\/149318775088\/sobre-la-nota-de-aristegui\" target=\"_blank\" rel=\"noopener noreferrer\">aqu\u00ed<\/a>.<\/strong><\/em><\/span><br \/>\n&nbsp;<br \/>\nAs\u00ed es, muchachos y muchachas, las opiniones var\u00edan, pero la realidad no: el <strong>delito<\/strong> existe y ha sido denunciado period\u00edsticamente. Lo que sigue \u00a0a ello es una respuesta que debemos dar los ciudadanos, pues el querido presidente evidentemente no contestar\u00e1 la pregunta.<\/p>\n","protected":false},"template":"","meta":{"_id_youtube":"","_id_vimeo":"","_podcasts_duration":"","_podcasts_url":"","_podcasts_show":"","_prog_horario_dias":"","_prog_hora":"","_prog_duration":""},"class_list":["post-19762","archivo","type-archivo","status-publish","hentry"],"_links":{"self":[{"href":"https:\/\/nofm-radio.com\/index.php?rest_route=\/wp\/v2\/archivo\/19762","targetHints":{"allow":["GET"]}}],"collection":[{"href":"https:\/\/nofm-radio.com\/index.php?rest_route=\/wp\/v2\/archivo"}],"about":[{"href":"https:\/\/nofm-radio.com\/index.php?rest_route=\/wp\/v2\/types\/archivo"}],"wp:attachment":[{"href":"https:\/\/nofm-radio.com\/index.php?rest_route=%2Fwp%2Fv2%2Fmedia&parent=19762"}],"curies":[{"name":"wp","href":"https:\/\/api.w.org\/{rel}","templated":true}]}}

<p>Después de todo la bomba funcionó. El anunciado, y después vilipendiado, reportaje <strong>Peña Nieto, de plagiador a presidente</strong>, publicado por<strong> Aristegui Noticias,</strong> cumplió con lo anunciado: cuestionarnos acerca de la estatura ética del mandatario. El plagio de la tesis de licenciatura a dado un nuevo golpe a la <strong>imagen pública</strong> de EPN que ya no ve la suya, y espera que el 2018 llegue lo más pronto posible. Mientras tanto, la opinión pública no acaba de entender muy bien qué está pasando: ¿cómo reaccionar a un delito tan básico? ¿Quién tendría que estar investigando y juzgando al presidente? ¿Qué dice este caso de nuestro país?<br />
Aquí les 8 reacciones al <strong>plagio de la tesis</strong> de Peña Nieto, desde el comunicado de su alma mater, hasta quienes piden la renuncia de Peña Nieto, pasando por aquellos que dice que la verdad es que eso ni es tan grave. Lea, reflexione y llore por su especie.<br />
<strong>* Comunicado de la Universidad Panamericana a su Comunidad</strong></p>
<blockquote class="twitter-tweet" data-lang="es">
<p dir="ltr" lang="es">A toda la comunidad universitaria. <a href="https://t.co/NBAf8ZQwUo">pic.twitter.com/NBAf8ZQwUo</a></p>
<p>— UP (@UPMexico) <a href="https://twitter.com/UPMexico/status/767804496252538884">22 de agosto de 2016</a></p></blockquote>
<p><script src="//platform.twitter.com/widgets.js" async="" charset="utf-8"></script><br />
<strong>* Entrevista a Eduardo Alfonso Guerrero, director de tesis de EPN, por Enrique Hernández Alcázar</strong><br />
&#8220;El señor Presidente de la República señala las fuentes correspondientes en su bibliografía, te tengo que decir muchas veces lo que pasa en Santo Domingo, que es donde se hacen de tesis o acá por la zona de Copilco-Universidad: muchas veces hay corresponsalías de estas tiendas o negocios que se dedican a esto”. <em>Escucha la entrevista completa con</em> <strong>W Radio <em><a href="http://wradio.com.mx/programa/2016/08/22/el_weso/1471899599_645127.html" target="_blank" rel="noopener noreferrer">aquí</a></em></strong>.<br />
<strong>* El necesario escrutinio del poder, de Enrique Krauze</strong><br />
&#8220;El caso confirma un axioma que todos los políticos deben recordar: su biografía, aún la más remota, no pasará desapercibida. La verdad, tarde o temprano, se abre paso.&#8221; <em>Lee el texto completo publicado en</em> <strong>Letras Libres <em><a href="http://www.letraslibres.com/blogs/blog-de-la-redaccion/el-necesario-escrutinio-del-poder" target="_blank" rel="noopener noreferrer">aquí</a></em></strong>.<br />
<a class="no-eff img-link lightbox" href="http://nofm-radio.com/wp-content/uploads/2016/08/EPN41.jpg"><img loading="lazy" decoding="async" class="size-full wp-image-19765 aligncenter" src="http://nofm-radio.com/wp-content/uploads/2016/08/EPN41.jpg" alt="EPN4" width="325" height="358" /></a><br />
<strong>* Sobre el plagio académico y la responsabilidad ética, de Elisa Godínez</strong><br />
&#8220;&#8230;quien plagia en el ámbito académico demuestra fehaciente incapacidad de investigación, falta de voluntad e ineptitud para la labor intelectual pues una tesis de licenciatura es, en teoría, la síntesis de los conocimientos, las habilidades y las actitudes que el estudiante adquirió durante su paso por la universidad. La labor de una universidad seria consiste en afianzar en el estudiante esos tres aspectos, y el plagio de Peña Nieto revela el rotundo fracaso, tanto de la capacidad intelectual de él como de la competencia de su alma mater, la Universidad Panamericana. ¿Para qué estudia un abogado? ¿Cuál es la labor fundamental de un licenciado en derecho sino el estudio de la legalidad? ¿Qué clase de abogado es uno que comienza su carrera profesional engañando?&#8221; <em>Lee el texto completo publicado en</em> <strong>Horizontal <em><a href="http://horizontal.mx/sobre-el-plagio-academico-y-la-responsabilidad-etica/" target="_blank" rel="noopener noreferrer">aquí</a></em>.</strong><br />
<strong>* Lo que hizo el presidente no es grave, de Aníbal Santiago</strong><br />
&#8220;Veamos. Si yo, Presidente de México, en mi tesis profesional plagio:<br />
1) Demuestro mi incapacidad para pensar y crear por mí mismo.<br />
2) Hago creer a los demás que intelectualmente soy algo que en realidad no soy.<br />
3) Atropello los derechos de los autores que he plagiado.<br />
4) Menosprecio a la formación intelectual, soporte del desarrollo de los pueblos.<br />
5) Falto a la misión que establece mi alma mater, la Universidad Panamericana: ser un alumno con “verdadera conciencia y responsabilidad social”. Al titularme vía un delito pruebo no ser una persona consciente ni responsable socialmente.<br />
6) Me burlo de mi lector a través del engaño y el delito.<br />
7) Embauco a mi superiores (en caso de que hayan caído.&#8221; <em>Lee el texto completo publicado en </em><strong>Más por más<em> <a href="http://www.maspormas.com/2016/08/23/asantiago28/#.V7yisX1K74x.twitter" target="_blank" rel="noopener noreferrer">aquí</a>.</em></strong><br />
<a class="no-eff img-link lightbox" href="http://nofm-radio.com/wp-content/uploads/2016/08/EPN21.jpg"><img loading="lazy" decoding="async" class="alignnone size-full wp-image-19763" src="http://nofm-radio.com/wp-content/uploads/2016/08/EPN21.jpg" alt="EPN2" width="720" height="488" /></a><br />
<strong>* Donde está el espíritu, está el plagio de la libertad, de Santiago Betancourt</strong><br />
&#8220;Para mí, los mayores perdedores serán los alumnos y exalumnos. Durante los próximos años seremos “bulleados” por haber estudiado en la universidad que le permitió el plagio al Presidente, nos harán burla por algo que nosotros no hicimos y algo que las generaciones más recientes no tuvimos nada que ver. Y nuestra universidad no salió en nuestra defensa.&#8221; <em>Lee el post completo <strong><a href="http://betancourtgs.tumblr.com/post/149350209580/donde-est%C3%A1-el-esp%C3%ADritu-est%C3%A1-el-plagio-de-la" target="_blank" rel="noopener noreferrer">aquí</a></strong></em>.<br />
<strong>* La tesis de Peña Nieto, de Eduardo Ruiz Healy</strong><br />
&#8220;En resumen, los especialistas y académicos a que se refiere Carmen descubrieron el agua tibia, porque desde siempre se ha sabido que la inmensa mayoría de las tesis que en las universidades mexicanas se presentan por los estudiantes para obtener su licenciatura carece de calidad; que los estudiantes universitarios rara vez reciben un curso que les enseñe como citar, referenciar y hacer una bibliografía; que la tesis es solamente un requisito que se cumple para recibir el famoso título profesional; que muchas universidades han hecho de la famosa tesis un gran negocio, cobrándole a los estudiantes el costo de un supuesto seminario de tesis y hasta el pago de una cuota por el solo hecho de presentarla; que casi todas las tesis no presentan ni defienden tesis alguna.&#8221; <em>Lee el texto completo publicado por</em> <strong>Frontera <em><a href="http://www.frontera.info/Columnas/DetalleColumnas/944386-Eduardo-Ruiz-Healy-Eduardo-Ruiz-Healy.html" target="_blank" rel="noopener noreferrer">aquí</a></em></strong>.<br />
<a class="no-eff img-link lightbox" href="http://nofm-radio.com/wp-content/uploads/2016/08/EPN6.jpeg"><img loading="lazy" decoding="async" class="alignnone size-full wp-image-19767" src="http://nofm-radio.com/wp-content/uploads/2016/08/EPN6.jpeg" alt="EPN6" width="794" height="589" /></a><br />
<strong>* México: &#8220;error de estilo&#8221;, de Yuriria Sierra</strong><br />
&#8220;Es lo triste de vivir en un país donde el pecado es pecado si se trata del enemigo. Somos un país de tramposos. Y el primer paso para sacudirnos esta conceptualización extraña de la ética (en los bueyes de mi compadre) es dejar de ver como normal a la transa cuando somos nosotros quienes la cometemos y escandalizarnos sólo cuando se trata del vecino. Porque entonces el “error de estilo” que dijo Presidencia que cometió EPN en su tesis termina siendo el “error de estilo” que justifica la incomprensible #3de3 de López Obrador. O un “error de estilo” que los maestros de la CNTE dejen sin clases a miles de niños, pero cobren su salario íntegro mientras desquician a varias decenas de ciudades. Nada de esto es un “error de estilo”: es una forma de desentenderse de la ética más elemental que debe dar sentido a todo pacto social. Por supuesto que es imperdonable un plagio; por supuesto que debe ser imperdonable una mordida.&#8221; <em>Lee el texto completo publicado por</em> <strong>Excélsior <em><a href="http://www.excelsior.com.mx/opinion/yuriria-sierra/2016/08/23/1112565" target="_blank" rel="noopener noreferrer">aquí</a></em></strong>.<br />
<a class="no-eff img-link lightbox" href="http://nofm-radio.com/wp-content/uploads/2016/08/EPN5.jpg"><img loading="lazy" decoding="async" class="alignnone size-full wp-image-19766" src="http://nofm-radio.com/wp-content/uploads/2016/08/EPN5.jpg" alt="EPN5" width="501" height="389" /></a><br />
&nbsp;<br />
Bonus track<br />
*<strong> Sobre la nota de Aristegui, de Antonio Marvel</strong><br />
&#8220;<span style="color: #000000;">Cuando “estaba escribiendo” la tesis ocupó sus primeros cargos en la CNOP y dos años después de publicada era el tesorero de la campaña de Chuayffet en el Edomex. Le convenía titularse y uno o varios de ese círculo al que frecuentaba le ayudaron para que así fuera, ese es el punto: para estos personajes todo está permitido. ¿Cuántas otras cosas no habrá hecho el presidente de esta forma? Ahí está la “Casa blanca”. <em>Lee el post completo <strong><a href="http://antoniomarvel.tumblr.com/post/149318775088/sobre-la-nota-de-aristegui" target="_blank" rel="noopener noreferrer">aquí</a>.</strong></em></span><br />
&nbsp;<br />
Así es, muchachos y muchachas, las opiniones varían, pero la realidad no: el <strong>delito</strong> existe y ha sido denunciado periodísticamente. Lo que sigue  a ello es una respuesta que debemos dar los ciudadanos, pues el querido presidente evidentemente no contestará la pregunta.</p>
