{"id":20050,"date":"2016-09-07T14:40:28","date_gmt":"2016-09-07T19:40:28","guid":{"rendered":"http:\/\/nofm-radio.com\/?p=20050"},"modified":"2016-09-07T14:40:28","modified_gmt":"2016-09-07T19:40:28","slug":"el-problema-de-alvarado-lo-que-no-nos-viene-guango","status":"publish","type":"archivo","link":"https:\/\/nofm-radio.com\/?archivo=el-problema-de-alvarado-lo-que-no-nos-viene-guango","title":{"rendered":"El problema de Alvarado (lo que no nos viene guango)"},"content":{"rendered":"<p>por <strong>Israel Pompa-Alcal\u00e1<\/strong><br \/>\n<a href=\"https:\/\/twitter.com\/thesmallestboy\" target=\"_blank\" rel=\"noopener noreferrer\">@thesmallestboy<\/a><br \/>\nHoy vi un v\u00eddeo donde <strong>Nicol\u00e1s Alvarado<\/strong> es entrevistado por <strong>Ciro G\u00f3mez-Leyva<\/strong>. En su di\u00e1logo, Nicol\u00e1s se disculpa por el mal &#8220;timing&#8221; de la <a href=\"http:\/\/www.milenio.com\/firmas\/nicolas_alvarado_fueraderegistro2\/Soy_uno_de_los_poquisimos_mexicanos_que_no_asumen_a_Juan_Gabriel_como_un_idolo_18_802299773.html\" target=\"_blank\" rel=\"noopener noreferrer\"><strong>pol\u00e9mica nota<\/strong><\/a> que lo llev\u00f3 a renunciar a <strong>TV UNAM<\/strong>, no por su contenido. Ciro le reprocha y entonces Alvarado dice que insiste en no pedir disculpas por el texto en s\u00ed, pues este se trata de una iron\u00eda, una burla hacia s\u00ed mismo y sus propias diferencias culturales. El dilema no se encuentra en ello, tampoco en ese absurdo de la &#8220;falta de<strong> libertad de expresi\u00f3n<\/strong>&#8220;*, sino en un hecho que se nos escapa en este debate: la lejan\u00eda entre el poder y la ciudadan\u00eda. Si bien Nicol\u00e1s resulta bastante puntual en su argumento, donde se\u00f1ala que utiliza las palabras &#8220;jota&#8221; y &#8220;naca&#8221; en t\u00e9rminos de reapropiaci\u00f3n cultural y que su clasismo\/esnobismo proviene de una <strong>teor\u00eda social<\/strong> acerca de los gustos como referente para generar clases, esto, como \u00e9l mismo dice, s\u00f3lo lo entienden muy pocos. \u00bfQui\u00e9nes son esos pocos? Personas privilegiadas, con acceso a<strong> educaci\u00f3n superior de corte privado<\/strong>, un bagaje cultural heredado y la solvencia econ\u00f3mica necesaria para mantener dicho estatus. Por tanto, s\u00ed mi estimado Nicol\u00e1s: t\u00fa entender\u00e1s la verdadera intenci\u00f3n del texto, tal vez igual lo har\u00e1n tus amigos, tus conocidos, tus comparsas intelectuales y un par de narices respingadas que con tal de no ser botados de la \u00e9lite intelectualoide dir\u00e1n que s\u00ed, s\u00ed, s\u00ed a todo lo que les suene enrevesado y lleno de glosa&#8230; Pero est\u00e1s hablando desde una posici\u00f3n que no conecta, comunica o genera siquiera punto de partida para el debate, puesto que hablas en idioma extranjero en un pa\u00eds de carencias.<br \/>\n<a class=\"no-eff img-link lightbox\" href=\"http:\/\/nofm-radio.com\/wp-content\/uploads\/2016\/09\/Alvarado3.jpg\"><img loading=\"lazy\" decoding=\"async\" class=\"alignnone size-full wp-image-20051\" src=\"http:\/\/nofm-radio.com\/wp-content\/uploads\/2016\/09\/Alvarado3.jpg\" alt=\"alvarado3\" width=\"900\" height=\"550\" \/><\/a><br \/>\nEl hecho de presentar su <strong>opini\u00f3n<\/strong> o cr\u00edtica no representar\u00eda cosa alguna <em>per se<\/em> (creo que se exager\u00f3 el <strong>linchamiento<\/strong> en redes del susodicho, motivado por otro tipo de odios y enconos hacia su pasado &#8220;televiso&#8221;, lo cual resulta un absurdo argumentativo), sin embargo, es s\u00edntoma de una enfermedad mayor: los <strong>funcionarios p\u00fablicos<\/strong> viven completamente ajenos a la realidad cotidiana, al <strong>pulso social<\/strong>, a aquellos a los que (supuestamente) sirven. Por eso <strong>EPN<\/strong> fue incapaz de hacer frente a <strong>Trump<\/strong> de manera correcta, pues en su cabeza s\u00f3lo estaban las ideas proyectadas de <strong>Videgaray<\/strong>** en t\u00e9rminos de econom\u00eda y nada m\u00e1s, sin sentir realmente lo que el 90% de los mexicanos sentimos con el candidato a la presidencia de EU. Por eso <strong>Alfredo Castillo<\/strong>, presidente de la<strong> CONADE<\/strong>, fue a pasear a los <strong>Juegos Ol\u00edmpicos\u00a0de R\u00edo<\/strong>, porque no tiene ni el m\u00e1s m\u00ednimo contacto con los atletas, ya que \u00e9l es funcionario, los dem\u00e1s&#8230; b\u00e1sicamente no importan mientras se pueda mantener el poder en manos de los mismos de siempre. Por eso Nicol\u00e1s cometi\u00f3 un error grave: como periodista puede tener una opini\u00f3n parcial y subjetiva, pero al estar a cargo de una funci\u00f3n p\u00fablica, es parte de su trabajo medir el clamor social, la temperatura de las personas, e incluso revisar sus propias estructuras acad\u00e9micas para no asumirse como un esnob y ya, sino ayudar a que aquellas ventajas obtenidas por razones tan azarosas como la vida misma, lleguen a mayor cantidad de personas.<br \/>\nEl texto de Alvarado s\u00f3lo hace a\u00fan m\u00e1s patente ese mal: la sociedad y sus<strong> representantes<\/strong> (pol\u00edticos, econ\u00f3micos, culturales, sociales) no son capaces de ver en el espejo un mismo reflejo, por tanto, cada uno vive en M\u00e9xicos distintos. La falta de empat\u00eda es el mayor c\u00e1ncer de este pa\u00eds, pues por eso existen desde &#8220;lords&#8221; y &#8220;ladys&#8221; hasta agentes de gobierno que se asumen clasistas o que son incapaces de defender lo que deben: el bien com\u00fan. Y eso, definitivamente, no puede venirnos guango.<br \/>\n<a class=\"no-eff img-link lightbox\" href=\"http:\/\/nofm-radio.com\/wp-content\/uploads\/2016\/09\/alvarado2.jpg\"><img loading=\"lazy\" decoding=\"async\" class=\"alignnone size-full wp-image-20052\" src=\"http:\/\/nofm-radio.com\/wp-content\/uploads\/2016\/09\/alvarado2.jpg\" alt=\"alvarado2\" width=\"840\" height=\"480\" \/><\/a><br \/>\n________<br \/>\n* Hay que abandonar el plano y bastante ingenuo discurso de &#8220;se corta la libertad de expresi\u00f3n&#8221;. La libertad de expresi\u00f3n no se trata de decir lo que quieras cuando quieras, sino de ser responsable de las cosas que enuncias y el c\u00f3mo enunciarlas. Decir que lo de Nicol\u00e1s es un ataque a la libertad de expresi\u00f3n es dar pie a que Donald Trump pueda enunciar con total impunidad su discurso de odio racista y xen\u00f3fobo. No confundir gimnasia con magnesia.<br \/>\n** Videgaray err\u00f3 tanto el camino que el d\u00eda de hoy ha sido &#8220;renunciado&#8221; por parte de la Presidencia de la Rep\u00fablica. Aunque crean que viven en otro universo, los funcionarios a\u00fan est\u00e1n sometidos al juicio de la sociedad.<\/p>\n","protected":false},"template":"","meta":{"_id_youtube":"","_id_vimeo":"","_podcasts_duration":"","_podcasts_url":"","_podcasts_show":"","_prog_horario_dias":"","_prog_hora":"","_prog_duration":""},"class_list":["post-20050","archivo","type-archivo","status-publish","hentry"],"_links":{"self":[{"href":"https:\/\/nofm-radio.com\/index.php?rest_route=\/wp\/v2\/archivo\/20050","targetHints":{"allow":["GET"]}}],"collection":[{"href":"https:\/\/nofm-radio.com\/index.php?rest_route=\/wp\/v2\/archivo"}],"about":[{"href":"https:\/\/nofm-radio.com\/index.php?rest_route=\/wp\/v2\/types\/archivo"}],"wp:attachment":[{"href":"https:\/\/nofm-radio.com\/index.php?rest_route=%2Fwp%2Fv2%2Fmedia&parent=20050"}],"curies":[{"name":"wp","href":"https:\/\/api.w.org\/{rel}","templated":true}]}}

<p>por <strong>Israel Pompa-Alcalá</strong><br />
<a href="https://twitter.com/thesmallestboy" target="_blank" rel="noopener noreferrer">@thesmallestboy</a><br />
Hoy vi un vídeo donde <strong>Nicolás Alvarado</strong> es entrevistado por <strong>Ciro Gómez-Leyva</strong>. En su diálogo, Nicolás se disculpa por el mal &#8220;timing&#8221; de la <a href="http://www.milenio.com/firmas/nicolas_alvarado_fueraderegistro2/Soy_uno_de_los_poquisimos_mexicanos_que_no_asumen_a_Juan_Gabriel_como_un_idolo_18_802299773.html" target="_blank" rel="noopener noreferrer"><strong>polémica nota</strong></a> que lo llevó a renunciar a <strong>TV UNAM</strong>, no por su contenido. Ciro le reprocha y entonces Alvarado dice que insiste en no pedir disculpas por el texto en sí, pues este se trata de una ironía, una burla hacia sí mismo y sus propias diferencias culturales. El dilema no se encuentra en ello, tampoco en ese absurdo de la &#8220;falta de<strong> libertad de expresión</strong>&#8220;*, sino en un hecho que se nos escapa en este debate: la lejanía entre el poder y la ciudadanía. Si bien Nicolás resulta bastante puntual en su argumento, donde señala que utiliza las palabras &#8220;jota&#8221; y &#8220;naca&#8221; en términos de reapropiación cultural y que su clasismo/esnobismo proviene de una <strong>teoría social</strong> acerca de los gustos como referente para generar clases, esto, como él mismo dice, sólo lo entienden muy pocos. ¿Quiénes son esos pocos? Personas privilegiadas, con acceso a<strong> educación superior de corte privado</strong>, un bagaje cultural heredado y la solvencia económica necesaria para mantener dicho estatus. Por tanto, sí mi estimado Nicolás: tú entenderás la verdadera intención del texto, tal vez igual lo harán tus amigos, tus conocidos, tus comparsas intelectuales y un par de narices respingadas que con tal de no ser botados de la élite intelectualoide dirán que sí, sí, sí a todo lo que les suene enrevesado y lleno de glosa&#8230; Pero estás hablando desde una posición que no conecta, comunica o genera siquiera punto de partida para el debate, puesto que hablas en idioma extranjero en un país de carencias.<br />
<a class="no-eff img-link lightbox" href="http://nofm-radio.com/wp-content/uploads/2016/09/Alvarado3.jpg"><img loading="lazy" decoding="async" class="alignnone size-full wp-image-20051" src="http://nofm-radio.com/wp-content/uploads/2016/09/Alvarado3.jpg" alt="alvarado3" width="900" height="550" /></a><br />
El hecho de presentar su <strong>opinión</strong> o crítica no representaría cosa alguna <em>per se</em> (creo que se exageró el <strong>linchamiento</strong> en redes del susodicho, motivado por otro tipo de odios y enconos hacia su pasado &#8220;televiso&#8221;, lo cual resulta un absurdo argumentativo), sin embargo, es síntoma de una enfermedad mayor: los <strong>funcionarios públicos</strong> viven completamente ajenos a la realidad cotidiana, al <strong>pulso social</strong>, a aquellos a los que (supuestamente) sirven. Por eso <strong>EPN</strong> fue incapaz de hacer frente a <strong>Trump</strong> de manera correcta, pues en su cabeza sólo estaban las ideas proyectadas de <strong>Videgaray</strong>** en términos de economía y nada más, sin sentir realmente lo que el 90% de los mexicanos sentimos con el candidato a la presidencia de EU. Por eso <strong>Alfredo Castillo</strong>, presidente de la<strong> CONADE</strong>, fue a pasear a los <strong>Juegos Olímpicos de Río</strong>, porque no tiene ni el más mínimo contacto con los atletas, ya que él es funcionario, los demás&#8230; básicamente no importan mientras se pueda mantener el poder en manos de los mismos de siempre. Por eso Nicolás cometió un error grave: como periodista puede tener una opinión parcial y subjetiva, pero al estar a cargo de una función pública, es parte de su trabajo medir el clamor social, la temperatura de las personas, e incluso revisar sus propias estructuras académicas para no asumirse como un esnob y ya, sino ayudar a que aquellas ventajas obtenidas por razones tan azarosas como la vida misma, lleguen a mayor cantidad de personas.<br />
El texto de Alvarado sólo hace aún más patente ese mal: la sociedad y sus<strong> representantes</strong> (políticos, económicos, culturales, sociales) no son capaces de ver en el espejo un mismo reflejo, por tanto, cada uno vive en Méxicos distintos. La falta de empatía es el mayor cáncer de este país, pues por eso existen desde &#8220;lords&#8221; y &#8220;ladys&#8221; hasta agentes de gobierno que se asumen clasistas o que son incapaces de defender lo que deben: el bien común. Y eso, definitivamente, no puede venirnos guango.<br />
<a class="no-eff img-link lightbox" href="http://nofm-radio.com/wp-content/uploads/2016/09/alvarado2.jpg"><img loading="lazy" decoding="async" class="alignnone size-full wp-image-20052" src="http://nofm-radio.com/wp-content/uploads/2016/09/alvarado2.jpg" alt="alvarado2" width="840" height="480" /></a><br />
________<br />
* Hay que abandonar el plano y bastante ingenuo discurso de &#8220;se corta la libertad de expresión&#8221;. La libertad de expresión no se trata de decir lo que quieras cuando quieras, sino de ser responsable de las cosas que enuncias y el cómo enunciarlas. Decir que lo de Nicolás es un ataque a la libertad de expresión es dar pie a que Donald Trump pueda enunciar con total impunidad su discurso de odio racista y xenófobo. No confundir gimnasia con magnesia.<br />
** Videgaray erró tanto el camino que el día de hoy ha sido &#8220;renunciado&#8221; por parte de la Presidencia de la República. Aunque crean que viven en otro universo, los funcionarios aún están sometidos al juicio de la sociedad.</p>
