{"id":20104,"date":"2016-09-08T13:12:20","date_gmt":"2016-09-08T18:12:20","guid":{"rendered":"http:\/\/nofm-radio.com\/?p=20104"},"modified":"2016-09-08T13:12:20","modified_gmt":"2016-09-08T18:12:20","slug":"preguntas-impertinentes-sobre-los-cambios-en-el-gabinete-presidencial","status":"publish","type":"archivo","link":"https:\/\/nofm-radio.com\/?archivo=preguntas-impertinentes-sobre-los-cambios-en-el-gabinete-presidencial","title":{"rendered":"Preguntas impertinentes sobre los cambios en el gabinete presidencial"},"content":{"rendered":"<p>por <strong>Eliezer Morales Arag\u00f3n<br \/>\n<\/strong><br \/>\nUna de las expresiones en el habla popular\u00a0en <strong>Espa\u00f1a<\/strong> es\u00a0<strong>el mentidero,<\/strong> refiri\u00e9ndose al lugar donde algunas personas se re\u00fanen para comentar asuntos relativos a temas o personas, casi siempre en el contexto o con el prop\u00f3sito de acotar e inclusive invitar algunas t\u00f3picos en torno a algo o alguien. En el caso de<strong> M\u00e9xico<\/strong> es muy com\u00fan\u00a0la utilizaci\u00f3n de los comentarios relativamente bien informados que pasan por ser, a veces de modo infundado,<strong> fuentes confiables<\/strong> que habitualmente no desean ser identificadas por razones s\u00f3lo atendibles a ellas mismas.<br \/>\nLos acontecimientos en nuestro pa\u00eds se desarrollan a veces por razones inconfesables y en muchas de ellas por mera costumbre. El florecimiento de las pr\u00e1cticas del <strong>chismorreo<\/strong>, algunas de ellas claramente mendaces, sustituyen a la informaci\u00f3n que emiten de manera regular los <strong>gobiernos<\/strong> y casi siempre organizaciones conectadas con informaci\u00f3n y <strong>opiniones<\/strong> de la cosa p\u00fablica. Se trata, en rigor, de una pr\u00e1ctica totalmente inadecuada y que prolifera por la falta de confiabilidad en\u00a0las informaciones provenientes u originadas en los organismos que debieran disfrutar de amplia credibilidad y que, en nuestro pa\u00eds realmente siempre han estado vinculados a pr\u00e1cticas maculadas en funci\u00f3n del papel que le ha sido asignado en el ejercicio del poder.<br \/>\nEn las condiciones descritas, es factible y hasta necesario desarrollar una pr\u00e1ctica que podr\u00eda tener una utilidad relativamente atendible. Por ello la propuesta es la de interrogarnos constantemente, a t\u00edtulo de preguntas impertinentes. Esto con el prop\u00f3sito de construir una pr\u00e1ctica que podr\u00eda desarrollarse de manera amplia en las <strong>redes sociales<\/strong> para esbozar o formular tesis esclarecedoras en torno a hechos, decires y en general aconteceres acerca de los cuales se tienen la sospecha o en su caso la reticencia de aclararlos o elucidarlos de manera adecuada.<br \/>\n<a class=\"no-eff img-link lightbox\" href=\"http:\/\/nofm-radio.com\/wp-content\/uploads\/2016\/09\/trump_epn_mexico_800.jpg\"><img loading=\"lazy\" decoding=\"async\" class=\"alignnone size-full wp-image-20106\" src=\"http:\/\/nofm-radio.com\/wp-content\/uploads\/2016\/09\/trump_epn_mexico_800.jpg\" alt=\"trump_epn_mexico_800\" width=\"800\" height=\"535\" \/><\/a><br \/>\nLos acontecimientos de la \u00faltima semana nos permiten enfocar nuestra atenci\u00f3n a dos cuestiones vinculadas que han sido motivo de una supuesta expectativa p\u00fablica y que en rigor se ha desarrollado dentro de los carriles de una suerte de <strong>mentidero mexicano<\/strong>. Ello a pesar de que los acontecimientos han tenido como escenario los medios de informaci\u00f3n de los que\u00a0nos nutrimos. En rigor, nuestra atenci\u00f3n creemos que podemos y debemos enfocarla m\u00e1s a lo que se deja de decir o a lo que estos medios nos enteran de manera sesgada, parcial o visiblemente embozada.<br \/>\nSe trata de encontrar alguna veta relevante en cuestiones que tiene ese car\u00e1cter en nuestro \u00e1mbito p\u00fablico por su importancia intr\u00ednseca. Tal es el caso de la reciente visita del candidato republicano a la presidencia de los Estados Unidos,\u00a0<strong>Donald Trump,<\/strong> y la tambi\u00e9n aparente consecuencia nefasta que ese acontecimiento desencaden\u00f3 y culmin\u00f3 en la renuncia del <strong>Secretario de Hacienda<\/strong>, as\u00ed como los ajustes indispensables que se originaron en ello.<br \/>\nDeseamos destacar que los an\u00e1lisis se han desenvuelto en la direcci\u00f3n de los intereses del <strong>Jefe del Ejecutivo Federal<\/strong>, de <strong>Luis\u00a0Videgaray<\/strong>, de\u00a0su partido y dem\u00e1s consecuencias adicionales. Naturalmente todo el torbellino de comentarios desatado alrededor de todos estos accidentes e incidencias son muy importantes. La impertinencia que deseamos poner de relieve girar\u00eda en torno a la cuesti\u00f3n de una ausencia notable: el olvido total a la necesaria <strong>evaluaci\u00f3n publica<\/strong> que los \u00f3rganos gubernamentales y del Estado debieran formular y por lo tanto colocar como parte de acciones y reacciones que aparentemente s\u00f3lo son del resorte e inter\u00e9s de quienes los maquinaron, ejercieron y, a la postre, reaccionaron ante los hechos.<br \/>\n<a class=\"no-eff img-link lightbox\" href=\"http:\/\/nofm-radio.com\/wp-content\/uploads\/2016\/09\/Videgaray.jpg\"><img loading=\"lazy\" decoding=\"async\" class=\"alignnone size-full wp-image-20107\" src=\"http:\/\/nofm-radio.com\/wp-content\/uploads\/2016\/09\/Videgaray.jpg\" alt=\"videgaray\" width=\"850\" height=\"478\" \/><\/a><br \/>\nUn examen as\u00ed sea somero de los dos acontecimientos nos dir\u00edan que brillan por su ausencia las que debieran ser las cuestiones fundamentales a examinar, y en su caso avalar o reprobar, por tratarse de cuestiones de inter\u00e9s nacional o en su caso del resorte de tareas de gobierno que deben ser motivo de preocupaci\u00f3n constante, en virtud de las responsabilidades que tienen encomendadas. En otras palabras, la discusi\u00f3n y en su caso la <strong>sanci\u00f3n<\/strong> correspondientes no se encuentran por ninguna parte. La <strong>ciudadan\u00eda<\/strong>, sus preocupaciones sobre el presente y las perspectivas sobre el pa\u00eds igualmente no se las ubica por ninguna parte. Se discute y eval\u00faa acerca de la <strong>popularidad<\/strong>, o por el contrario la franca repulsa a determinadas conductas, pero no en funci\u00f3n de intereses primordiales que son los que en primer t\u00e9rmino nos interesa como ciudadanos. En este sentido el futuro pol\u00edtico, mediato e inmediato del Sr. Trump, de Videgaray y dem\u00e1s involucrados son datos, pero no hablan de las constantes inferencias en nuestra suerte como naci\u00f3n. Se maquin\u00f3 y llev\u00f3 a cabo una reuni\u00f3n del Sr. Trump con <strong>Enrique Pe\u00f1a Nieto<\/strong> con una secuela de sigilos que, si s\u00f3lo concirnieran a ellos, ser\u00edan adecuados y comprensibles. Pero no es el caso, se trata de asuntos que en rigor nos tocan particularmente a los mexicanos, a nuestro manejo como pa\u00eds y eventualmente nuestro futuro. Los ciudadanos nos enteramos como de una cuesti\u00f3n ajena y no tenemos la posibilidad y aparentemente tampoco es necesario que nos enteremos de nada.<br \/>\nPor su parte el Jefe del Poder Ejecutivo nos dice cr\u00edpticamente \u201c<strong>Quiz\u00e1 hoy no se entienda el porqu\u00e9 de mis decisiones<\/strong>. Las he tomado pensando en el pa\u00eds y su futuro\u201d. M\u00e1s claro ni el agua. No se siente obligado a enterarnos por qu\u00e9 y el c\u00f3mo de sus decisiones, pero afirma que las ha llevado a cabo pensando en nuestro pa\u00eds y su futuro. Que significa ello, no lo sabemos. B\u00e1stenos saber el porqu\u00e9 act\u00faa como lo hace, no es factible descifrarlo ahora mismo, pero debemos estar tranquilos porque, evidentemente han sido tomadas en nuestro beneficio. Cre\u00e1moslo o no. En esta t\u00f3nica, aparentemente no es necesario agregar m\u00e1s.<br \/>\nAunque en un rango relativamente menor el <strong>Sr. Videgaray<\/strong> se aleja de las muy relevantes responsabilidades que ten\u00eda asignadas y aparentemente en el peor de los momentos. Pero tampoco merecemos la atenci\u00f3n de saber lo sucedido. Eso s\u00ed, podemos enterarnos de los arcanos del poder y de lo enormemente salut\u00edferos que nos resultar\u00e1\u00a0su ausencia.<br \/>\n<a class=\"no-eff img-link lightbox\" href=\"http:\/\/nofm-radio.com\/wp-content\/uploads\/2016\/09\/Trump.jpg\"><img loading=\"lazy\" decoding=\"async\" class=\"alignnone size-full wp-image-20105\" src=\"http:\/\/nofm-radio.com\/wp-content\/uploads\/2016\/09\/Trump.jpg\" alt=\"trump\" width=\"4272\" height=\"3204\" \/><\/a><br \/>\nEn suma, estas menciones plantean como la <strong>clase pol\u00edtica mexicana<\/strong> se escribe y se contesta sola. Sus voceros oficiales y oficiosos se encargan de descifrar y, dentro de lo posible, tranquilizar nuestros esp\u00edritus conturbados por los acontecimientos. Pero no nos merecemos ninguna explicaci\u00f3n, tampoco es necesario tomar en cuenta nuestra opini\u00f3n. Lo tomamos o lo dejamos eso es todo. El Jefe del Ejecutivo Federal por su parte no guarda las formas, no respeta las instancias definidas en las obligaciones en la<strong> Secretar\u00eda de Relaciones Exteriores<\/strong> y del <strong>Senado de la Rep\u00fablica<\/strong>. Tambi\u00e9n se re\u00fane a puerta cerrada con una agenda privada y sin conclusiones expresas a la vista. Su invitado, el bocazas Trump, interpreta a su gusto y beneficio en el mejor de sus estilos. Como pa\u00eds y ciudadanos vivimos en el peor de los mundos posible. Pero, l\u00f3gicamente debemos tener plena confianza en que le se\u00f1or <strong>Enrique Pe\u00f1a Nieto<\/strong> toma las decisiones m\u00e1s aceptadas, pertinentes y promisorias para nuestro futuro. Esta es nuestra impertinencia del momento.<\/p>\n","protected":false},"template":"","meta":{"_id_youtube":"","_id_vimeo":"","_podcasts_duration":"","_podcasts_url":"","_podcasts_show":"","_prog_horario_dias":"","_prog_hora":"","_prog_duration":""},"class_list":["post-20104","archivo","type-archivo","status-publish","hentry"],"_links":{"self":[{"href":"https:\/\/nofm-radio.com\/index.php?rest_route=\/wp\/v2\/archivo\/20104","targetHints":{"allow":["GET"]}}],"collection":[{"href":"https:\/\/nofm-radio.com\/index.php?rest_route=\/wp\/v2\/archivo"}],"about":[{"href":"https:\/\/nofm-radio.com\/index.php?rest_route=\/wp\/v2\/types\/archivo"}],"wp:attachment":[{"href":"https:\/\/nofm-radio.com\/index.php?rest_route=%2Fwp%2Fv2%2Fmedia&parent=20104"}],"curies":[{"name":"wp","href":"https:\/\/api.w.org\/{rel}","templated":true}]}}

<p>por <strong>Eliezer Morales Aragón<br />
</strong><br />
Una de las expresiones en el habla popular en <strong>España</strong> es <strong>el mentidero,</strong> refiriéndose al lugar donde algunas personas se reúnen para comentar asuntos relativos a temas o personas, casi siempre en el contexto o con el propósito de acotar e inclusive invitar algunas tópicos en torno a algo o alguien. En el caso de<strong> México</strong> es muy común la utilización de los comentarios relativamente bien informados que pasan por ser, a veces de modo infundado,<strong> fuentes confiables</strong> que habitualmente no desean ser identificadas por razones sólo atendibles a ellas mismas.<br />
Los acontecimientos en nuestro país se desarrollan a veces por razones inconfesables y en muchas de ellas por mera costumbre. El florecimiento de las prácticas del <strong>chismorreo</strong>, algunas de ellas claramente mendaces, sustituyen a la información que emiten de manera regular los <strong>gobiernos</strong> y casi siempre organizaciones conectadas con información y <strong>opiniones</strong> de la cosa pública. Se trata, en rigor, de una práctica totalmente inadecuada y que prolifera por la falta de confiabilidad en las informaciones provenientes u originadas en los organismos que debieran disfrutar de amplia credibilidad y que, en nuestro país realmente siempre han estado vinculados a prácticas maculadas en función del papel que le ha sido asignado en el ejercicio del poder.<br />
En las condiciones descritas, es factible y hasta necesario desarrollar una práctica que podría tener una utilidad relativamente atendible. Por ello la propuesta es la de interrogarnos constantemente, a título de preguntas impertinentes. Esto con el propósito de construir una práctica que podría desarrollarse de manera amplia en las <strong>redes sociales</strong> para esbozar o formular tesis esclarecedoras en torno a hechos, decires y en general aconteceres acerca de los cuales se tienen la sospecha o en su caso la reticencia de aclararlos o elucidarlos de manera adecuada.<br />
<a class="no-eff img-link lightbox" href="http://nofm-radio.com/wp-content/uploads/2016/09/trump_epn_mexico_800.jpg"><img loading="lazy" decoding="async" class="alignnone size-full wp-image-20106" src="http://nofm-radio.com/wp-content/uploads/2016/09/trump_epn_mexico_800.jpg" alt="trump_epn_mexico_800" width="800" height="535" /></a><br />
Los acontecimientos de la última semana nos permiten enfocar nuestra atención a dos cuestiones vinculadas que han sido motivo de una supuesta expectativa pública y que en rigor se ha desarrollado dentro de los carriles de una suerte de <strong>mentidero mexicano</strong>. Ello a pesar de que los acontecimientos han tenido como escenario los medios de información de los que nos nutrimos. En rigor, nuestra atención creemos que podemos y debemos enfocarla más a lo que se deja de decir o a lo que estos medios nos enteran de manera sesgada, parcial o visiblemente embozada.<br />
Se trata de encontrar alguna veta relevante en cuestiones que tiene ese carácter en nuestro ámbito público por su importancia intrínseca. Tal es el caso de la reciente visita del candidato republicano a la presidencia de los Estados Unidos, <strong>Donald Trump,</strong> y la también aparente consecuencia nefasta que ese acontecimiento desencadenó y culminó en la renuncia del <strong>Secretario de Hacienda</strong>, así como los ajustes indispensables que se originaron en ello.<br />
Deseamos destacar que los análisis se han desenvuelto en la dirección de los intereses del <strong>Jefe del Ejecutivo Federal</strong>, de <strong>Luis Videgaray</strong>, de su partido y demás consecuencias adicionales. Naturalmente todo el torbellino de comentarios desatado alrededor de todos estos accidentes e incidencias son muy importantes. La impertinencia que deseamos poner de relieve giraría en torno a la cuestión de una ausencia notable: el olvido total a la necesaria <strong>evaluación publica</strong> que los órganos gubernamentales y del Estado debieran formular y por lo tanto colocar como parte de acciones y reacciones que aparentemente sólo son del resorte e interés de quienes los maquinaron, ejercieron y, a la postre, reaccionaron ante los hechos.<br />
<a class="no-eff img-link lightbox" href="http://nofm-radio.com/wp-content/uploads/2016/09/Videgaray.jpg"><img loading="lazy" decoding="async" class="alignnone size-full wp-image-20107" src="http://nofm-radio.com/wp-content/uploads/2016/09/Videgaray.jpg" alt="videgaray" width="850" height="478" /></a><br />
Un examen así sea somero de los dos acontecimientos nos dirían que brillan por su ausencia las que debieran ser las cuestiones fundamentales a examinar, y en su caso avalar o reprobar, por tratarse de cuestiones de interés nacional o en su caso del resorte de tareas de gobierno que deben ser motivo de preocupación constante, en virtud de las responsabilidades que tienen encomendadas. En otras palabras, la discusión y en su caso la <strong>sanción</strong> correspondientes no se encuentran por ninguna parte. La <strong>ciudadanía</strong>, sus preocupaciones sobre el presente y las perspectivas sobre el país igualmente no se las ubica por ninguna parte. Se discute y evalúa acerca de la <strong>popularidad</strong>, o por el contrario la franca repulsa a determinadas conductas, pero no en función de intereses primordiales que son los que en primer término nos interesa como ciudadanos. En este sentido el futuro político, mediato e inmediato del Sr. Trump, de Videgaray y demás involucrados son datos, pero no hablan de las constantes inferencias en nuestra suerte como nación. Se maquinó y llevó a cabo una reunión del Sr. Trump con <strong>Enrique Peña Nieto</strong> con una secuela de sigilos que, si sólo concirnieran a ellos, serían adecuados y comprensibles. Pero no es el caso, se trata de asuntos que en rigor nos tocan particularmente a los mexicanos, a nuestro manejo como país y eventualmente nuestro futuro. Los ciudadanos nos enteramos como de una cuestión ajena y no tenemos la posibilidad y aparentemente tampoco es necesario que nos enteremos de nada.<br />
Por su parte el Jefe del Poder Ejecutivo nos dice crípticamente “<strong>Quizá hoy no se entienda el porqué de mis decisiones</strong>. Las he tomado pensando en el país y su futuro”. Más claro ni el agua. No se siente obligado a enterarnos por qué y el cómo de sus decisiones, pero afirma que las ha llevado a cabo pensando en nuestro país y su futuro. Que significa ello, no lo sabemos. Bástenos saber el porqué actúa como lo hace, no es factible descifrarlo ahora mismo, pero debemos estar tranquilos porque, evidentemente han sido tomadas en nuestro beneficio. Creámoslo o no. En esta tónica, aparentemente no es necesario agregar más.<br />
Aunque en un rango relativamente menor el <strong>Sr. Videgaray</strong> se aleja de las muy relevantes responsabilidades que tenía asignadas y aparentemente en el peor de los momentos. Pero tampoco merecemos la atención de saber lo sucedido. Eso sí, podemos enterarnos de los arcanos del poder y de lo enormemente salutíferos que nos resultará su ausencia.<br />
<a class="no-eff img-link lightbox" href="http://nofm-radio.com/wp-content/uploads/2016/09/Trump.jpg"><img loading="lazy" decoding="async" class="alignnone size-full wp-image-20105" src="http://nofm-radio.com/wp-content/uploads/2016/09/Trump.jpg" alt="trump" width="4272" height="3204" /></a><br />
En suma, estas menciones plantean como la <strong>clase política mexicana</strong> se escribe y se contesta sola. Sus voceros oficiales y oficiosos se encargan de descifrar y, dentro de lo posible, tranquilizar nuestros espíritus conturbados por los acontecimientos. Pero no nos merecemos ninguna explicación, tampoco es necesario tomar en cuenta nuestra opinión. Lo tomamos o lo dejamos eso es todo. El Jefe del Ejecutivo Federal por su parte no guarda las formas, no respeta las instancias definidas en las obligaciones en la<strong> Secretaría de Relaciones Exteriores</strong> y del <strong>Senado de la República</strong>. También se reúne a puerta cerrada con una agenda privada y sin conclusiones expresas a la vista. Su invitado, el bocazas Trump, interpreta a su gusto y beneficio en el mejor de sus estilos. Como país y ciudadanos vivimos en el peor de los mundos posible. Pero, lógicamente debemos tener plena confianza en que le señor <strong>Enrique Peña Nieto</strong> toma las decisiones más aceptadas, pertinentes y promisorias para nuestro futuro. Esta es nuestra impertinencia del momento.</p>
