{"id":20166,"date":"2016-09-12T17:01:10","date_gmt":"2016-09-12T22:01:10","guid":{"rendered":"http:\/\/nofm-radio.com\/?p=20166"},"modified":"2016-09-12T17:01:10","modified_gmt":"2016-09-12T22:01:10","slug":"8-textos-para-entender-que-todossomosfamilia","status":"publish","type":"archivo","link":"https:\/\/nofm-radio.com\/?archivo=8-textos-para-entender-que-todossomosfamilia","title":{"rendered":"8 textos para entender que #TodosSomosFamilia"},"content":{"rendered":"<p>Los argumentos parecen de risa, pero son m\u00e1s serios que nunca. El pasado fin de semana, casi mill\u00f3n y medio de personas, el <strong>0.88% de la poblaci\u00f3n nacional<\/strong>, seg\u00fan los organizadores, acudieron a las marchas <strong>#EnDefensaDeLaFamilia<\/strong>, y en contra del <strong>matrimonio igualitario<\/strong>, la <strong>equidad de g\u00e9nero<\/strong>, la <strong>ideolog\u00eda de g\u00e9nero<\/strong>, la adopci\u00f3n en <strong>familias homoparentales<\/strong>, y un largo y extra\u00f1o etc\u00e9tera. Lo que parec\u00eda una postura de la <strong>iglesia cat\u00f3lica<\/strong> en contra de una <strong>iniciativa presidencial<\/strong>, ha tornado en un movimiento intolerante y, a decir verdad, un tanto absurdo. Sin embargo, no es cuesti\u00f3n de burlarse ni de descalificar una manifestaci\u00f3n de este tipo. Ahora es necesario reflexionar sobre los derechos de todos, el de manifestarse y el de tener una vida digna.<br \/>\nAqu\u00ed les dejamos 8 textos para entender por qu\u00e9, m\u00e1s all\u00e1 de <strong>creencias, fe, filias y fobias, #TodosSomosFamilia<\/strong>.<br \/>\n<strong>* Marcha por la Familia: las tres islas de nuestro miedo, de Juan Carlos Franco<\/strong><br \/>\n&#8220;\u00bfQui\u00e9nes son ellos? \u00bfQu\u00e9 hacen aqu\u00ed, a las 9 de la ma\u00f1ana, marchando por esto? \u00bfQu\u00e9 tipo de familia tienen ellos mismos? \u00bfQui\u00e9n los convenci\u00f3 de venir? Hay m\u00e1s mujeres que hombres: \u00bfqu\u00e9 existe dentro de una mujer para marchar aqu\u00ed, para pensar que los derechos que su g\u00e9nero gan\u00f3 hace pocos a\u00f1os no los merece alguien m\u00e1s? \u00bfTienen conciencia de estos derechos? \u00bfQui\u00e9nes son esos chicos que est\u00e1n ac\u00e1 en vez de estar levant\u00e1ndose tarde, jugando Xbox o leyendo un libro? O a\u00fan m\u00e1s: \u00bfqui\u00e9nes ser\u00e1n ellos, esos j\u00f3venes y esos ni\u00f1os y ni\u00f1as, cuando crezcan? \u00bfQu\u00e9 tipo de ciudadanos, qu\u00e9 tipo de madres, qu\u00e9 clase de cat\u00f3licos?&#8221; Lee el texto completo publicado en <strong><a href=\"http:\/\/horizontal.mx\/marcha-por-la-familia-las-tres-islas-de-nuestro-miedo\/\" target=\"_blank\" rel=\"noopener noreferrer\">Horizontal<\/a><\/strong>.<br \/>\n&nbsp;<br \/>\n<a class=\"no-eff img-link lightbox\" href=\"http:\/\/nofm-radio.com\/wp-content\/uploads\/2016\/09\/familia-6.jpg\"><img loading=\"lazy\" decoding=\"async\" class=\"size-full wp-image-20173 aligncenter\" src=\"http:\/\/nofm-radio.com\/wp-content\/uploads\/2016\/09\/familia-6.jpg\" alt=\"familia-6\" width=\"800\" height=\"533\" \/><\/a><br \/>\n&nbsp;<br \/>\n<strong>* #TodosSomosFamilia, de Denise Dresser<\/strong><br \/>\n&#8220;Lo que est\u00e1 en juego en M\u00e9xico con la aprobaci\u00f3n de los matrimonios igualitarios es el reconocimiento de que todos los seres humanos \u2013hombres, mujeres, gays, lesbianas\u2013 tienen derechos naturales e inalienables. Derechos que trascienden la religi\u00f3n, las costumbres, la aprobaci\u00f3n social. Derechos que durante demasiado tiempo han sido ignorados o pisoteados. Derechos que las parejas heterosexuales han tenido y las parejas homosexuales han exigido. Y s\u00ed, la Iglesia cat\u00f3lica no est\u00e1 de acuerdo. Y s\u00ed, el Islam no est\u00e1 de acuerdo, Y s\u00ed, el Frente por la Defensa de la Familia no est\u00e1 de acuerdo. Pero precisamente por ello la revoluci\u00f3n francesa busc\u00f3 la separaci\u00f3n Estado-Iglesia y las revoluciones posteriores que gestaron el constitucionalismo liberal tambi\u00e9n lo hicieron. Para que la ley de cualquier Dios no prevaleciera sobre la ley del hombre. Para que las mayor\u00edas no impusieran sus preferencias a las minor\u00edas. Para crear contextos de secularismo y tolerancia y convivencia y respeto. Para que la democracia lograra escapar de los dogmas.&#8221; Lee el texto completo publicado en <strong><a href=\"http:\/\/www.proceso.com.mx\/454622\/todossomosfamilia\" target=\"_blank\" rel=\"noopener noreferrer\">Proceso<\/a><\/strong>.<br \/>\n&nbsp;<br \/>\n<a class=\"no-eff img-link lightbox\" href=\"http:\/\/nofm-radio.com\/wp-content\/uploads\/2016\/09\/familia-5.jpg\"><img loading=\"lazy\" decoding=\"async\" class=\"size-full wp-image-20174 aligncenter\" src=\"http:\/\/nofm-radio.com\/wp-content\/uploads\/2016\/09\/familia-5.jpg\" alt=\"familia-5\" width=\"680\" height=\"401\" \/><\/a><br \/>\n&nbsp;<br \/>\n<strong>* La mentira del opresor: el privilegio heterosexual y las marchas contra los derechos humanos, de Ricardo Quintana<\/strong><br \/>\n&#8220;No importa cu\u00e1nto insistamos que las marchas nos lastiman o expliquemos que tienen el mismo efecto del odio violento. Nosotros enunciamos desde la marginalidad y nuestra voz no importa. El hom\u00f3fobo tolerante quiere pensar que nunca tomar\u00eda el rifle de asalto para disparar contra personas en un bar en Orlando o Veracruz, pero cada vez que marcha, que le explica a sus hijos que somos los malos, los asquerosos y los condenados, genera las condiciones en las que el odio es normal. La violencia contra los cuerpos es el resultado final de este odio. Las marchas son el rifle de los moderados y de los decentes que nos quieren con miedo, encerrados en nuestras casas, lejos de las escuelas, de los orfanatos y del registro civil.&#8221; Lee el texto completo publicado en <strong><a href=\"http:\/\/economia.nexos.com.mx\/?p=186\" target=\"_blank\" rel=\"noopener noreferrer\">Nexos<\/a><\/strong>.<br \/>\n&nbsp;<br \/>\n<a class=\"no-eff img-link lightbox\" href=\"http:\/\/nofm-radio.com\/wp-content\/uploads\/2016\/09\/familia-4.png\"><img loading=\"lazy\" decoding=\"async\" class=\"size-full wp-image-20175 aligncenter\" src=\"http:\/\/nofm-radio.com\/wp-content\/uploads\/2016\/09\/familia-4.png\" alt=\"familia-4\" width=\"791\" height=\"612\" \/><\/a><br \/>\n&nbsp;<br \/>\n<strong>* Una \u00faltima apelaci\u00f3n a la caridad cristiana, de Javier Berain<\/strong><br \/>\n&#8220;Podr\u00e1n repudiarme y faltar constantemente a la caridad cristiana discrimin\u00e1ndome como indigno de un sacramento religioso. All\u00e1 ustedes y sus conciencias. Lo que no pueden hacer es negarme mis Derechos Humanos que establecen que ustedes y yo somos iguales ante la Ley. El Frente Nacional por la Familia quiere que yo sea un ciudadano de segunda. Quiere que sea objeto de repudio p\u00fablico. Quiere que sea invisible para el Estado. Quiere que el hecho de haber nacido de tal o cual forma determine las oportunidades a las que tenemos acceso todos y todas. Quiere ciudadanos de primera y de segunda.&#8221; Lee el texto completo publicado en <strong><a href=\"http:\/\/www.animalpolitico.com\/blogueros-blog-invitado\/2016\/09\/08\/una-ultima-apelacion-la-caridad-cristiana\/\" target=\"_blank\" rel=\"noopener noreferrer\">Animal Pol\u00edtico<\/a><\/strong>.<br \/>\n&nbsp;<br \/>\n<a class=\"no-eff img-link lightbox\" href=\"http:\/\/nofm-radio.com\/wp-content\/uploads\/2016\/09\/familia-3.jpg\"><img loading=\"lazy\" decoding=\"async\" class=\"size-full wp-image-20176 aligncenter\" src=\"http:\/\/nofm-radio.com\/wp-content\/uploads\/2016\/09\/familia-3.jpg\" alt=\"familia-3\" width=\"612\" height=\"457\" \/><\/a><br \/>\n&nbsp;<br \/>\n<strong>* \u00bfCon las marchas o con los matrimonios gay?, de Jorge G. Casta\u00f1eda<\/strong><br \/>\n&#8220;Por eso me agradan las marchas. Sus participantes defienden abiertamente sus ideas, por arcaicas que parezcan en el segundo decenio del siglo XXI. El problema es que el otro bando, los que apoyamos con entusiasmo la iniciativa y sobre todo el principio de los matrimonios entre las personas de cualquier preferencia sexual o identidad de g\u00e9nero, no lo hacemos. Me gustar\u00eda ver marchas no solamente de la comunidad LGTBII, sino de sus partidarios que no pertenecen a ella. Espero -y esta una segunda raz\u00f3n- que las manifestaciones de la derecha cat\u00f3lica provoquen un movimiento en defensa de la modernidad, de la afinidad de M\u00e9xico con el resto del mundo (salvo el isl\u00e1mico) y de la tolerancia.&#8221; Lee el texto completo publicado en <strong><a href=\"http:\/\/www.milenio.com\/firmas\/jorge_castaneda\/marchas-matrimonios-gay_18_810099004.html\" target=\"_blank\" rel=\"noopener noreferrer\">Milenio<\/a><\/strong>.<br \/>\n&nbsp;<br \/>\n<a class=\"no-eff img-link lightbox\" href=\"http:\/\/nofm-radio.com\/wp-content\/uploads\/2016\/09\/familia-2.png\"><img loading=\"lazy\" decoding=\"async\" class=\"size-full wp-image-20177 aligncenter\" src=\"http:\/\/nofm-radio.com\/wp-content\/uploads\/2016\/09\/familia-2.png\" alt=\"familia-2\" width=\"812\" height=\"538\" \/><\/a><br \/>\n&nbsp;<br \/>\n<strong>* Entrevista al padre Alejandro Solalinde<\/strong><br \/>\n\u201cla Iglesia cat\u00f3lica est\u00e1 en crisis porque sigue con la man\u00eda de juzgar y Jes\u00fas no juzgaba, sigue la man\u00eda de etiquetar y excluir y Jes\u00fas promov\u00eda el amor incluyente y muchos no saben qu\u00e9 es el amor incluyente.\u201d Lee la entrevista publicada en <strong><a href=\"http:\/\/www.proceso.com.mx\/454552\/critica-padre-solalinde-iglesia-convoque-a-realizar-marchas-contra-la-injusticia\" target=\"_blank\" rel=\"noopener noreferrer\">Proceso<\/a><\/strong>.<br \/>\n&nbsp;<br \/>\n<a class=\"no-eff img-link lightbox\" href=\"http:\/\/nofm-radio.com\/wp-content\/uploads\/2016\/09\/familia-1.jpg\"><img loading=\"lazy\" decoding=\"async\" class=\"size-full wp-image-20178 aligncenter\" src=\"http:\/\/nofm-radio.com\/wp-content\/uploads\/2016\/09\/familia-1.jpg\" alt=\"familia-1\" width=\"624\" height=\"351\" \/><\/a><br \/>\n&nbsp;<br \/>\n<strong>* Adem\u00e1s de hom\u00f3fobos, mentirosos, de Ricardo Raphael<\/strong><br \/>\n&#8220;reivindican evitar que la familia sea destruida y sin embargo s\u00f3lo est\u00e1n dispuestos a reconocer a una fracci\u00f3n de todas las familias que hay en M\u00e9xico. Ignoran que hoy no son mayor\u00eda las que est\u00e1n integradas por un matrimonio compuesto por pap\u00e1, mam\u00e1 e hijitos.&#8221; Lee el texto completo publicado por <strong><a href=\"http:\/\/www.eluniversal.com.mx\/entrada-de-opinion\/columna\/ricardo-raphael\/nacion\/2016\/09\/12\/ademas-de-homofobos-mentirosos\" target=\"_blank\" rel=\"noopener noreferrer\">El Universal<\/a><\/strong>.<br \/>\n&nbsp;<br \/>\n<a class=\"no-eff img-link lightbox\" href=\"http:\/\/nofm-radio.com\/wp-content\/uploads\/2016\/09\/familia.jpg\"><img loading=\"lazy\" decoding=\"async\" class=\"size-full wp-image-20179 aligncenter\" src=\"http:\/\/nofm-radio.com\/wp-content\/uploads\/2016\/09\/familia.jpg\" alt=\"familia\" width=\"624\" height=\"351\" \/><\/a><br \/>\n&nbsp;<br \/>\n<strong>* Ante el odio #Apostas\u00edaYa, de Omar Feliciano<\/strong><br \/>\n&#8220;Lo que siglos de desarrollo teol\u00f3gico no lograron, el odio lo pudo: las asociaciones religiosas de diversas denominaciones dejaron atr\u00e1s el encono y los cismas para marchar pidiendo la restricci\u00f3n de derechos para las parejas del mismo sexo y sus hijos e hijas. Cat\u00f3licos, evang\u00e9licos, mormones y algunas otras iglesias han iniciado una cruzada, instigada por la iniciativa de Pe\u00f1a Nieto. Gracias presidente, no s\u00f3lo mat\u00f3 el nacionalismo revolucionario al invitar a Trump en calidad de Jefe de Estado, sino que revivi\u00f3 a la Cristiada con su iniciativa hueca que anunci\u00f3 para presentarse como progresista.&#8221; Lee el texto completo publicado en <strong><a href=\"http:\/\/www.animalpolitico.com\/blogueros-punto-gire\/2016\/09\/12\/ante-odio-apostasiaya\/\" target=\"_blank\" rel=\"noopener noreferrer\">Animal Pol\u00edtico<\/a><\/strong>.<br \/>\n&nbsp;<br \/>\n<a class=\"no-eff img-link lightbox\" href=\"http:\/\/nofm-radio.com\/wp-content\/uploads\/2016\/09\/familia8.jpg\"><img loading=\"lazy\" decoding=\"async\" class=\"alignnone size-full wp-image-20180\" src=\"http:\/\/nofm-radio.com\/wp-content\/uploads\/2016\/09\/familia8.jpg\" alt=\"familia8\" width=\"3264\" height=\"1836\" \/><\/a><br \/>\n&nbsp;<br \/>\nAs\u00ed es, muchachos y muchachas, en estos momentos en que todos hablan de <strong>normalidad y naturalidad<\/strong>, hay que insistir que en nuestra especia humana no tendr\u00eda que haber nada m\u00e1s natural y normal que los derechos humanos para todos y todas.<\/p>\n","protected":false},"template":"","meta":{"_id_youtube":"","_id_vimeo":"","_podcasts_duration":"","_podcasts_url":"","_podcasts_show":"","_prog_horario_dias":"","_prog_hora":"","_prog_duration":""},"class_list":["post-20166","archivo","type-archivo","status-publish","hentry"],"_links":{"self":[{"href":"https:\/\/nofm-radio.com\/index.php?rest_route=\/wp\/v2\/archivo\/20166","targetHints":{"allow":["GET"]}}],"collection":[{"href":"https:\/\/nofm-radio.com\/index.php?rest_route=\/wp\/v2\/archivo"}],"about":[{"href":"https:\/\/nofm-radio.com\/index.php?rest_route=\/wp\/v2\/types\/archivo"}],"wp:attachment":[{"href":"https:\/\/nofm-radio.com\/index.php?rest_route=%2Fwp%2Fv2%2Fmedia&parent=20166"}],"curies":[{"name":"wp","href":"https:\/\/api.w.org\/{rel}","templated":true}]}}

<p>Los argumentos parecen de risa, pero son más serios que nunca. El pasado fin de semana, casi millón y medio de personas, el <strong>0.88% de la población nacional</strong>, según los organizadores, acudieron a las marchas <strong>#EnDefensaDeLaFamilia</strong>, y en contra del <strong>matrimonio igualitario</strong>, la <strong>equidad de género</strong>, la <strong>ideología de género</strong>, la adopción en <strong>familias homoparentales</strong>, y un largo y extraño etcétera. Lo que parecía una postura de la <strong>iglesia católica</strong> en contra de una <strong>iniciativa presidencial</strong>, ha tornado en un movimiento intolerante y, a decir verdad, un tanto absurdo. Sin embargo, no es cuestión de burlarse ni de descalificar una manifestación de este tipo. Ahora es necesario reflexionar sobre los derechos de todos, el de manifestarse y el de tener una vida digna.<br />
Aquí les dejamos 8 textos para entender por qué, más allá de <strong>creencias, fe, filias y fobias, #TodosSomosFamilia</strong>.<br />
<strong>* Marcha por la Familia: las tres islas de nuestro miedo, de Juan Carlos Franco</strong><br />
&#8220;¿Quiénes son ellos? ¿Qué hacen aquí, a las 9 de la mañana, marchando por esto? ¿Qué tipo de familia tienen ellos mismos? ¿Quién los convenció de venir? Hay más mujeres que hombres: ¿qué existe dentro de una mujer para marchar aquí, para pensar que los derechos que su género ganó hace pocos años no los merece alguien más? ¿Tienen conciencia de estos derechos? ¿Quiénes son esos chicos que están acá en vez de estar levantándose tarde, jugando Xbox o leyendo un libro? O aún más: ¿quiénes serán ellos, esos jóvenes y esos niños y niñas, cuando crezcan? ¿Qué tipo de ciudadanos, qué tipo de madres, qué clase de católicos?&#8221; Lee el texto completo publicado en <strong><a href="http://horizontal.mx/marcha-por-la-familia-las-tres-islas-de-nuestro-miedo/" target="_blank" rel="noopener noreferrer">Horizontal</a></strong>.<br />
&nbsp;<br />
<a class="no-eff img-link lightbox" href="http://nofm-radio.com/wp-content/uploads/2016/09/familia-6.jpg"><img loading="lazy" decoding="async" class="size-full wp-image-20173 aligncenter" src="http://nofm-radio.com/wp-content/uploads/2016/09/familia-6.jpg" alt="familia-6" width="800" height="533" /></a><br />
&nbsp;<br />
<strong>* #TodosSomosFamilia, de Denise Dresser</strong><br />
&#8220;Lo que está en juego en México con la aprobación de los matrimonios igualitarios es el reconocimiento de que todos los seres humanos –hombres, mujeres, gays, lesbianas– tienen derechos naturales e inalienables. Derechos que trascienden la religión, las costumbres, la aprobación social. Derechos que durante demasiado tiempo han sido ignorados o pisoteados. Derechos que las parejas heterosexuales han tenido y las parejas homosexuales han exigido. Y sí, la Iglesia católica no está de acuerdo. Y sí, el Islam no está de acuerdo, Y sí, el Frente por la Defensa de la Familia no está de acuerdo. Pero precisamente por ello la revolución francesa buscó la separación Estado-Iglesia y las revoluciones posteriores que gestaron el constitucionalismo liberal también lo hicieron. Para que la ley de cualquier Dios no prevaleciera sobre la ley del hombre. Para que las mayorías no impusieran sus preferencias a las minorías. Para crear contextos de secularismo y tolerancia y convivencia y respeto. Para que la democracia lograra escapar de los dogmas.&#8221; Lee el texto completo publicado en <strong><a href="http://www.proceso.com.mx/454622/todossomosfamilia" target="_blank" rel="noopener noreferrer">Proceso</a></strong>.<br />
&nbsp;<br />
<a class="no-eff img-link lightbox" href="http://nofm-radio.com/wp-content/uploads/2016/09/familia-5.jpg"><img loading="lazy" decoding="async" class="size-full wp-image-20174 aligncenter" src="http://nofm-radio.com/wp-content/uploads/2016/09/familia-5.jpg" alt="familia-5" width="680" height="401" /></a><br />
&nbsp;<br />
<strong>* La mentira del opresor: el privilegio heterosexual y las marchas contra los derechos humanos, de Ricardo Quintana</strong><br />
&#8220;No importa cuánto insistamos que las marchas nos lastiman o expliquemos que tienen el mismo efecto del odio violento. Nosotros enunciamos desde la marginalidad y nuestra voz no importa. El homófobo tolerante quiere pensar que nunca tomaría el rifle de asalto para disparar contra personas en un bar en Orlando o Veracruz, pero cada vez que marcha, que le explica a sus hijos que somos los malos, los asquerosos y los condenados, genera las condiciones en las que el odio es normal. La violencia contra los cuerpos es el resultado final de este odio. Las marchas son el rifle de los moderados y de los decentes que nos quieren con miedo, encerrados en nuestras casas, lejos de las escuelas, de los orfanatos y del registro civil.&#8221; Lee el texto completo publicado en <strong><a href="http://economia.nexos.com.mx/?p=186" target="_blank" rel="noopener noreferrer">Nexos</a></strong>.<br />
&nbsp;<br />
<a class="no-eff img-link lightbox" href="http://nofm-radio.com/wp-content/uploads/2016/09/familia-4.png"><img loading="lazy" decoding="async" class="size-full wp-image-20175 aligncenter" src="http://nofm-radio.com/wp-content/uploads/2016/09/familia-4.png" alt="familia-4" width="791" height="612" /></a><br />
&nbsp;<br />
<strong>* Una última apelación a la caridad cristiana, de Javier Berain</strong><br />
&#8220;Podrán repudiarme y faltar constantemente a la caridad cristiana discriminándome como indigno de un sacramento religioso. Allá ustedes y sus conciencias. Lo que no pueden hacer es negarme mis Derechos Humanos que establecen que ustedes y yo somos iguales ante la Ley. El Frente Nacional por la Familia quiere que yo sea un ciudadano de segunda. Quiere que sea objeto de repudio público. Quiere que sea invisible para el Estado. Quiere que el hecho de haber nacido de tal o cual forma determine las oportunidades a las que tenemos acceso todos y todas. Quiere ciudadanos de primera y de segunda.&#8221; Lee el texto completo publicado en <strong><a href="http://www.animalpolitico.com/blogueros-blog-invitado/2016/09/08/una-ultima-apelacion-la-caridad-cristiana/" target="_blank" rel="noopener noreferrer">Animal Político</a></strong>.<br />
&nbsp;<br />
<a class="no-eff img-link lightbox" href="http://nofm-radio.com/wp-content/uploads/2016/09/familia-3.jpg"><img loading="lazy" decoding="async" class="size-full wp-image-20176 aligncenter" src="http://nofm-radio.com/wp-content/uploads/2016/09/familia-3.jpg" alt="familia-3" width="612" height="457" /></a><br />
&nbsp;<br />
<strong>* ¿Con las marchas o con los matrimonios gay?, de Jorge G. Castañeda</strong><br />
&#8220;Por eso me agradan las marchas. Sus participantes defienden abiertamente sus ideas, por arcaicas que parezcan en el segundo decenio del siglo XXI. El problema es que el otro bando, los que apoyamos con entusiasmo la iniciativa y sobre todo el principio de los matrimonios entre las personas de cualquier preferencia sexual o identidad de género, no lo hacemos. Me gustaría ver marchas no solamente de la comunidad LGTBII, sino de sus partidarios que no pertenecen a ella. Espero -y esta una segunda razón- que las manifestaciones de la derecha católica provoquen un movimiento en defensa de la modernidad, de la afinidad de México con el resto del mundo (salvo el islámico) y de la tolerancia.&#8221; Lee el texto completo publicado en <strong><a href="http://www.milenio.com/firmas/jorge_castaneda/marchas-matrimonios-gay_18_810099004.html" target="_blank" rel="noopener noreferrer">Milenio</a></strong>.<br />
&nbsp;<br />
<a class="no-eff img-link lightbox" href="http://nofm-radio.com/wp-content/uploads/2016/09/familia-2.png"><img loading="lazy" decoding="async" class="size-full wp-image-20177 aligncenter" src="http://nofm-radio.com/wp-content/uploads/2016/09/familia-2.png" alt="familia-2" width="812" height="538" /></a><br />
&nbsp;<br />
<strong>* Entrevista al padre Alejandro Solalinde</strong><br />
“la Iglesia católica está en crisis porque sigue con la manía de juzgar y Jesús no juzgaba, sigue la manía de etiquetar y excluir y Jesús promovía el amor incluyente y muchos no saben qué es el amor incluyente.” Lee la entrevista publicada en <strong><a href="http://www.proceso.com.mx/454552/critica-padre-solalinde-iglesia-convoque-a-realizar-marchas-contra-la-injusticia" target="_blank" rel="noopener noreferrer">Proceso</a></strong>.<br />
&nbsp;<br />
<a class="no-eff img-link lightbox" href="http://nofm-radio.com/wp-content/uploads/2016/09/familia-1.jpg"><img loading="lazy" decoding="async" class="size-full wp-image-20178 aligncenter" src="http://nofm-radio.com/wp-content/uploads/2016/09/familia-1.jpg" alt="familia-1" width="624" height="351" /></a><br />
&nbsp;<br />
<strong>* Además de homófobos, mentirosos, de Ricardo Raphael</strong><br />
&#8220;reivindican evitar que la familia sea destruida y sin embargo sólo están dispuestos a reconocer a una fracción de todas las familias que hay en México. Ignoran que hoy no son mayoría las que están integradas por un matrimonio compuesto por papá, mamá e hijitos.&#8221; Lee el texto completo publicado por <strong><a href="http://www.eluniversal.com.mx/entrada-de-opinion/columna/ricardo-raphael/nacion/2016/09/12/ademas-de-homofobos-mentirosos" target="_blank" rel="noopener noreferrer">El Universal</a></strong>.<br />
&nbsp;<br />
<a class="no-eff img-link lightbox" href="http://nofm-radio.com/wp-content/uploads/2016/09/familia.jpg"><img loading="lazy" decoding="async" class="size-full wp-image-20179 aligncenter" src="http://nofm-radio.com/wp-content/uploads/2016/09/familia.jpg" alt="familia" width="624" height="351" /></a><br />
&nbsp;<br />
<strong>* Ante el odio #ApostasíaYa, de Omar Feliciano</strong><br />
&#8220;Lo que siglos de desarrollo teológico no lograron, el odio lo pudo: las asociaciones religiosas de diversas denominaciones dejaron atrás el encono y los cismas para marchar pidiendo la restricción de derechos para las parejas del mismo sexo y sus hijos e hijas. Católicos, evangélicos, mormones y algunas otras iglesias han iniciado una cruzada, instigada por la iniciativa de Peña Nieto. Gracias presidente, no sólo mató el nacionalismo revolucionario al invitar a Trump en calidad de Jefe de Estado, sino que revivió a la Cristiada con su iniciativa hueca que anunció para presentarse como progresista.&#8221; Lee el texto completo publicado en <strong><a href="http://www.animalpolitico.com/blogueros-punto-gire/2016/09/12/ante-odio-apostasiaya/" target="_blank" rel="noopener noreferrer">Animal Político</a></strong>.<br />
&nbsp;<br />
<a class="no-eff img-link lightbox" href="http://nofm-radio.com/wp-content/uploads/2016/09/familia8.jpg"><img loading="lazy" decoding="async" class="alignnone size-full wp-image-20180" src="http://nofm-radio.com/wp-content/uploads/2016/09/familia8.jpg" alt="familia8" width="3264" height="1836" /></a><br />
&nbsp;<br />
Así es, muchachos y muchachas, en estos momentos en que todos hablan de <strong>normalidad y naturalidad</strong>, hay que insistir que en nuestra especia humana no tendría que haber nada más natural y normal que los derechos humanos para todos y todas.</p>
