{"id":20206,"date":"2016-09-14T17:08:18","date_gmt":"2016-09-14T22:08:18","guid":{"rendered":"http:\/\/nofm-radio.com\/?p=20206"},"modified":"2016-09-14T17:08:18","modified_gmt":"2016-09-14T22:08:18","slug":"motivosparamarchar-hagamos-una-asamblea-destituyente","status":"publish","type":"archivo","link":"https:\/\/nofm-radio.com\/?archivo=motivosparamarchar-hagamos-una-asamblea-destituyente","title":{"rendered":"#MotivosParaMarchar: hagamos una Asamblea Destituyente"},"content":{"rendered":"<p>La sensaci\u00f3n es casi siempre la misma: sentimos que tenemos much\u00edsimos <strong>motivos para marchar<\/strong>, siempre es necesario tomar las calles, reunirnos y ejercer nuestra <strong>ciudadan\u00eda<\/strong>. Sin embargo, el estr\u00e9s post marcha siempre ataca: \u00bfqu\u00e9 hacer despu\u00e9s de la catarsis colectiva?, \u00bfc\u00f3mo hacer que el grito y el caminar trasciendan?, \u00bfdespu\u00e9s de marchar de nuevo, qu\u00e9?<br \/>\nEste <strong>15 de septiembre<\/strong>, nos sobran motivos para marchar, ni siquiera tenemos que enumerarlos, pero tambi\u00e9n es una oportunidad para organizarnos de otra manera. Una de las propuestas que ha surgido es instaurar una <strong>Asamblea Destituyente<\/strong>. Si la clase pol\u00edtica va a instaurar la <strong>Constituyente de la Ciudad de M\u00e9xico<\/strong>, la ciudadan\u00eda debe organizarse para deshacerse de simulaciones, enga\u00f1os, abusos y malas decisiones.<br \/>\nAc\u00e1 una propuesta. Ojal\u00e1 que no sea la \u00fanica. Nos vemos en las calles para gritar <strong>#RenunciaYa.<\/strong><br \/>\n<a class=\"no-eff img-link lightbox\" href=\"http:\/\/nofm-radio.com\/wp-content\/uploads\/2016\/09\/Asamblea-destituyente.jpg\"><img loading=\"lazy\" decoding=\"async\" class=\"alignnone size-full wp-image-20207\" src=\"http:\/\/nofm-radio.com\/wp-content\/uploads\/2016\/09\/Asamblea-destituyente.jpg\" alt=\"asamblea-destituyente\" width=\"1020\" height=\"1024\" \/><\/a><\/p>\n","protected":false},"template":"","meta":{"_id_youtube":"","_id_vimeo":"","_podcasts_duration":"","_podcasts_url":"","_podcasts_show":"","_prog_horario_dias":"","_prog_hora":"","_prog_duration":""},"class_list":["post-20206","archivo","type-archivo","status-publish","hentry"],"_links":{"self":[{"href":"https:\/\/nofm-radio.com\/index.php?rest_route=\/wp\/v2\/archivo\/20206","targetHints":{"allow":["GET"]}}],"collection":[{"href":"https:\/\/nofm-radio.com\/index.php?rest_route=\/wp\/v2\/archivo"}],"about":[{"href":"https:\/\/nofm-radio.com\/index.php?rest_route=\/wp\/v2\/types\/archivo"}],"wp:attachment":[{"href":"https:\/\/nofm-radio.com\/index.php?rest_route=%2Fwp%2Fv2%2Fmedia&parent=20206"}],"curies":[{"name":"wp","href":"https:\/\/api.w.org\/{rel}","templated":true}]}}

<p>La sensación es casi siempre la misma: sentimos que tenemos muchísimos <strong>motivos para marchar</strong>, siempre es necesario tomar las calles, reunirnos y ejercer nuestra <strong>ciudadanía</strong>. Sin embargo, el estrés post marcha siempre ataca: ¿qué hacer después de la catarsis colectiva?, ¿cómo hacer que el grito y el caminar trasciendan?, ¿después de marchar de nuevo, qué?<br />
Este <strong>15 de septiembre</strong>, nos sobran motivos para marchar, ni siquiera tenemos que enumerarlos, pero también es una oportunidad para organizarnos de otra manera. Una de las propuestas que ha surgido es instaurar una <strong>Asamblea Destituyente</strong>. Si la clase política va a instaurar la <strong>Constituyente de la Ciudad de México</strong>, la ciudadanía debe organizarse para deshacerse de simulaciones, engaños, abusos y malas decisiones.<br />
Acá una propuesta. Ojalá que no sea la única. Nos vemos en las calles para gritar <strong>#RenunciaYa.</strong><br />
<a class="no-eff img-link lightbox" href="http://nofm-radio.com/wp-content/uploads/2016/09/Asamblea-destituyente.jpg"><img loading="lazy" decoding="async" class="alignnone size-full wp-image-20207" src="http://nofm-radio.com/wp-content/uploads/2016/09/Asamblea-destituyente.jpg" alt="asamblea-destituyente" width="1020" height="1024" /></a></p>
