{"id":20222,"date":"2016-09-19T13:21:10","date_gmt":"2016-09-19T18:21:10","guid":{"rendered":"http:\/\/nofm-radio.com\/?p=20222"},"modified":"2016-09-19T13:21:10","modified_gmt":"2016-09-19T18:21:10","slug":"nationalgeograffiti-38-paseo-del-norte","status":"publish","type":"archivo","link":"https:\/\/nofm-radio.com\/?archivo=nationalgeograffiti-38-paseo-del-norte","title":{"rendered":"#NationalGeograffiti 38: Pas(e)o del Norte"},"content":{"rendered":"<p>por <strong>Christopher Nilton Arredondo<\/strong><br \/>\n<a href=\"https:\/\/twitter.com\/niltopher\" target=\"_blank\" rel=\"noopener noreferrer\">@niltopher<\/a><br \/>\n<strong>Nicol\u00e1s Alvarado<\/strong> cita en su pol\u00e9mico art\u00edculo de <em><strong>Milenio<\/strong><\/em> a <strong>Jos\u00e9 Luis Paredes Pacho<\/strong>, director del <strong>Museo Universitario del Chopo<\/strong>, en torno a la obra de <strong>Juan Gabriel<\/strong>: \u201csi oyes el popurr\u00ed de Bellas Artes, ver\u00e1s el hallazgo de un<strong> mariachi soul<\/strong>, con arreglos tipo era de Acuario y riffs de guitarra funk con orquesta sinf\u00f3nica.\u201d Lejos de la precisi\u00f3n que tiene Pacho para la cultura pop, <a href=\"http:\/\/nofm-radio.com\/2015\/09\/nationalgeograffiti-10-el-problema-de-la-propuesta-o-el-coyote-por-la-boca-muere\/\" target=\"_blank\" rel=\"noopener noreferrer\">escrib\u00ed en un graffiti anterior, a prop\u00f3sito de <strong>Negro Coyote<\/strong><\/a>, que el \u00e9xito de Juanga viene de la fusi\u00f3n de elementos, tanto de la m\u00fasica popular m\u00e1s difundida en M\u00e9xico y Am\u00e9rica latina antes de los 60, como de las tendencias internacionales (principalmente anglosajonas) m\u00e1s difundidas luego de esa d\u00e9cada.<br \/>\nEstamos de acuerdo en que el m\u00e9rito de <strong>Alberto Aguilera Valadez<\/strong> para convertirse en figura de renombre es indiscutible. Sin embargo, su fama no le resta solidez a las observaciones muy personales de Alvarado. Curioso, a m\u00ed tampoco me gustaba Alvarado como director de <strong>TvUNAM<\/strong>, precisamente por \u201csu aura Televisa\u201d y el \u201cclasismo\u201d; sin embargo, su art\u00edculo expres\u00f3 no s\u00f3lo su sentir sino el m\u00edo: a m\u00ed, <strong>Nilton Arredondo<\/strong>, tampoco me gusta Juanga, y su muerte me viene guanga.<br \/>\nQue quede claro entonces que no fue <strong>Juanga<\/strong> lo que me llev\u00f3 a <strong>Cd. Ju\u00e1rez<\/strong> el pasado 9 de septiembre, aunque mis fotos afuera de su casa y del estacionamiento que sol\u00eda ser el <strong>Noa Noa<\/strong> digan lo contrario. Fui a reunirme con mi hermosa amiga Karen, para darle en persona uno de esos abrazos con los que uno se despide por Whatsapp. Como no creo en la predestinaci\u00f3n, considero puritita casualidad que mi amiga viva en la misma ciudad en la que naci\u00f3 el difunto divo, que tuvo a tantos seguidores consternados durante semanas.<br \/>\n<a class=\"no-eff img-link lightbox\" href=\"http:\/\/nofm-radio.com\/wp-content\/uploads\/2016\/09\/Ju\u00e1rez1.jpg\"><img loading=\"lazy\" decoding=\"async\" class=\"size-full wp-image-20223 aligncenter\" src=\"http:\/\/nofm-radio.com\/wp-content\/uploads\/2016\/09\/Ju\u00e1rez1.jpg\" alt=\"juarez1\" width=\"800\" height=\"400\" \/><\/a><\/p>\n<p style=\"text-align: center;\"><strong>***<\/strong><\/p>\n<p>A <strong>Chihuahua<\/strong> llegu\u00e9 para leer unos textos en el marco del <strong>Encuentro Nacional de Escritores J\u00f3venes Jes\u00fas Gardea<\/strong>. La cita fue en La Casa de los Milagros (Victoria #812, Centro), un restaurante-caf\u00e9-bar de apariencia hist\u00f3rica. Tuve oportunidad de escuchar a escritores j\u00f3venes, algunos malos lectores en voz alta, pero todos t\u00e9cnicamente muy buenos, \u201ccon oficio\u201d dir\u00edan por all\u00ed. Mi mayor entusiasmo se lo llevaron los narradores; Jordano, Mariana e Itzel, son algunos nombres que recuerdo con admiraci\u00f3n. Me habr\u00eda gustado quedarme un rato m\u00e1s con el grupo de j\u00f3venes pero yo, que no lo era entonces y luego de estos d\u00edas \u00a1pues menos!, ten\u00eda la cabeza ocupada pensando en qu\u00e9 almohada la sostendr\u00eda esa madrugada.<\/p>\n<p style=\"text-align: center;\"><strong>***<\/strong><\/p>\n<p>Asist\u00ed a la presentaci\u00f3n de dos libros dentro de las mismas actividades del <strong>ENEJ<\/strong>. Dio la casualidad, as\u00ed como mi visita a Ju\u00e1rez luego de muerto Juanga, que los dos libros a presentar eran cortejados por el tema de la violencia: <em><strong>Hu\u00e9rfanos<\/strong><\/em>, de<strong> Mariana Orantes<\/strong>, y el sobresaliente <em><strong>Ayotzinapa: el rostro de los desaparecidos<\/strong><\/em>, de <strong>Tryno Maldonado<\/strong>, cuya presentaci\u00f3n fue de gran conmoci\u00f3n. Casualidad fue tambi\u00e9n que el taxista que me llev\u00f3 al Aeropuerto al dejar la capital del \u201cestado grande\u201d me hablara de c\u00f3mo la <strong>violencia<\/strong> ascendente ha modificado los h\u00e1bitos de su sociedad, alimentando algunos pensamientos que me nacieron luego de las presentaciones. No hay predestinaci\u00f3n en eso: trabajo en Oaxaca desde hace m\u00e1s de un mes y las conversaciones son las mismas al sur que al norte.<br \/>\n<a class=\"no-eff img-link lightbox\" href=\"http:\/\/nofm-radio.com\/wp-content\/uploads\/2016\/09\/Ju\u00e1rez2.jpg\"><img loading=\"lazy\" decoding=\"async\" class=\"alignleft wp-image-20224\" src=\"http:\/\/nofm-radio.com\/wp-content\/uploads\/2016\/09\/Ju\u00e1rez2-960x1496.jpg\" alt=\"juarez2\" width=\"200\" height=\"312\" \/><\/a><\/p>\n<p style=\"text-align: center;\"><strong>***<\/strong><\/p>\n<p>Antes de que H\u00e9ctor me contara, como breviario cultural, que el primer bar gay de Ju\u00e1rez (donde estaba echando la chela con Karen y sus amigos) es actualmente el \u00fanico lugar en la ciudad en el que enfr\u00edan la cerveza sumergi\u00e9ndola en hielo y no poni\u00e9ndola en un refrigerador, jam\u00e1s me hab\u00eda preguntado c\u00f3mo enfr\u00edan la <strong>cerveza<\/strong> en los lugares donde me emborracho. H\u00e9ctor dice que el sabor es distinto y yo pienso que, para hacerle al columnista de cosas nimias como el rock y las caricaturas, soy muy poco observador.<\/p>\n<p style=\"text-align: center;\"><strong>***<\/strong><\/p>\n<p>Karen y yo paseamos de noche por Ju\u00e1rez y ella me compra un burrito y me platica sobre el <strong>bar Kentucky<\/strong>, donde se invent\u00f3 el coctel Margarita, as\u00ed como un relato (gen\u00e9ricamente afiliado a la leyenda, por su base hist\u00f3rica) que explica por qu\u00e9 llaman \u201cChuco\u201d a <strong>El Paso<\/strong> y que involucra un letrero de Shoe Company (Shoe Co.); incluso aventura una hip\u00f3tesis sobre el origen de la palabra \u201cpachuco\u201d basada en esta an\u00e9cdota. Yo la escucho con la atenci\u00f3n que demanda, no un Juanga, sino un Juanjo Arreola, absorto en una narraci\u00f3n de ojos brillantes, labios despintados y acento norte\u00f1o. As\u00ed se acaba mi paseo por el norte, con un abrazo y un beso a una amiga muy querida luego de repartir apretones de mano, risas, miradas y parabienes entre un mont\u00f3n de amables desconocidos.<br \/>\n(Claro que aqu\u00ed no acab\u00f3 el viaje: fui de Ju\u00e1rez a Chihuahua, y de Chihuahua a la CDMX, pero eso es puro tr\u00e1mite de la existencia).<br \/>\n<strong>Ep\u00edlogo<\/strong>:<br \/>\nNo creo en las predestinaciones. Fue puritita casualidad que para mi viaje a Chihuahua comprara unas horas antes el volumen 1 de <em><strong>Miracleman<\/strong><\/em>, de <strong>Alan Moore<\/strong>, un d\u00eda antes de que el \u201cautor original\u201d anunciara su retiro de los c\u00f3mics.<\/p>\n","protected":false},"template":"","meta":{"_id_youtube":"","_id_vimeo":"","_podcasts_duration":"","_podcasts_url":"","_podcasts_show":"","_prog_horario_dias":"","_prog_hora":"","_prog_duration":""},"class_list":["post-20222","archivo","type-archivo","status-publish","hentry"],"_links":{"self":[{"href":"https:\/\/nofm-radio.com\/index.php?rest_route=\/wp\/v2\/archivo\/20222","targetHints":{"allow":["GET"]}}],"collection":[{"href":"https:\/\/nofm-radio.com\/index.php?rest_route=\/wp\/v2\/archivo"}],"about":[{"href":"https:\/\/nofm-radio.com\/index.php?rest_route=\/wp\/v2\/types\/archivo"}],"wp:attachment":[{"href":"https:\/\/nofm-radio.com\/index.php?rest_route=%2Fwp%2Fv2%2Fmedia&parent=20222"}],"curies":[{"name":"wp","href":"https:\/\/api.w.org\/{rel}","templated":true}]}}

<p>por <strong>Christopher Nilton Arredondo</strong><br />
<a href="https://twitter.com/niltopher" target="_blank" rel="noopener noreferrer">@niltopher</a><br />
<strong>Nicolás Alvarado</strong> cita en su polémico artículo de <em><strong>Milenio</strong></em> a <strong>José Luis Paredes Pacho</strong>, director del <strong>Museo Universitario del Chopo</strong>, en torno a la obra de <strong>Juan Gabriel</strong>: “si oyes el popurrí de Bellas Artes, verás el hallazgo de un<strong> mariachi soul</strong>, con arreglos tipo era de Acuario y riffs de guitarra funk con orquesta sinfónica.” Lejos de la precisión que tiene Pacho para la cultura pop, <a href="http://nofm-radio.com/2015/09/nationalgeograffiti-10-el-problema-de-la-propuesta-o-el-coyote-por-la-boca-muere/" target="_blank" rel="noopener noreferrer">escribí en un graffiti anterior, a propósito de <strong>Negro Coyote</strong></a>, que el éxito de Juanga viene de la fusión de elementos, tanto de la música popular más difundida en México y América latina antes de los 60, como de las tendencias internacionales (principalmente anglosajonas) más difundidas luego de esa década.<br />
Estamos de acuerdo en que el mérito de <strong>Alberto Aguilera Valadez</strong> para convertirse en figura de renombre es indiscutible. Sin embargo, su fama no le resta solidez a las observaciones muy personales de Alvarado. Curioso, a mí tampoco me gustaba Alvarado como director de <strong>TvUNAM</strong>, precisamente por “su aura Televisa” y el “clasismo”; sin embargo, su artículo expresó no sólo su sentir sino el mío: a mí, <strong>Nilton Arredondo</strong>, tampoco me gusta Juanga, y su muerte me viene guanga.<br />
Que quede claro entonces que no fue <strong>Juanga</strong> lo que me llevó a <strong>Cd. Juárez</strong> el pasado 9 de septiembre, aunque mis fotos afuera de su casa y del estacionamiento que solía ser el <strong>Noa Noa</strong> digan lo contrario. Fui a reunirme con mi hermosa amiga Karen, para darle en persona uno de esos abrazos con los que uno se despide por Whatsapp. Como no creo en la predestinación, considero puritita casualidad que mi amiga viva en la misma ciudad en la que nació el difunto divo, que tuvo a tantos seguidores consternados durante semanas.<br />
<a class="no-eff img-link lightbox" href="http://nofm-radio.com/wp-content/uploads/2016/09/Juárez1.jpg"><img loading="lazy" decoding="async" class="size-full wp-image-20223 aligncenter" src="http://nofm-radio.com/wp-content/uploads/2016/09/Juárez1.jpg" alt="juarez1" width="800" height="400" /></a></p>
<p style="text-align: center;"><strong>***</strong></p>
<p>A <strong>Chihuahua</strong> llegué para leer unos textos en el marco del <strong>Encuentro Nacional de Escritores Jóvenes Jesús Gardea</strong>. La cita fue en La Casa de los Milagros (Victoria #812, Centro), un restaurante-café-bar de apariencia histórica. Tuve oportunidad de escuchar a escritores jóvenes, algunos malos lectores en voz alta, pero todos técnicamente muy buenos, “con oficio” dirían por allí. Mi mayor entusiasmo se lo llevaron los narradores; Jordano, Mariana e Itzel, son algunos nombres que recuerdo con admiración. Me habría gustado quedarme un rato más con el grupo de jóvenes pero yo, que no lo era entonces y luego de estos días ¡pues menos!, tenía la cabeza ocupada pensando en qué almohada la sostendría esa madrugada.</p>
<p style="text-align: center;"><strong>***</strong></p>
<p>Asistí a la presentación de dos libros dentro de las mismas actividades del <strong>ENEJ</strong>. Dio la casualidad, así como mi visita a Juárez luego de muerto Juanga, que los dos libros a presentar eran cortejados por el tema de la violencia: <em><strong>Huérfanos</strong></em>, de<strong> Mariana Orantes</strong>, y el sobresaliente <em><strong>Ayotzinapa: el rostro de los desaparecidos</strong></em>, de <strong>Tryno Maldonado</strong>, cuya presentación fue de gran conmoción. Casualidad fue también que el taxista que me llevó al Aeropuerto al dejar la capital del “estado grande” me hablara de cómo la <strong>violencia</strong> ascendente ha modificado los hábitos de su sociedad, alimentando algunos pensamientos que me nacieron luego de las presentaciones. No hay predestinación en eso: trabajo en Oaxaca desde hace más de un mes y las conversaciones son las mismas al sur que al norte.<br />
<a class="no-eff img-link lightbox" href="http://nofm-radio.com/wp-content/uploads/2016/09/Juárez2.jpg"><img loading="lazy" decoding="async" class="alignleft wp-image-20224" src="http://nofm-radio.com/wp-content/uploads/2016/09/Juárez2-960x1496.jpg" alt="juarez2" width="200" height="312" /></a></p>
<p style="text-align: center;"><strong>***</strong></p>
<p>Antes de que Héctor me contara, como breviario cultural, que el primer bar gay de Juárez (donde estaba echando la chela con Karen y sus amigos) es actualmente el único lugar en la ciudad en el que enfrían la cerveza sumergiéndola en hielo y no poniéndola en un refrigerador, jamás me había preguntado cómo enfrían la <strong>cerveza</strong> en los lugares donde me emborracho. Héctor dice que el sabor es distinto y yo pienso que, para hacerle al columnista de cosas nimias como el rock y las caricaturas, soy muy poco observador.</p>
<p style="text-align: center;"><strong>***</strong></p>
<p>Karen y yo paseamos de noche por Juárez y ella me compra un burrito y me platica sobre el <strong>bar Kentucky</strong>, donde se inventó el coctel Margarita, así como un relato (genéricamente afiliado a la leyenda, por su base histórica) que explica por qué llaman “Chuco” a <strong>El Paso</strong> y que involucra un letrero de Shoe Company (Shoe Co.); incluso aventura una hipótesis sobre el origen de la palabra “pachuco” basada en esta anécdota. Yo la escucho con la atención que demanda, no un Juanga, sino un Juanjo Arreola, absorto en una narración de ojos brillantes, labios despintados y acento norteño. Así se acaba mi paseo por el norte, con un abrazo y un beso a una amiga muy querida luego de repartir apretones de mano, risas, miradas y parabienes entre un montón de amables desconocidos.<br />
(Claro que aquí no acabó el viaje: fui de Juárez a Chihuahua, y de Chihuahua a la CDMX, pero eso es puro trámite de la existencia).<br />
<strong>Epílogo</strong>:<br />
No creo en las predestinaciones. Fue puritita casualidad que para mi viaje a Chihuahua comprara unas horas antes el volumen 1 de <em><strong>Miracleman</strong></em>, de <strong>Alan Moore</strong>, un día antes de que el “autor original” anunciara su retiro de los cómics.</p>
