{"id":20239,"date":"2016-09-19T21:15:12","date_gmt":"2016-09-20T02:15:12","guid":{"rendered":"http:\/\/nofm-radio.com\/?p=20239"},"modified":"2016-09-19T21:15:12","modified_gmt":"2016-09-20T02:15:12","slug":"hecho-en-mexico-esta-es-la-seleccion-nacional-en-11docsdf","status":"publish","type":"archivo","link":"https:\/\/nofm-radio.com\/?archivo=hecho-en-mexico-esta-es-la-seleccion-nacional-en-11docsdf","title":{"rendered":"Hecho en M\u00e9xico. Esta es la selecci\u00f3n nacional en #11DocsDF"},"content":{"rendered":"<p>Ya casi es esa fecha del a\u00f1o que todos los amantes de los documentales esperamos. El <strong>11 DocsDF<\/strong> est\u00e1 a la vuelta de la esquina, y para prepararnos, y celebrar el mes patrio de paso, les traemos una muestra de las pel\u00edculas que pondr\u00e1n el alto el nombre de nuestro pa\u00eds. Esta es la <strong>Selecci\u00f3n Oficial<\/strong> de la categor\u00eda <strong>Hecho en M\u00e9xico<\/strong>. Corran las apuestas y est\u00e9n al pendiente de la programaci\u00f3n en <strong><a href=\"http:\/\/docsdf.org\/\" target=\"_blank\" rel=\"noopener noreferrer\">docsdf.org<\/a><\/strong><br \/>\n<strong><em>El hombre que vio demasiado<\/em>, de Trisha Ziff<\/strong><br \/>\n<iframe loading=\"lazy\" src=\"https:\/\/www.youtube.com\/embed\/sOfqs0Bjelc\" width=\"560\" height=\"315\" frameborder=\"0\" allowfullscreen=\"allowfullscreen\"><\/iframe><br \/>\n<strong><em>El Paso<\/em>, de Everardo Gonz\u00e1lez<\/strong><br \/>\n<iframe loading=\"lazy\" src=\"https:\/\/www.youtube.com\/embed\/OsU_Beax4eo\" width=\"560\" height=\"315\" frameborder=\"0\" allowfullscreen=\"allowfullscreen\"><\/iframe><br \/>\n<strong><em>El remolino<\/em>, de Laura Herrero Garv\u00edn<\/strong><br \/>\n<iframe loading=\"lazy\" src=\"https:\/\/www.youtube.com\/embed\/0_PTjHyWrKk\" width=\"560\" height=\"315\" frameborder=\"0\" allowfullscreen=\"allowfullscreen\"><\/iframe><br \/>\n<strong><em>La balada del Oppenheimer Park<\/em>, de\u00a0Juan Manuel Sep\u00falveda<\/strong><br \/>\n<iframe loading=\"lazy\" src=\"https:\/\/www.youtube.com\/embed\/cK-Dw5TOMJQ\" width=\"560\" height=\"315\" frameborder=\"0\" allowfullscreen=\"allowfullscreen\"><\/iframe><br \/>\n<strong><em>La laguna<\/em>, de Aaron Schock<\/strong><br \/>\n<iframe loading=\"lazy\" src=\"https:\/\/www.youtube.com\/embed\/CnFDZSAFkbA\" width=\"560\" height=\"315\" frameborder=\"0\" allowfullscreen=\"allowfullscreen\"><\/iframe><br \/>\n<strong><em>Tempestad<\/em>, de Tatiana Huezo<\/strong><br \/>\n<iframe loading=\"lazy\" src=\"https:\/\/www.youtube.com\/embed\/XBAFOZf9dog\" width=\"560\" height=\"315\" frameborder=\"0\" allowfullscreen=\"allowfullscreen\"><\/iframe><\/p>\n","protected":false},"template":"","meta":{"_id_youtube":"","_id_vimeo":"","_podcasts_duration":"","_podcasts_url":"","_podcasts_show":"","_prog_horario_dias":"","_prog_hora":"","_prog_duration":""},"class_list":["post-20239","archivo","type-archivo","status-publish","hentry"],"_links":{"self":[{"href":"https:\/\/nofm-radio.com\/index.php?rest_route=\/wp\/v2\/archivo\/20239","targetHints":{"allow":["GET"]}}],"collection":[{"href":"https:\/\/nofm-radio.com\/index.php?rest_route=\/wp\/v2\/archivo"}],"about":[{"href":"https:\/\/nofm-radio.com\/index.php?rest_route=\/wp\/v2\/types\/archivo"}],"wp:attachment":[{"href":"https:\/\/nofm-radio.com\/index.php?rest_route=%2Fwp%2Fv2%2Fmedia&parent=20239"}],"curies":[{"name":"wp","href":"https:\/\/api.w.org\/{rel}","templated":true}]}}

Hecho en México. Esta es la selección nacional en #11DocsDF

<p>Ya casi es esa fecha del año que todos los amantes de los documentales esperamos. El <strong>11 DocsDF</strong> está a la vuelta de la esquina, y para prepararnos, y celebrar el mes patrio de paso, les traemos una muestra de las películas que pondrán el alto el nombre de nuestro país. Esta es la <strong>Selección Oficial</strong> de la categoría <strong>Hecho en México</strong>. Corran las apuestas y estén al pendiente de la programación en <strong><a href="http://docsdf.org/" target="_blank" rel="noopener noreferrer">docsdf.org</a></strong><br />
<strong><em>El hombre que vio demasiado</em>, de Trisha Ziff</strong><br />
<iframe loading="lazy" src="https://www.youtube.com/embed/sOfqs0Bjelc" width="560" height="315" frameborder="0" allowfullscreen="allowfullscreen"></iframe><br />
<strong><em>El Paso</em>, de Everardo González</strong><br />
<iframe loading="lazy" src="https://www.youtube.com/embed/OsU_Beax4eo" width="560" height="315" frameborder="0" allowfullscreen="allowfullscreen"></iframe><br />
<strong><em>El remolino</em>, de Laura Herrero Garvín</strong><br />
<iframe loading="lazy" src="https://www.youtube.com/embed/0_PTjHyWrKk" width="560" height="315" frameborder="0" allowfullscreen="allowfullscreen"></iframe><br />
<strong><em>La balada del Oppenheimer Park</em>, de Juan Manuel Sepúlveda</strong><br />
<iframe loading="lazy" src="https://www.youtube.com/embed/cK-Dw5TOMJQ" width="560" height="315" frameborder="0" allowfullscreen="allowfullscreen"></iframe><br />
<strong><em>La laguna</em>, de Aaron Schock</strong><br />
<iframe loading="lazy" src="https://www.youtube.com/embed/CnFDZSAFkbA" width="560" height="315" frameborder="0" allowfullscreen="allowfullscreen"></iframe><br />
<strong><em>Tempestad</em>, de Tatiana Huezo</strong><br />
<iframe loading="lazy" src="https://www.youtube.com/embed/XBAFOZf9dog" width="560" height="315" frameborder="0" allowfullscreen="allowfullscreen"></iframe></p>
