{"id":20315,"date":"2016-09-22T18:21:10","date_gmt":"2016-09-22T23:21:10","guid":{"rendered":"http:\/\/nofm-radio.com\/?p=20315"},"modified":"2016-09-22T18:21:10","modified_gmt":"2016-09-22T23:21:10","slug":"justiciaalamexicana-8-casos-con-condenas-absurdas","status":"publish","type":"archivo","link":"https:\/\/nofm-radio.com\/?archivo=justiciaalamexicana-8-casos-con-condenas-absurdas","title":{"rendered":"#JusticiaALaMexicana: 8 casos con condenas absurdas"},"content":{"rendered":"<p>Ay, la<strong> justicia<\/strong>. Esa cosa tan extra\u00f1a que parece que los mexicanos conocemos por ausencia. Y cuando pensamos en injusticias de inmediato nos vienen a la mente la retah\u00edla de <strong>gobernadores y funcionarios<\/strong> que han hecho del robo el deporte nacional. Entre los <strong>Moreira<\/strong>, los <strong>Duarte, Garnier, Padr\u00e9s, Borge<\/strong> pareciera que ac\u00e1 en nuestra dulce patria es pr\u00e1cticamente imposible que te metan a la c\u00e1rcel. Siempre y cuando, claro, pertenezcas a la <strong>clase pol\u00edtica<\/strong>, pues si no es as\u00ed, la ley funciona exactamente de la manera opuesta.<br \/>\nAc\u00e1 les dejamos 8 casos que terminaron en <strong>condenas absurdas<\/strong>. No decimos que no se cometieron <strong>delitos<\/strong>, ni que los condenados no hubieran merecido un castigo, simplemente el asunto de la proporcionalidad no parece ser muy claro.<br \/>\n<strong>* En el lugar equivocado en el momento equivocado<\/strong><br \/>\n<strong>Luis Fernando Sotelo<\/strong> fue sentenciado hoy a 33 a\u00f1os de c\u00e1rcel por haber quemado una unidad del <strong>Metrob\u00fas<\/strong> durante una protesta en <strong>Ciudad Universitaria<\/strong>. En seis meses se investig\u00f3 y se juzg\u00f3 su caso. Luis Fernando sostiene que no particip\u00f3 en el incendio, y que fue una casualidad que lo detuvieran. Puede ser cierto o no, lo que es un hecho es que hay irregularidades en su caso, por ejemplo que la persona que fue detenida con \u00e9l haya presentado pruebas de que en realidad no estaba donde fueron detenidos. Adem\u00e1s a los dos les hicieron pruebas para saber si hab\u00eda manejado explosivos, y a\u00fan cuando los dos dieron positivo, la otra persona s\u00ed fue liberada. Se espera que el abogado de Luis Fernando apele la sentencia.<br \/>\n<a class=\"no-eff img-link lightbox\" href=\"http:\/\/nofm-radio.com\/wp-content\/uploads\/2016\/09\/Justicia1.jpg\"><img loading=\"lazy\" decoding=\"async\" class=\"alignnone size-full wp-image-20317\" src=\"http:\/\/nofm-radio.com\/wp-content\/uploads\/2016\/09\/Justicia1.jpg\" alt=\"justicia1\" width=\"650\" height=\"433\" \/><\/a><br \/>\n<strong>* De a tres a\u00f1os la ficha<\/strong><br \/>\nLorena es una mujer hondure\u00f1a que vino a trabajar a M\u00e9xico. Mientras trabajaba como <strong>fichera<\/strong> en un bar de <strong>Tapachula, Chiapas<\/strong>, fue detenida junto con una de sus compa\u00f1eras. La polic\u00eda les dio dos opciones: pagar 40 mil pesos cada una o declararse culpables de ser respectivamente v\u00edctima y culpable de explotaci\u00f3n laboral. Bajo la amenaza de perder a sus hijos, la mujeres aceptaron la segunda opci\u00f3n. Lorena fue condenada a tres a\u00f1os de c\u00e1rcel, y despu\u00e9s fue deportada.<br \/>\n<strong>* Y si vivo cien a\u00f1os<\/strong><br \/>\n<strong>Alfredo Carbajal Picaso y Eduardo Salom\u00f3n Soto Nev\u00e1rez<\/strong> fueron detenidos, juzgados y condenados por cargos de privaci\u00f3n ilegal de la libertad. Supuestamente, los dos hombres retuvieron y asaltaron a unos transportistas que llevaban llantas de Cuernavaca a Tamaulipas. Dos a\u00f1os a\u00f1os despu\u00e9s de haber sido detenidos, recibieron una sentencia acumulada de 100 a\u00f1os de c\u00e1rcel, adem\u00e1s de una multa de 269 mil 160 pesos. Lo que nos preguntamos es cu\u00e1l de las dos condenas es m\u00e1s f\u00e1cil de cumplir.<br \/>\n<a class=\"no-eff img-link lightbox\" href=\"http:\/\/nofm-radio.com\/wp-content\/uploads\/2016\/09\/Justicia3.jpg\"><img loading=\"lazy\" decoding=\"async\" class=\"alignnone size-full wp-image-20319\" src=\"http:\/\/nofm-radio.com\/wp-content\/uploads\/2016\/09\/Justicia3.jpg\" alt=\"justicia3\" width=\"701\" height=\"400\" \/><\/a><br \/>\n<strong>* Aguas con la FEPADE<\/strong><br \/>\nUna mujer veracruzana recibi\u00f3 una sentencia de tres a\u00f1os de prisi\u00f3n y 70 d\u00edas de multa por haber falsificado datos ante el<strong> INE<\/strong>. La <strong>Fiscal\u00eda Especializada Para la Atenci\u00f3n de Delitos Electorales<\/strong> obtuvo la sentencia despu\u00e9s de comprobar que la mujer otorg\u00f3 datos falsos para obtener su credencial para votar, y vulnerar la <strong>Ley Federal de Electores<\/strong>. No tenemos m\u00e1s detalles del caso, pero pi\u00e9nsenlo la pr\u00f3xima vez que quieran sacar su INE con la direcci\u00f3n de casa de su mam\u00e1.<br \/>\n<strong>* Un rayito de esperanza<\/strong><br \/>\nHace un par de meses, <strong>Yecenia Armenta Graciano<\/strong> obtuvo su libertad. Despu\u00e9s de pagar 4 a\u00f1os de c\u00e1rcel por supuestamente haber asesinado a su esposo, <strong>Amnist\u00eda Internacional<\/strong> intervino en su caso para comprobar que Yecenia fue forzada a confesar el crimen. Un grupo de polic\u00edas la torturo f\u00edsica y sexualmente para que aceptara la culpabilidad. Tras la liberaci\u00f3n de Yecenia, la CNDH emiti\u00f3 una recomendaci\u00f3n contra la <strong>Procuradur\u00eda de Sinaloa<\/strong>; sin embargo, ninguno de los polic\u00edas que la tortur\u00f3 ha sido acusado ni sancionado.<br \/>\n<iframe loading=\"lazy\" src=\"https:\/\/www.youtube.com\/embed\/XsMPoh_UlYU\" width=\"560\" height=\"315\" frameborder=\"0\" allowfullscreen=\"allowfullscreen\"><\/iframe><br \/>\n<strong>* Usted disculpe<\/strong><br \/>\nEn 2012, un comando militar entr\u00f3 durante la madrugada a la casa de\u00a0<strong>Gerardo Ortega Maya<\/strong>. Fue detenido acusado de nexos con el<strong> crimen organizado<\/strong> y tr\u00e1fico de armas. Por los cargos graves fue r\u00e1pidamente condenado a seis a\u00f1os de prisi\u00f3n. Durante los siguientes cuatro a\u00f1os, la defensa de Ortega se dedic\u00f3 a comprobar una y otra vez la inocencia de su cliente, quien era un abogado \u00a0y ex asesor de la Secretar\u00eda de Marina. La defensa demostr\u00f3 que el operativo en que fue detenido Gerardo fue ilegal, que los testigos que presentaron en su contra eran falsos, y que las firmas de los fiscales hab\u00edan sido falsificadas. Adem\u00e1s se supo que Gerardo hab\u00eda sido torturado con cortes en las piernas y otros golpes. Pese a que se ha comprobado una y otra vez su inocencia, y una juez ha desestimado los cargo, sigue a\u00fan en prisi\u00f3n, pues los peritos no han ido a ratificar que encontraron las armas que en realidad no estaban en casa del acusado.<br \/>\n<strong>* Es M\u00e9xico, \u00bfcaptas?<\/strong><br \/>\nTambi\u00e9n hay condenas absurdas por lo cortas que son. En 2014,\u00a0<strong>Mar\u00eda Josefina Gamboa<\/strong>, <strong>diputada electa de Veracruz<\/strong>, mat\u00f3 a un joven al atropellarlo. Dos a\u00f1os despu\u00e9s, fue condenada por un juez a una condena de 1 a\u00f1o 3 meses, adem\u00e1s de una multa de\u00a0 multa de 25 d\u00edas de salario m\u00ednimo, una reparaci\u00f3n de da\u00f1os por 318 mil 850 pesos y la revocaci\u00f3n de su licencia para conducir durante siete meses y 15 d\u00edas. La diputada acus\u00f3 persecuci\u00f3n pol\u00edtica, pues la <strong>fiscal\u00eda<\/strong> asegur\u00f3 que iba en estado de ebriedad, aunque el perito que lo dictamin\u00f3 no fue un m\u00e9dico sino una psic\u00f3loga. Independientemente de ello, siempre es bueno saber que es m\u00e1s grave quemar un autob\u00fas que matar a un ser humano.<br \/>\n<a class=\"no-eff img-link lightbox\" href=\"http:\/\/nofm-radio.com\/wp-content\/uploads\/2016\/09\/Justicia4.jpg\"><img loading=\"lazy\" decoding=\"async\" class=\"alignnone size-full wp-image-20320\" src=\"http:\/\/nofm-radio.com\/wp-content\/uploads\/2016\/09\/Justicia4.jpg\" alt=\"justicia4\" width=\"658\" height=\"391\" \/><\/a><br \/>\n<strong>* Soldado malo, soldado malo<\/strong><br \/>\nEn marzo de este a\u00f1o, un juez sorprendi\u00f3 al dictaminar la absoluci\u00f3n de los \u00fanicos soldados implicados por el caso <strong>Tlatlaya<\/strong>. Seg\u00fan el magistrado no se presentaron las pruebas suficientes para sentenciar a los <strong>soldados<\/strong>. Despu\u00e9s de esta decisi\u00f3n, se dio a conocer que \u00fanicamente un soldado hab\u00eda sido sentenciado, en el <strong>fuero militar<\/strong>, por el caso que implic\u00f3 la muerte de 22 civiles. La sanci\u00f3n fue de un a\u00f1o por cargos de <strong>desobediencia<\/strong>, que el soldado cumpli\u00f3 mientras llegaba la sentencia final. Seg\u00fan algunos analistas, el cargo en el fuero militar es m\u00e1s que l\u00f3gico, pues el soldado desobedeci\u00f3 la orden de no matar.<br \/>\n<iframe loading=\"lazy\" src=\"https:\/\/www.youtube.com\/embed\/LeFujSN695I\" width=\"560\" height=\"315\" frameborder=\"0\" allowfullscreen=\"allowfullscreen\"><\/iframe><br \/>\nAs\u00ed es, muchachos y muchachas, bien dicen que la justicia es ciega. Pero en M\u00e9xico, aplicamos la Shakira y es tambi\u00e9n bruta, ciega, sordomuda, torpe, traste y testaruda.<br \/>\n<iframe loading=\"lazy\" src=\"https:\/\/www.youtube.com\/embed\/B3gbisdtJnA\" width=\"560\" height=\"315\" frameborder=\"0\" allowfullscreen=\"allowfullscreen\"><\/iframe><\/p>\n","protected":false},"template":"","meta":{"_id_youtube":"","_id_vimeo":"","_podcasts_duration":"","_podcasts_url":"","_podcasts_show":"","_prog_horario_dias":"","_prog_hora":"","_prog_duration":""},"class_list":["post-20315","archivo","type-archivo","status-publish","hentry"],"_links":{"self":[{"href":"https:\/\/nofm-radio.com\/index.php?rest_route=\/wp\/v2\/archivo\/20315","targetHints":{"allow":["GET"]}}],"collection":[{"href":"https:\/\/nofm-radio.com\/index.php?rest_route=\/wp\/v2\/archivo"}],"about":[{"href":"https:\/\/nofm-radio.com\/index.php?rest_route=\/wp\/v2\/types\/archivo"}],"wp:attachment":[{"href":"https:\/\/nofm-radio.com\/index.php?rest_route=%2Fwp%2Fv2%2Fmedia&parent=20315"}],"curies":[{"name":"wp","href":"https:\/\/api.w.org\/{rel}","templated":true}]}}

<p>Ay, la<strong> justicia</strong>. Esa cosa tan extraña que parece que los mexicanos conocemos por ausencia. Y cuando pensamos en injusticias de inmediato nos vienen a la mente la retahíla de <strong>gobernadores y funcionarios</strong> que han hecho del robo el deporte nacional. Entre los <strong>Moreira</strong>, los <strong>Duarte, Garnier, Padrés, Borge</strong> pareciera que acá en nuestra dulce patria es prácticamente imposible que te metan a la cárcel. Siempre y cuando, claro, pertenezcas a la <strong>clase política</strong>, pues si no es así, la ley funciona exactamente de la manera opuesta.<br />
Acá les dejamos 8 casos que terminaron en <strong>condenas absurdas</strong>. No decimos que no se cometieron <strong>delitos</strong>, ni que los condenados no hubieran merecido un castigo, simplemente el asunto de la proporcionalidad no parece ser muy claro.<br />
<strong>* En el lugar equivocado en el momento equivocado</strong><br />
<strong>Luis Fernando Sotelo</strong> fue sentenciado hoy a 33 años de cárcel por haber quemado una unidad del <strong>Metrobús</strong> durante una protesta en <strong>Ciudad Universitaria</strong>. En seis meses se investigó y se juzgó su caso. Luis Fernando sostiene que no participó en el incendio, y que fue una casualidad que lo detuvieran. Puede ser cierto o no, lo que es un hecho es que hay irregularidades en su caso, por ejemplo que la persona que fue detenida con él haya presentado pruebas de que en realidad no estaba donde fueron detenidos. Además a los dos les hicieron pruebas para saber si había manejado explosivos, y aún cuando los dos dieron positivo, la otra persona sí fue liberada. Se espera que el abogado de Luis Fernando apele la sentencia.<br />
<a class="no-eff img-link lightbox" href="http://nofm-radio.com/wp-content/uploads/2016/09/Justicia1.jpg"><img loading="lazy" decoding="async" class="alignnone size-full wp-image-20317" src="http://nofm-radio.com/wp-content/uploads/2016/09/Justicia1.jpg" alt="justicia1" width="650" height="433" /></a><br />
<strong>* De a tres años la ficha</strong><br />
Lorena es una mujer hondureña que vino a trabajar a México. Mientras trabajaba como <strong>fichera</strong> en un bar de <strong>Tapachula, Chiapas</strong>, fue detenida junto con una de sus compañeras. La policía les dio dos opciones: pagar 40 mil pesos cada una o declararse culpables de ser respectivamente víctima y culpable de explotación laboral. Bajo la amenaza de perder a sus hijos, la mujeres aceptaron la segunda opción. Lorena fue condenada a tres años de cárcel, y después fue deportada.<br />
<strong>* Y si vivo cien años</strong><br />
<strong>Alfredo Carbajal Picaso y Eduardo Salomón Soto Nevárez</strong> fueron detenidos, juzgados y condenados por cargos de privación ilegal de la libertad. Supuestamente, los dos hombres retuvieron y asaltaron a unos transportistas que llevaban llantas de Cuernavaca a Tamaulipas. Dos años años después de haber sido detenidos, recibieron una sentencia acumulada de 100 años de cárcel, además de una multa de 269 mil 160 pesos. Lo que nos preguntamos es cuál de las dos condenas es más fácil de cumplir.<br />
<a class="no-eff img-link lightbox" href="http://nofm-radio.com/wp-content/uploads/2016/09/Justicia3.jpg"><img loading="lazy" decoding="async" class="alignnone size-full wp-image-20319" src="http://nofm-radio.com/wp-content/uploads/2016/09/Justicia3.jpg" alt="justicia3" width="701" height="400" /></a><br />
<strong>* Aguas con la FEPADE</strong><br />
Una mujer veracruzana recibió una sentencia de tres años de prisión y 70 días de multa por haber falsificado datos ante el<strong> INE</strong>. La <strong>Fiscalía Especializada Para la Atención de Delitos Electorales</strong> obtuvo la sentencia después de comprobar que la mujer otorgó datos falsos para obtener su credencial para votar, y vulnerar la <strong>Ley Federal de Electores</strong>. No tenemos más detalles del caso, pero piénsenlo la próxima vez que quieran sacar su INE con la dirección de casa de su mamá.<br />
<strong>* Un rayito de esperanza</strong><br />
Hace un par de meses, <strong>Yecenia Armenta Graciano</strong> obtuvo su libertad. Después de pagar 4 años de cárcel por supuestamente haber asesinado a su esposo, <strong>Amnistía Internacional</strong> intervino en su caso para comprobar que Yecenia fue forzada a confesar el crimen. Un grupo de policías la torturo física y sexualmente para que aceptara la culpabilidad. Tras la liberación de Yecenia, la CNDH emitió una recomendación contra la <strong>Procuraduría de Sinaloa</strong>; sin embargo, ninguno de los policías que la torturó ha sido acusado ni sancionado.<br />
<iframe loading="lazy" src="https://www.youtube.com/embed/XsMPoh_UlYU" width="560" height="315" frameborder="0" allowfullscreen="allowfullscreen"></iframe><br />
<strong>* Usted disculpe</strong><br />
En 2012, un comando militar entró durante la madrugada a la casa de <strong>Gerardo Ortega Maya</strong>. Fue detenido acusado de nexos con el<strong> crimen organizado</strong> y tráfico de armas. Por los cargos graves fue rápidamente condenado a seis años de prisión. Durante los siguientes cuatro años, la defensa de Ortega se dedicó a comprobar una y otra vez la inocencia de su cliente, quien era un abogado  y ex asesor de la Secretaría de Marina. La defensa demostró que el operativo en que fue detenido Gerardo fue ilegal, que los testigos que presentaron en su contra eran falsos, y que las firmas de los fiscales habían sido falsificadas. Además se supo que Gerardo había sido torturado con cortes en las piernas y otros golpes. Pese a que se ha comprobado una y otra vez su inocencia, y una juez ha desestimado los cargo, sigue aún en prisión, pues los peritos no han ido a ratificar que encontraron las armas que en realidad no estaban en casa del acusado.<br />
<strong>* Es México, ¿captas?</strong><br />
También hay condenas absurdas por lo cortas que son. En 2014, <strong>María Josefina Gamboa</strong>, <strong>diputada electa de Veracruz</strong>, mató a un joven al atropellarlo. Dos años después, fue condenada por un juez a una condena de 1 año 3 meses, además de una multa de  multa de 25 días de salario mínimo, una reparación de daños por 318 mil 850 pesos y la revocación de su licencia para conducir durante siete meses y 15 días. La diputada acusó persecución política, pues la <strong>fiscalía</strong> aseguró que iba en estado de ebriedad, aunque el perito que lo dictaminó no fue un médico sino una psicóloga. Independientemente de ello, siempre es bueno saber que es más grave quemar un autobús que matar a un ser humano.<br />
<a class="no-eff img-link lightbox" href="http://nofm-radio.com/wp-content/uploads/2016/09/Justicia4.jpg"><img loading="lazy" decoding="async" class="alignnone size-full wp-image-20320" src="http://nofm-radio.com/wp-content/uploads/2016/09/Justicia4.jpg" alt="justicia4" width="658" height="391" /></a><br />
<strong>* Soldado malo, soldado malo</strong><br />
En marzo de este año, un juez sorprendió al dictaminar la absolución de los únicos soldados implicados por el caso <strong>Tlatlaya</strong>. Según el magistrado no se presentaron las pruebas suficientes para sentenciar a los <strong>soldados</strong>. Después de esta decisión, se dio a conocer que únicamente un soldado había sido sentenciado, en el <strong>fuero militar</strong>, por el caso que implicó la muerte de 22 civiles. La sanción fue de un año por cargos de <strong>desobediencia</strong>, que el soldado cumplió mientras llegaba la sentencia final. Según algunos analistas, el cargo en el fuero militar es más que lógico, pues el soldado desobedeció la orden de no matar.<br />
<iframe loading="lazy" src="https://www.youtube.com/embed/LeFujSN695I" width="560" height="315" frameborder="0" allowfullscreen="allowfullscreen"></iframe><br />
Así es, muchachos y muchachas, bien dicen que la justicia es ciega. Pero en México, aplicamos la Shakira y es también bruta, ciega, sordomuda, torpe, traste y testaruda.<br />
<iframe loading="lazy" src="https://www.youtube.com/embed/B3gbisdtJnA" width="560" height="315" frameborder="0" allowfullscreen="allowfullscreen"></iframe></p>
