{"id":20322,"date":"2016-09-23T14:08:11","date_gmt":"2016-09-23T19:08:11","guid":{"rendered":"http:\/\/nofm-radio.com\/?p=20322"},"modified":"2016-09-23T14:08:11","modified_gmt":"2016-09-23T19:08:11","slug":"cuadrodehonor-8-frases-de-la-semana-tan-absurdas-que-son-brillantes","status":"publish","type":"archivo","link":"https:\/\/nofm-radio.com\/?archivo=cuadrodehonor-8-frases-de-la-semana-tan-absurdas-que-son-brillantes","title":{"rendered":"#CuadroDeHonor: 8 frases de la semana tan absurdas que son brillantes"},"content":{"rendered":"<p>Todos sabemos que la humanidad es una especie de contrastes. Cada que la ciencia, el arte, el deporte nos muestran un nuevo l\u00edmite, no queda m\u00e1s que celebrarnos y sorprendernos. Sin embargo, en esta vida el equilibrio es lo importante, por lo que el triunfo debe tener su contrapeso en la debacle, y en eso, hay que reconocerlo, somos tambi\u00e9n grandiosos.<br \/>\nEsta semana en su <strong>#CuadroDeHonor<\/strong>, les traemos las <strong>8 frases<\/strong> m\u00e1s absurdas de la semana. Esas que en su estupidez son casi un diamante de sabidur\u00eda. Disfruten.<br \/>\nComenzamos nuestro cuadro con alguien que est\u00e1 m\u00e1s cerca de lo bruto que del diamante: <strong>Donald Trump Junior<\/strong>. El v\u00e1stago del <strong>candidato republicano<\/strong> decidi\u00f3 contribuir a la pol\u00edtica migratoria de la campa\u00f1a, esta vez hablando de los refugiados de <strong>Medio Oriente<\/strong>. Pero como no se quiso ver tan mala onda como su pap\u00e1, no llam\u00f3 a los migrantes violadores o narcos, s\u00f3lo los compar\u00f3 con caramelos:<\/p>\n<blockquote><p>Si yo tuviera una bandeja de skittles y le dijera que s\u00f3lo tres lo matar\u00edan, \u00bftomar\u00eda usted un pu\u00f1ado?\u201d, y a\u00f1adi\u00f3: \u201cEse es nuestro problema con los refugiados sirios.<\/p><\/blockquote>\n<blockquote class=\"twitter-tweet\" data-lang=\"es\">\n<p dir=\"ltr\" lang=\"en\">This image says it all. Let&#8217;s end the politically correct agenda that doesn&#8217;t put America first. <a href=\"https:\/\/twitter.com\/hashtag\/trump2016?src=hash\">#trump2016<\/a> <a href=\"https:\/\/t.co\/9fHwog7ssN\">pic.twitter.com\/9fHwog7ssN<\/a><\/p>\n<p>\u2014 Donald Trump Jr. (@DonaldJTrumpJr) <a href=\"https:\/\/twitter.com\/DonaldJTrumpJr\/status\/778016283342307328\">19 de septiembre de 2016<\/a><\/p><\/blockquote>\n<p><script src=\"\/\/platform.twitter.com\/widgets.js\" async=\"\" charset=\"utf-8\"><\/script><br \/>\nDonald sabe que el az\u00facar mata, pero no siempre, as\u00ed que no hab\u00eda mejor analog\u00eda. Y hablando de decir sin decir, el que se llev\u00f3 las palmas fue el secretario de Econom\u00eda, <strong>Ildefonso Guajardo<\/strong>, quien ante el subid\u00f3n de popularidad de <strong>Donald Trump<\/strong> en las encuestas, dijo que si gana el empresario:<\/p>\n<blockquote><p>Si tenemos que hablar con el diablo para garantizar la seguridad de los mexicanos, M\u00e9xico hablar\u00e1 con el diablo.<\/p><\/blockquote>\n<p>\u00a1El diablo, el diablo!, dice el secretario mientras que a la econom\u00eda mexicana no la salva ni el mejor exorcismo.<br \/>\n<iframe loading=\"lazy\" class=\"giphy-embed\" src=\"\/\/giphy.com\/embed\/WjYu3w24CGD1m\" width=\"480\" height=\"258\" frameborder=\"0\" allowfullscreen=\"allowfullscreen\"><\/iframe><br \/>\nA los que les viene guango si Trump gana o pierde es a los de la Asociaci\u00f3n de <strong>Coleccionistas de Armas en Pennsylvania<\/strong>. En una convenci\u00f3n en <strong>Pittsburgh<\/strong>, <strong>Philip Dacey<\/strong> aclar\u00f3 que quede quien quede en la <strong>Casa Blanca<\/strong>, la 2a Enmienda quedar\u00e1 intacta. Los pol\u00edticos\u00a0pueden decir mucho, pero no importa pues:<\/p>\n<blockquote><p>El control de las armas de fuego es un tema candente desde hace unos 60 a\u00f1os.<\/p><\/blockquote>\n<p>Ya ven c\u00f3mo somos los seres humanos de delicados con las armas y los muertos. Es un tema sensible con el que nos gusta exagerar. Si no nos creen preg\u00fantenle a <strong>Rodrigo Duterte<\/strong>, presidente de <strong>Filipinas<\/strong> y consentido de esta columna, quien de nuevo recibi\u00f3 cr\u00edticas por su pol\u00edtica de guerra contra las drogas, a las que respondi\u00f3:<\/p>\n<blockquote><p>Cuando le\u00ed las condenas de la UE dije j\u00f3danse. Lo est\u00e1is haciendo para expiar vuestros pecados. Ahora son estrictos porque se sienten culpables. \u00bfA qui\u00e9n he matado? \u00bfA 1.700 aqu\u00ed? \u00bfLlam\u00e1is a eso genocidio? \u00bfA cu\u00e1ntos hab\u00e9is matado vosotros?<\/p><\/blockquote>\n<p>Dos cosas nos quedan por decir: la primera es que su cr\u00edtica a la <strong>UE<\/strong> es casi coherente, y la segunda que <strong>El Castigador<\/strong> ya acept\u00f3 que lo suyo lo suyo no es la diplomacia.<br \/>\n<a class=\"no-eff img-link lightbox\" href=\"http:\/\/nofm-radio.com\/wp-content\/uploads\/2016\/09\/Duterte.jpg\"><img loading=\"lazy\" decoding=\"async\" class=\"alignnone size-full wp-image-20328\" src=\"http:\/\/nofm-radio.com\/wp-content\/uploads\/2016\/09\/Duterte.jpg\" alt=\"Philippine President Rodrigo Duterte raises a middle finger thrust out in an obscene gesture as he speaks before local government officials in Davao\" width=\"780\" height=\"530\" \/><\/a><br \/>\nOtro al que le fallaron los protocolos fue <strong>Javier Quijano<\/strong>. El abogado y <strong>diputado constituyente<\/strong> le entr\u00f3 a los sombrerazos en la primera sesi\u00f3n de la <strong>Asamblea de la CDMX<\/strong>. Quijano, en plena confusi\u00f3n, se erigi\u00f3 palad\u00edn de la justicia y embisti\u00f3 contra los diputados elegidos por dedazo, en especial contra los que est\u00e1n dobleteando puesto como diputados federales y constituyentes:<\/p>\n<blockquote><p>Ninguna carta constitucional puede, ni ha podido nunca, conferir a nadie el don de la ubicuidad. Ni siquiera la nuestra. Al menos por el momento.<\/p><\/blockquote>\n<p>Y es que est\u00e1 bien que la Constituci\u00f3n es omnipresente y omnipotente, pero no es para tanto. Quiz\u00e1 la <strong>CDMX<\/strong> como ciudad de vanguardia sea la primera en legislar los superpoderes de sus pol\u00edticos. Fingers crossed.<br \/>\n<iframe loading=\"lazy\" class=\"giphy-embed\" src=\"\/\/giphy.com\/embed\/PCkcS10XqAoBa\" width=\"480\" height=\"454\" frameborder=\"0\" allowfullscreen=\"allowfullscreen\"><\/iframe><br \/>\nLa que no quisiera superpoderes sino s\u00f3lo un poco de poder en su partido es <strong>Margarita Zavala<\/strong>. La ex primera dama tiene la candidatura al alcance de la mano, pero nom\u00e1s no la dejan agarrarla. En un acto de desesperaci\u00f3n quiso hacer ver al <strong>PAN<\/strong> que se est\u00e1n viendo lentos, pues:<\/p>\n<blockquote><p>Andr\u00e9s Manuel L\u00f3pez Obrador lleva como dos siglos en campa\u00f1a, el PRI no s\u00e9 qu\u00e9 vaya a hacer, pero de que ya avis\u00f3 que estaban en la campa\u00f1a, lo est\u00e1n. No s\u00e9 qu\u00e9 est\u00e1 esperando el PAN. Tiene que encontrar el m\u00e9todo que lo presente m\u00e1s unido y consolidado.<\/p><\/blockquote>\n<p>La mera verdad es para lo que hemos visto de adelanto de las campa\u00f1as, lo que los ciudadanos estamos rogando es que no empiecen. Entre el cinismo, lo anticuado y lo acartonado, no dan una. No se dan cuenta de que en realidad necesitamos un cambio en la estructura misma del sistema, una nueva forma de gobierno que revolucione el pa\u00eds. Algo as\u00ed como un imperio, pero un \u00a1<strong>imperio gay<\/strong>! Seg\u00fan el vocero de la <strong>Arquidi\u00f3cesis de la Iglesia cat\u00f3lica mexicana<\/strong> es lo que estamos viviendo. El maestro <strong>Hugo Valdemar<\/strong> lo anunci\u00f3 de esta forma:<\/p>\n<blockquote><p>Si, seg\u00fan ellos, la sexualidad se construye, entonces debemos entender que tambi\u00e9n se deconstruye. Por ello, si alguien est\u00e1 descontento con su atracci\u00f3n homosexual, \u00bfc\u00f3mo es posible prohibir que se le ayude? Eso s\u00f3lo sucede en las dictaduras, y estamos al inicio del imperio gay, de una dictadura de pensamiento semejante al estalinismo o a la revoluci\u00f3n cultural de Mao Tse Tung.<\/p><\/blockquote>\n<p><iframe loading=\"lazy\" class=\"giphy-embed\" src=\"\/\/giphy.com\/embed\/MgGSVzPjZm4ko\" width=\"480\" height=\"240\" frameborder=\"0\" allowfullscreen=\"allowfullscreen\"><\/iframe><br \/>\nAy, \u00bfpor d\u00f3nde empezar con esta declaraci\u00f3n? Es perfecta, una perla de sabidur\u00eda con s\u00f3lo unas pocas inexactitudes hist\u00f3ricas, ideol\u00f3gicas, biol\u00f3gicas y l\u00f3gicas, pero de ah\u00ed en fuera,\u00a0no hay falla. Claramente estamos viviendo algo as\u00ed como el<strong> estalinismo<\/strong>, o al menos podemos recordar unas glorias sovi\u00e9ticas con don <strong>Vladimir Putin<\/strong>. El mandatario celebr\u00f3 por todo lo alto que su partido recuper\u00f3 la mayor\u00eda en el parlamento ruso. Y se ha esforzado tanto en que la gente lo ame, que ya le duele la cara de ser tan guapo. Esto dijo cuando habl\u00f3 con la prensa de su exposici\u00f3n medi\u00e1tica:<\/p>\n<blockquote><p>Yo me canso de m\u00ed mismo.<\/p><\/blockquote>\n<p>\u00bfQui\u00e9n puede culparlo? \u00bfQui\u00e9n no ama a <strong>Putin<\/strong>, aunque sea con un poquito de asco?<br \/>\nGanador absoluto. Aplauso con reverencia para el <strong>Zar Vladi<\/strong>.<br \/>\n<iframe loading=\"lazy\" class=\"giphy-embed\" src=\"\/\/giphy.com\/embed\/10eUlJ7PCOCtBC\" width=\"480\" height=\"480\" frameborder=\"0\" allowfullscreen=\"allowfullscreen\"><\/iframe><br \/>\nAs\u00ed es, muchachos y muchachas, a veces la estupidez reta nuestro <strong>sentido com\u00fan<\/strong>. Cuando pareciera que el absurdo no es m\u00e1s que desperdicio de la mente humana, lo reflexionamos y nos recorre un escalofr\u00edo al reconocer un \u00e1pice de verdad. As\u00ed es la humanidad, riamos y lloremos por ella.<\/p>\n","protected":false},"template":"","meta":{"_id_youtube":"","_id_vimeo":"","_podcasts_duration":"","_podcasts_url":"","_podcasts_show":"","_prog_horario_dias":"","_prog_hora":"","_prog_duration":""},"class_list":["post-20322","archivo","type-archivo","status-publish","hentry"],"_links":{"self":[{"href":"https:\/\/nofm-radio.com\/index.php?rest_route=\/wp\/v2\/archivo\/20322","targetHints":{"allow":["GET"]}}],"collection":[{"href":"https:\/\/nofm-radio.com\/index.php?rest_route=\/wp\/v2\/archivo"}],"about":[{"href":"https:\/\/nofm-radio.com\/index.php?rest_route=\/wp\/v2\/types\/archivo"}],"wp:attachment":[{"href":"https:\/\/nofm-radio.com\/index.php?rest_route=%2Fwp%2Fv2%2Fmedia&parent=20322"}],"curies":[{"name":"wp","href":"https:\/\/api.w.org\/{rel}","templated":true}]}}

<p>Todos sabemos que la humanidad es una especie de contrastes. Cada que la ciencia, el arte, el deporte nos muestran un nuevo límite, no queda más que celebrarnos y sorprendernos. Sin embargo, en esta vida el equilibrio es lo importante, por lo que el triunfo debe tener su contrapeso en la debacle, y en eso, hay que reconocerlo, somos también grandiosos.<br />
Esta semana en su <strong>#CuadroDeHonor</strong>, les traemos las <strong>8 frases</strong> más absurdas de la semana. Esas que en su estupidez son casi un diamante de sabiduría. Disfruten.<br />
Comenzamos nuestro cuadro con alguien que está más cerca de lo bruto que del diamante: <strong>Donald Trump Junior</strong>. El vástago del <strong>candidato republicano</strong> decidió contribuir a la política migratoria de la campaña, esta vez hablando de los refugiados de <strong>Medio Oriente</strong>. Pero como no se quiso ver tan mala onda como su papá, no llamó a los migrantes violadores o narcos, sólo los comparó con caramelos:</p>
<blockquote><p>Si yo tuviera una bandeja de skittles y le dijera que sólo tres lo matarían, ¿tomaría usted un puñado?”, y añadió: “Ese es nuestro problema con los refugiados sirios.</p></blockquote>
<blockquote class="twitter-tweet" data-lang="es">
<p dir="ltr" lang="en">This image says it all. Let&#8217;s end the politically correct agenda that doesn&#8217;t put America first. <a href="https://twitter.com/hashtag/trump2016?src=hash">#trump2016</a> <a href="https://t.co/9fHwog7ssN">pic.twitter.com/9fHwog7ssN</a></p>
<p>— Donald Trump Jr. (@DonaldJTrumpJr) <a href="https://twitter.com/DonaldJTrumpJr/status/778016283342307328">19 de septiembre de 2016</a></p></blockquote>
<p><script src="//platform.twitter.com/widgets.js" async="" charset="utf-8"></script><br />
Donald sabe que el azúcar mata, pero no siempre, así que no había mejor analogía. Y hablando de decir sin decir, el que se llevó las palmas fue el secretario de Economía, <strong>Ildefonso Guajardo</strong>, quien ante el subidón de popularidad de <strong>Donald Trump</strong> en las encuestas, dijo que si gana el empresario:</p>
<blockquote><p>Si tenemos que hablar con el diablo para garantizar la seguridad de los mexicanos, México hablará con el diablo.</p></blockquote>
<p>¡El diablo, el diablo!, dice el secretario mientras que a la economía mexicana no la salva ni el mejor exorcismo.<br />
<iframe loading="lazy" class="giphy-embed" src="//giphy.com/embed/WjYu3w24CGD1m" width="480" height="258" frameborder="0" allowfullscreen="allowfullscreen"></iframe><br />
A los que les viene guango si Trump gana o pierde es a los de la Asociación de <strong>Coleccionistas de Armas en Pennsylvania</strong>. En una convención en <strong>Pittsburgh</strong>, <strong>Philip Dacey</strong> aclaró que quede quien quede en la <strong>Casa Blanca</strong>, la 2a Enmienda quedará intacta. Los políticos pueden decir mucho, pero no importa pues:</p>
<blockquote><p>El control de las armas de fuego es un tema candente desde hace unos 60 años.</p></blockquote>
<p>Ya ven cómo somos los seres humanos de delicados con las armas y los muertos. Es un tema sensible con el que nos gusta exagerar. Si no nos creen pregúntenle a <strong>Rodrigo Duterte</strong>, presidente de <strong>Filipinas</strong> y consentido de esta columna, quien de nuevo recibió críticas por su política de guerra contra las drogas, a las que respondió:</p>
<blockquote><p>Cuando leí las condenas de la UE dije jódanse. Lo estáis haciendo para expiar vuestros pecados. Ahora son estrictos porque se sienten culpables. ¿A quién he matado? ¿A 1.700 aquí? ¿Llamáis a eso genocidio? ¿A cuántos habéis matado vosotros?</p></blockquote>
<p>Dos cosas nos quedan por decir: la primera es que su crítica a la <strong>UE</strong> es casi coherente, y la segunda que <strong>El Castigador</strong> ya aceptó que lo suyo lo suyo no es la diplomacia.<br />
<a class="no-eff img-link lightbox" href="http://nofm-radio.com/wp-content/uploads/2016/09/Duterte.jpg"><img loading="lazy" decoding="async" class="alignnone size-full wp-image-20328" src="http://nofm-radio.com/wp-content/uploads/2016/09/Duterte.jpg" alt="Philippine President Rodrigo Duterte raises a middle finger thrust out in an obscene gesture as he speaks before local government officials in Davao" width="780" height="530" /></a><br />
Otro al que le fallaron los protocolos fue <strong>Javier Quijano</strong>. El abogado y <strong>diputado constituyente</strong> le entró a los sombrerazos en la primera sesión de la <strong>Asamblea de la CDMX</strong>. Quijano, en plena confusión, se erigió paladín de la justicia y embistió contra los diputados elegidos por dedazo, en especial contra los que están dobleteando puesto como diputados federales y constituyentes:</p>
<blockquote><p>Ninguna carta constitucional puede, ni ha podido nunca, conferir a nadie el don de la ubicuidad. Ni siquiera la nuestra. Al menos por el momento.</p></blockquote>
<p>Y es que está bien que la Constitución es omnipresente y omnipotente, pero no es para tanto. Quizá la <strong>CDMX</strong> como ciudad de vanguardia sea la primera en legislar los superpoderes de sus políticos. Fingers crossed.<br />
<iframe loading="lazy" class="giphy-embed" src="//giphy.com/embed/PCkcS10XqAoBa" width="480" height="454" frameborder="0" allowfullscreen="allowfullscreen"></iframe><br />
La que no quisiera superpoderes sino sólo un poco de poder en su partido es <strong>Margarita Zavala</strong>. La ex primera dama tiene la candidatura al alcance de la mano, pero nomás no la dejan agarrarla. En un acto de desesperación quiso hacer ver al <strong>PAN</strong> que se están viendo lentos, pues:</p>
<blockquote><p>Andrés Manuel López Obrador lleva como dos siglos en campaña, el PRI no sé qué vaya a hacer, pero de que ya avisó que estaban en la campaña, lo están. No sé qué está esperando el PAN. Tiene que encontrar el método que lo presente más unido y consolidado.</p></blockquote>
<p>La mera verdad es para lo que hemos visto de adelanto de las campañas, lo que los ciudadanos estamos rogando es que no empiecen. Entre el cinismo, lo anticuado y lo acartonado, no dan una. No se dan cuenta de que en realidad necesitamos un cambio en la estructura misma del sistema, una nueva forma de gobierno que revolucione el país. Algo así como un imperio, pero un ¡<strong>imperio gay</strong>! Según el vocero de la <strong>Arquidiócesis de la Iglesia católica mexicana</strong> es lo que estamos viviendo. El maestro <strong>Hugo Valdemar</strong> lo anunció de esta forma:</p>
<blockquote><p>Si, según ellos, la sexualidad se construye, entonces debemos entender que también se deconstruye. Por ello, si alguien está descontento con su atracción homosexual, ¿cómo es posible prohibir que se le ayude? Eso sólo sucede en las dictaduras, y estamos al inicio del imperio gay, de una dictadura de pensamiento semejante al estalinismo o a la revolución cultural de Mao Tse Tung.</p></blockquote>
<p><iframe loading="lazy" class="giphy-embed" src="//giphy.com/embed/MgGSVzPjZm4ko" width="480" height="240" frameborder="0" allowfullscreen="allowfullscreen"></iframe><br />
Ay, ¿por dónde empezar con esta declaración? Es perfecta, una perla de sabiduría con sólo unas pocas inexactitudes históricas, ideológicas, biológicas y lógicas, pero de ahí en fuera, no hay falla. Claramente estamos viviendo algo así como el<strong> estalinismo</strong>, o al menos podemos recordar unas glorias soviéticas con don <strong>Vladimir Putin</strong>. El mandatario celebró por todo lo alto que su partido recuperó la mayoría en el parlamento ruso. Y se ha esforzado tanto en que la gente lo ame, que ya le duele la cara de ser tan guapo. Esto dijo cuando habló con la prensa de su exposición mediática:</p>
<blockquote><p>Yo me canso de mí mismo.</p></blockquote>
<p>¿Quién puede culparlo? ¿Quién no ama a <strong>Putin</strong>, aunque sea con un poquito de asco?<br />
Ganador absoluto. Aplauso con reverencia para el <strong>Zar Vladi</strong>.<br />
<iframe loading="lazy" class="giphy-embed" src="//giphy.com/embed/10eUlJ7PCOCtBC" width="480" height="480" frameborder="0" allowfullscreen="allowfullscreen"></iframe><br />
Así es, muchachos y muchachas, a veces la estupidez reta nuestro <strong>sentido común</strong>. Cuando pareciera que el absurdo no es más que desperdicio de la mente humana, lo reflexionamos y nos recorre un escalofrío al reconocer un ápice de verdad. Así es la humanidad, riamos y lloremos por ella.</p>
