{"id":20527,"date":"2016-10-13T17:15:27","date_gmt":"2016-10-13T22:15:27","guid":{"rendered":"http:\/\/nofm-radio.com\/?p=20527"},"modified":"2016-10-13T17:15:27","modified_gmt":"2016-10-13T22:15:27","slug":"y-arranca-no-se-pierdan-las-proyecciones-especiales-de-11docsmx","status":"publish","type":"archivo","link":"https:\/\/nofm-radio.com\/?archivo=y-arranca-no-se-pierdan-las-proyecciones-especiales-de-11docsmx","title":{"rendered":"\u00a1Y arranca! No se pierdan las proyecciones especiales de #11DocsMX"},"content":{"rendered":"<p style=\"text-align: left;\">La espera termin\u00f3. Hoy por fin arranca el 11 <strong>Festival Internacional de Cine Documental de la Ciudad de M\u00e9xico<\/strong>. La <strong>Selecci\u00f3n Oficial<\/strong> est\u00e1 de miedo, y en especial queremos recomendarles las <strong>Proyecciones especiales<\/strong>. Estas funciones, como casi todas del <strong>DocsMX<\/strong> es totalmente gratuitas, algunas al aire libre, y nos permitir\u00e1n ver historias que, en un mundo como el que vivimos, no podemos darnos el gusto de ignorar.<\/p>\n<p style=\"text-align: left;\">Les dejamos aqu\u00ed la cartelera por d\u00eda. Para conocer la <strong>programaci\u00f3n<\/strong> completa, no dejen de visitar<strong> <a href=\"http:\/\/docsmx.org\/\" target=\"_blank\" rel=\"noopener noreferrer\">docsmx.org<\/a><\/strong><\/p>\n<p style=\"text-align: center;\"><strong>JUEVES 13 de octubre<\/strong><\/p>\n<p>* Foro Lindbergh, 8 pm &#8211; \u00bfQu\u00e9 invadimos ahora?<br \/>\n<iframe loading=\"lazy\" src=\"https:\/\/www.youtube.com\/embed\/r4JJvfrkH3M\" width=\"560\" height=\"315\" frameborder=\"0\" allowfullscreen=\"allowfullscreen\"><\/iframe><\/p>\n<p style=\"text-align: center;\"><strong>VIERNES 14 de octubre<\/strong><\/p>\n<p>*Cine Lido, 9 pm &#8211; Manos de padre<br \/>\n<iframe loading=\"lazy\" src=\"https:\/\/www.youtube.com\/embed\/BKpE5rIUoi4\" width=\"560\" height=\"315\" frameborder=\"0\" allowfullscreen=\"allowfullscreen\"><\/iframe><br \/>\n* Foro Lindbergh, 9 pm &#8211; Ayotzinapa 26<br \/>\n<iframe loading=\"lazy\" src=\"https:\/\/www.youtube.com\/embed\/WKvXHwR4x-8\" width=\"560\" height=\"315\" frameborder=\"0\" allowfullscreen=\"allowfullscreen\"><\/iframe><\/p>\n<p style=\"text-align: center;\"><strong>S\u00c1BADO 15 de octubre<\/strong><\/p>\n<p>* Foro Lindbergh, 9 pm &#8211; Raving Iran<br \/>\n<iframe loading=\"lazy\" src=\"https:\/\/player.vimeo.com\/video\/161153814\" width=\"640\" height=\"360\" frameborder=\"0\" allowfullscreen=\"allowfullscreen\"><\/iframe><\/p>\n<p style=\"text-align: center;\"><strong>LUNES 17 de octubre<\/strong><\/p>\n<p>* Islas de Ciudad Universitaria. 8 pm &#8211; Banda Bassotti: la brigada internacionalista<\/p>\n<p style=\"text-align: center;\"><strong>MI\u00c9RCOLES 19 de octubre<\/strong><\/p>\n<p>* Islas de Ciudad Universitaria. 8 pm &#8211; Nola?<br \/>\n<iframe loading=\"lazy\" src=\"https:\/\/www.youtube.com\/embed\/ZXVMP9_XGa8\" width=\"560\" height=\"315\" frameborder=\"0\" allowfullscreen=\"allowfullscreen\"><\/iframe><br \/>\n* Foro Lindbergh, 9 pm &#8211; La reconquista de lo in\u00fatil<br \/>\n<iframe loading=\"lazy\" src=\"https:\/\/www.youtube.com\/embed\/TaZ5fBi_Du8\" width=\"560\" height=\"315\" frameborder=\"0\" allowfullscreen=\"allowfullscreen\"><\/iframe><\/p>\n<p style=\"text-align: center;\"><strong>JUEVES 20 de octubre<\/strong><\/p>\n<p>* Foro Lindbergh, 9 pm &#8211; Let&#8217;s be Frank<br \/>\n<iframe loading=\"lazy\" src=\"https:\/\/www.youtube.com\/embed\/evyW6dteHpI\" width=\"560\" height=\"315\" frameborder=\"0\" allowfullscreen=\"allowfullscreen\"><\/iframe><\/p>\n<p style=\"text-align: center;\"><strong>VIERNES 21 de octubre<\/strong><\/p>\n<p>* Foro Lindbergh, 9 pm &#8211; K2, tocando el cielo<br \/>\n<iframe loading=\"lazy\" src=\"https:\/\/player.vimeo.com\/video\/141891568\" width=\"640\" height=\"360\" frameborder=\"0\" allowfullscreen=\"allowfullscreen\"><\/iframe><br \/>\n* Islas de Ciudad Universitaria. 8 pm &#8211; Mami, ya s\u00e9 d\u00f3nde est\u00e1 el dinero<br \/>\n<iframe loading=\"lazy\" src=\"https:\/\/www.youtube.com\/embed\/r7mFc3yv6So\" width=\"560\" height=\"315\" frameborder=\"0\" allowfullscreen=\"allowfullscreen\"><\/iframe><br \/>\n* Jaima de Ciudad Universitaria, 4:30 pm &#8211; El reloj de Velasco Ibarra<br \/>\n* Jaima de Ciudad Universitaria, 4:30 pm &#8211; Instantes de campa\u00f1a<br \/>\n<iframe loading=\"lazy\" src=\"https:\/\/player.vimeo.com\/video\/142490636\" width=\"640\" height=\"360\" frameborder=\"0\" allowfullscreen=\"allowfullscreen\"><\/iframe><br \/>\n* Jaima Parque Espa\u00f1a, 8:45 pm &#8211; La memoria de las tortugas<br \/>\n* Jaima Parque Espa\u00f1a, 8:45 pm &#8211; Los Jones<br \/>\n* Jaima Parque Pushkin, 9 pm &#8211; Karst<br \/>\n<iframe loading=\"lazy\" src=\"https:\/\/player.vimeo.com\/video\/123663986\" width=\"640\" height=\"360\" frameborder=\"0\" allowfullscreen=\"allowfullscreen\"><\/iframe><br \/>\n* Jaima Parque Pushkin, 9 pm &#8211; La Plaza de Ana<\/p>\n<p style=\"text-align: center;\"><strong>S\u00c1BADO 22 de octubre<\/strong><\/p>\n<p>* Goethe-Institut Mexiko, 8:30 pm &#8211; Instantes de campa\u00f1a<br \/>\n<iframe loading=\"lazy\" src=\"https:\/\/player.vimeo.com\/video\/142490636\" width=\"640\" height=\"360\" frameborder=\"0\" allowfullscreen=\"allowfullscreen\"><\/iframe><br \/>\n* Foro Lindbergh, 9 pm &#8211; Ol\u00e9, ol\u00e9, ol\u00e9: A trip across Latin America<br \/>\n<iframe loading=\"lazy\" src=\"https:\/\/www.youtube.com\/embed\/8A103qdCUjE\" width=\"560\" height=\"315\" frameborder=\"0\" allowfullscreen=\"allowfullscreen\"><\/iframe><br \/>\n&nbsp;<\/p>\n","protected":false},"template":"","meta":{"_id_youtube":"","_id_vimeo":"","_podcasts_duration":"","_podcasts_url":"","_podcasts_show":"","_prog_horario_dias":"","_prog_hora":"","_prog_duration":""},"class_list":["post-20527","archivo","type-archivo","status-publish","hentry"],"_links":{"self":[{"href":"https:\/\/nofm-radio.com\/index.php?rest_route=\/wp\/v2\/archivo\/20527","targetHints":{"allow":["GET"]}}],"collection":[{"href":"https:\/\/nofm-radio.com\/index.php?rest_route=\/wp\/v2\/archivo"}],"about":[{"href":"https:\/\/nofm-radio.com\/index.php?rest_route=\/wp\/v2\/types\/archivo"}],"wp:attachment":[{"href":"https:\/\/nofm-radio.com\/index.php?rest_route=%2Fwp%2Fv2%2Fmedia&parent=20527"}],"curies":[{"name":"wp","href":"https:\/\/api.w.org\/{rel}","templated":true}]}}

<p style="text-align: left;">La espera terminó. Hoy por fin arranca el 11 <strong>Festival Internacional de Cine Documental de la Ciudad de México</strong>. La <strong>Selección Oficial</strong> está de miedo, y en especial queremos recomendarles las <strong>Proyecciones especiales</strong>. Estas funciones, como casi todas del <strong>DocsMX</strong> es totalmente gratuitas, algunas al aire libre, y nos permitirán ver historias que, en un mundo como el que vivimos, no podemos darnos el gusto de ignorar.</p>
<p style="text-align: left;">Les dejamos aquí la cartelera por día. Para conocer la <strong>programación</strong> completa, no dejen de visitar<strong> <a href="http://docsmx.org/" target="_blank" rel="noopener noreferrer">docsmx.org</a></strong></p>
<p style="text-align: center;"><strong>JUEVES 13 de octubre</strong></p>
<p>* Foro Lindbergh, 8 pm &#8211; ¿Qué invadimos ahora?<br />
<iframe loading="lazy" src="https://www.youtube.com/embed/r4JJvfrkH3M" width="560" height="315" frameborder="0" allowfullscreen="allowfullscreen"></iframe></p>
<p style="text-align: center;"><strong>VIERNES 14 de octubre</strong></p>
<p>*Cine Lido, 9 pm &#8211; Manos de padre<br />
<iframe loading="lazy" src="https://www.youtube.com/embed/BKpE5rIUoi4" width="560" height="315" frameborder="0" allowfullscreen="allowfullscreen"></iframe><br />
* Foro Lindbergh, 9 pm &#8211; Ayotzinapa 26<br />
<iframe loading="lazy" src="https://www.youtube.com/embed/WKvXHwR4x-8" width="560" height="315" frameborder="0" allowfullscreen="allowfullscreen"></iframe></p>
<p style="text-align: center;"><strong>SÁBADO 15 de octubre</strong></p>
<p>* Foro Lindbergh, 9 pm &#8211; Raving Iran<br />
<iframe loading="lazy" src="https://player.vimeo.com/video/161153814" width="640" height="360" frameborder="0" allowfullscreen="allowfullscreen"></iframe></p>
<p style="text-align: center;"><strong>LUNES 17 de octubre</strong></p>
<p>* Islas de Ciudad Universitaria. 8 pm &#8211; Banda Bassotti: la brigada internacionalista</p>
<p style="text-align: center;"><strong>MIÉRCOLES 19 de octubre</strong></p>
<p>* Islas de Ciudad Universitaria. 8 pm &#8211; Nola?<br />
<iframe loading="lazy" src="https://www.youtube.com/embed/ZXVMP9_XGa8" width="560" height="315" frameborder="0" allowfullscreen="allowfullscreen"></iframe><br />
* Foro Lindbergh, 9 pm &#8211; La reconquista de lo inútil<br />
<iframe loading="lazy" src="https://www.youtube.com/embed/TaZ5fBi_Du8" width="560" height="315" frameborder="0" allowfullscreen="allowfullscreen"></iframe></p>
<p style="text-align: center;"><strong>JUEVES 20 de octubre</strong></p>
<p>* Foro Lindbergh, 9 pm &#8211; Let&#8217;s be Frank<br />
<iframe loading="lazy" src="https://www.youtube.com/embed/evyW6dteHpI" width="560" height="315" frameborder="0" allowfullscreen="allowfullscreen"></iframe></p>
<p style="text-align: center;"><strong>VIERNES 21 de octubre</strong></p>
<p>* Foro Lindbergh, 9 pm &#8211; K2, tocando el cielo<br />
<iframe loading="lazy" src="https://player.vimeo.com/video/141891568" width="640" height="360" frameborder="0" allowfullscreen="allowfullscreen"></iframe><br />
* Islas de Ciudad Universitaria. 8 pm &#8211; Mami, ya sé dónde está el dinero<br />
<iframe loading="lazy" src="https://www.youtube.com/embed/r7mFc3yv6So" width="560" height="315" frameborder="0" allowfullscreen="allowfullscreen"></iframe><br />
* Jaima de Ciudad Universitaria, 4:30 pm &#8211; El reloj de Velasco Ibarra<br />
* Jaima de Ciudad Universitaria, 4:30 pm &#8211; Instantes de campaña<br />
<iframe loading="lazy" src="https://player.vimeo.com/video/142490636" width="640" height="360" frameborder="0" allowfullscreen="allowfullscreen"></iframe><br />
* Jaima Parque España, 8:45 pm &#8211; La memoria de las tortugas<br />
* Jaima Parque España, 8:45 pm &#8211; Los Jones<br />
* Jaima Parque Pushkin, 9 pm &#8211; Karst<br />
<iframe loading="lazy" src="https://player.vimeo.com/video/123663986" width="640" height="360" frameborder="0" allowfullscreen="allowfullscreen"></iframe><br />
* Jaima Parque Pushkin, 9 pm &#8211; La Plaza de Ana</p>
<p style="text-align: center;"><strong>SÁBADO 22 de octubre</strong></p>
<p>* Goethe-Institut Mexiko, 8:30 pm &#8211; Instantes de campaña<br />
<iframe loading="lazy" src="https://player.vimeo.com/video/142490636" width="640" height="360" frameborder="0" allowfullscreen="allowfullscreen"></iframe><br />
* Foro Lindbergh, 9 pm &#8211; Olé, olé, olé: A trip across Latin America<br />
<iframe loading="lazy" src="https://www.youtube.com/embed/8A103qdCUjE" width="560" height="315" frameborder="0" allowfullscreen="allowfullscreen"></iframe><br />
&nbsp;</p>
