{"id":20530,"date":"2016-10-14T10:10:25","date_gmt":"2016-10-14T15:10:25","guid":{"rendered":"http:\/\/nofm-radio.com\/?p=20530"},"modified":"2016-10-14T10:10:25","modified_gmt":"2016-10-14T15:10:25","slug":"cuadrodehonor-8-frases-de-la-semana-para-rogar-por-la-extincion","status":"publish","type":"archivo","link":"https:\/\/nofm-radio.com\/?archivo=cuadrodehonor-8-frases-de-la-semana-para-rogar-por-la-extincion","title":{"rendered":"#CuadroDeHonor: 8 frases de la semana para rogar por la extinci\u00f3n"},"content":{"rendered":"<p>Una semana que arranca con una pelea de gallos disfrazada de debate presidencial, sin duda nos va a dejar cosas interesantes. Por eso su bien amado <strong>#CuadroDeHonor<\/strong> le trae esas ocho frases que comprueban que, mientras la selecci\u00f3n natural nos dicta que somos la especie superior, hay ejemplares que se empe\u00f1an en sacarnos del digno puesto.<br \/>\nEmpezamos nuestro recorrido en el Cono Sur. <strong>Argentina<\/strong> est\u00e1 pasando un momento dif\u00edcil con fuego amigo, fuego enemigo y fuego real. Una serie de incendios forestales tiene a la poblaci\u00f3n civil bastante preocupada. Afortunadamente, cuentan con <strong>Sergio Bergman<\/strong>, ministro de Ambiente, para brindarles buenos consejos, como \u00e9ste:<\/p>\n<blockquote><p>Lo m\u00e1s \u00fatil contra los incendios es rezar.<\/p><\/blockquote>\n<p>Tal vez debemos aclarar que Bergman es adem\u00e1s rabino, y que desde el principio supo que su consejo iba a ser malentendido, pero bienaventurados los ignorantes que de ellos ser\u00e1 el reino de los cielos.<br \/>\nSiguiendo con el clima, esta semana todo el Caribe estuvo amenazado por ese hurac\u00e1n llamado <strong>Matthew<\/strong>, que dej\u00f3 fuertes destrozos en <strong>Hait\u00ed<\/strong>. Por ello, cuando lleg\u00f3 a <strong>Florida<\/strong>, la alerta m\u00e1xima se encendi\u00f3: el gobernador tuiteaba &#8220;Evac\u00faen, evac\u00faen, evac\u00faen&#8221;, mientras un directo y cruento hombre del clima dec\u00eda<\/p>\n<blockquote><p>No sobrevivir\u00e1s. Es imposible. Morir\u00e1s. Y tus hijos tambi\u00e9n morir\u00e1n.<\/p><\/blockquote>\n<p><strong>Shep Smith<\/strong> se nos puso dantesco y mejor llam\u00f3 a perder toda esperanza, mientras se\u00f1alaba en el mapa el c\u00edrculo del infierno que ser\u00eda azotado por el hurac\u00e1n en forma de calavera.<br \/>\n<iframe loading=\"lazy\" src=\"https:\/\/www.youtube.com\/embed\/uOMkj2UaaHM\" width=\"560\" height=\"315\" frameborder=\"0\" allowfullscreen=\"allowfullscreen\"><\/iframe><br \/>\nYa que andamos por el Caribe, nos damos una vuelta por la Riviera Maya, donde el <strong>obispo de Quintana Roo<\/strong> se nos puso salom\u00f3nico. Ante la cuesti\u00f3n de si se debe o no activar la <strong>alerta de g\u00e9nero<\/strong> en el estado, el sacerdote dijo<\/p>\n<blockquote><p>\u00bfPor qu\u00e9 las mujeres tienen que ser diferentes?, \u00bfpor qu\u00e9 no son como los hombres?, \u00bfpor qu\u00e9 no es un homicidio como todos?, \u00bfde un ser humano?, o \u00bfahora vamos a tener que las mujeres son diferentes?&#8230; El inconveniente es cuando ellas quieren ser iguales, y a veces al marcar esas diferencias, luego salen perdiendo.<\/p><\/blockquote>\n<p>Y es que sin duda el problema es que las mujeres no se creen suficientemente humanas, por eso andan exigiendo protecci\u00f3n especial. Luego nos anda saliendo el tiro por la culata por andar causando inconvenientes pidiendo<strong> derechos humanos<\/strong>.<br \/>\n<iframe loading=\"lazy\" class=\"giphy-embed\" src=\"\/\/giphy.com\/embed\/2IFXZDePUQAAU\" width=\"480\" height=\"397\" frameborder=\"0\" allowfullscreen=\"allowfullscreen\"><\/iframe><br \/>\nQuienes se quieren evitar la molestia, son los simpatizantes de <strong>Donald Trump<\/strong>, quienes esta semana se quisieron ahorrar los problemas generados por las acusaciones de <strong>acoso sexual<\/strong> contra su candidato de la manera m\u00e1s simple: revocando el derecho a voto a las mujeres. Con\u00a0<strong>#Repealthe19th<\/strong> hicieron una demostraci\u00f3n de qu\u00e9 pasar\u00eda si s\u00f3lo votaran los varones.<br \/>\n<a class=\"no-eff img-link lightbox\" href=\"http:\/\/nofm-radio.com\/wp-content\/uploads\/2016\/10\/Menvote.jpg\"><img loading=\"lazy\" decoding=\"async\" class=\"alignnone size-full wp-image-20537\" src=\"http:\/\/nofm-radio.com\/wp-content\/uploads\/2016\/10\/Menvote.jpg\" alt=\"menvote\" width=\"624\" height=\"600\" \/><\/a><br \/>\n<a class=\"no-eff img-link lightbox\" href=\"http:\/\/nofm-radio.com\/wp-content\/uploads\/2016\/10\/Repealthe.jpg\"><img loading=\"lazy\" decoding=\"async\" class=\"alignnone size-full wp-image-20536\" src=\"http:\/\/nofm-radio.com\/wp-content\/uploads\/2016\/10\/Repealthe.jpg\" alt=\"repealthe\" width=\"624\" height=\"150\" \/><\/a><br \/>\nPorque nada salva una campa\u00f1a acusada de misoginia como la negaci\u00f3n de derechos fundamentales.<br \/>\nY regresando a tierras mexas, otro al que le dio por curar con la enfermedad misma es el secretario de Desarrollo Social. <strong>Luis Miranda Nava<\/strong>, quien no se cansa de aclarara que no es un operador pol\u00edtico (LOL) decidi\u00f3 que no importan los \u00edndices de <strong>pobreza<\/strong>, que lo que importa es c\u00f3mo combartirla, y, en su opini\u00f3n.<\/p>\n<blockquote><p>Ense\u00f1ando a trabajar a la gente se combate la pobreza.<\/p><\/blockquote>\n<p>Y la verdad hay que aceptar que lo que necesita la gente es echarle m\u00e1s ganas, no se est\u00e1 matando lo suficiente. Pero bueno, siempre es gratificante ver que un pol\u00edtico imb\u00e9cil cambia de discurso: \u00e9ste pas\u00f3 del cambio est\u00e1 en ti al son pobres porque quieren.<br \/>\n<iframe loading=\"lazy\" class=\"giphy-embed\" src=\"\/\/giphy.com\/embed\/3o85xziIp4uruHAtB6\" width=\"480\" height=\"368\" frameborder=\"0\" allowfullscreen=\"allowfullscreen\"><\/iframe><br \/>\nYa acerc\u00e1ndonos a la recta final, tenemos que dar un reconocimiento especial al se\u00f1or <strong>Francisco Correa<\/strong>. Este empresario espa\u00f1ol ha logrado como nadie explicar el conflicto de inter\u00e9s. En pleno esc\u00e1ndalo por sus negocios con el <strong>Partido Popular<\/strong>, Correa explic\u00f3<\/p>\n<blockquote><p>C\u00f3mo no voy a hacer regalos a los que me daban tanto negocio.<\/p><\/blockquote>\n<p>La culpa la tienen las madres que nos ense\u00f1an a ser agradecidos, y Correa se vio obligado a ofrecer dinero, viajes y fiestas a los pol\u00edticos del PP. Pero no se enga\u00f1en, eso no lo convierte en un delincuente, s\u00f3lo en un buen amigo. Tal como el nuevo <strong>gobernador interino<\/strong> del estado de <strong>Veracruz<\/strong>, <strong>Flavino R\u00edos<\/strong>. El antes secretario de gobierno prometi\u00f3 que en los 40 d\u00edas que le quedan a la administraci\u00f3n van a mejorar las cosas, y que su principal objetivo es una transici\u00f3n transparente, como lo demostr\u00f3 con su postura ante la investigaci\u00f3n a <strong>Javier Duarte<\/strong>:<\/p>\n<blockquote><p>Javier Duarte es mi amigo, pero colaborar\u00e9 en la investigaci\u00f3n en su contra.<\/p><\/blockquote>\n<p>Nom\u00e1s le decimos a don Flavino que se cuide, porque Duarte no reconoce amistades. Tan es as\u00ed que cuando anunci\u00f3 en cadena nacional que dejaba la <strong>gobernatura<\/strong>, advirti\u00f3 que las acusaciones en su contra eran falsas, pero por sus colaboradores no respond\u00eda. Es m\u00e1s, que si sus amigos hab\u00edan robado, que ah\u00ed se las arreglaran porque<\/p>\n<blockquote><p>No tengo por qu\u00e9 sudar calenturas que no son m\u00edas.<\/p><\/blockquote>\n<p>Traici\u00f3n a la vista: tenemos un ganador. Aplausos de pie.<br \/>\n<iframe loading=\"lazy\" class=\"giphy-embed\" src=\"\/\/giphy.com\/embed\/ZwxN341b8glIA\" width=\"480\" height=\"269\" frameborder=\"0\" allowfullscreen=\"allowfullscreen\"><\/iframe><br \/>\nAs\u00ed es, muchachos y muchachas, cuando empiecen a sentirse bien consigo mismos, cuando crean que vamos avanzando en este mundo, recuerden que siempre habr\u00e1 un pol\u00edtico a punto de abrir la boca para regresarnos a la triste realidad.<\/p>\n","protected":false},"template":"","meta":{"_id_youtube":"","_id_vimeo":"","_podcasts_duration":"","_podcasts_url":"","_podcasts_show":"","_prog_horario_dias":"","_prog_hora":"","_prog_duration":""},"class_list":["post-20530","archivo","type-archivo","status-publish","hentry"],"_links":{"self":[{"href":"https:\/\/nofm-radio.com\/index.php?rest_route=\/wp\/v2\/archivo\/20530","targetHints":{"allow":["GET"]}}],"collection":[{"href":"https:\/\/nofm-radio.com\/index.php?rest_route=\/wp\/v2\/archivo"}],"about":[{"href":"https:\/\/nofm-radio.com\/index.php?rest_route=\/wp\/v2\/types\/archivo"}],"wp:attachment":[{"href":"https:\/\/nofm-radio.com\/index.php?rest_route=%2Fwp%2Fv2%2Fmedia&parent=20530"}],"curies":[{"name":"wp","href":"https:\/\/api.w.org\/{rel}","templated":true}]}}

#CuadroDeHonor: 8 frases de la semana para rogar por la extinción

<p>Una semana que arranca con una pelea de gallos disfrazada de debate presidencial, sin duda nos va a dejar cosas interesantes. Por eso su bien amado <strong>#CuadroDeHonor</strong> le trae esas ocho frases que comprueban que, mientras la selección natural nos dicta que somos la especie superior, hay ejemplares que se empeñan en sacarnos del digno puesto.<br />
Empezamos nuestro recorrido en el Cono Sur. <strong>Argentina</strong> está pasando un momento difícil con fuego amigo, fuego enemigo y fuego real. Una serie de incendios forestales tiene a la población civil bastante preocupada. Afortunadamente, cuentan con <strong>Sergio Bergman</strong>, ministro de Ambiente, para brindarles buenos consejos, como éste:</p>
<blockquote><p>Lo más útil contra los incendios es rezar.</p></blockquote>
<p>Tal vez debemos aclarar que Bergman es además rabino, y que desde el principio supo que su consejo iba a ser malentendido, pero bienaventurados los ignorantes que de ellos será el reino de los cielos.<br />
Siguiendo con el clima, esta semana todo el Caribe estuvo amenazado por ese huracán llamado <strong>Matthew</strong>, que dejó fuertes destrozos en <strong>Haití</strong>. Por ello, cuando llegó a <strong>Florida</strong>, la alerta máxima se encendió: el gobernador tuiteaba &#8220;Evacúen, evacúen, evacúen&#8221;, mientras un directo y cruento hombre del clima decía</p>
<blockquote><p>No sobrevivirás. Es imposible. Morirás. Y tus hijos también morirán.</p></blockquote>
<p><strong>Shep Smith</strong> se nos puso dantesco y mejor llamó a perder toda esperanza, mientras señalaba en el mapa el círculo del infierno que sería azotado por el huracán en forma de calavera.<br />
<iframe loading="lazy" src="https://www.youtube.com/embed/uOMkj2UaaHM" width="560" height="315" frameborder="0" allowfullscreen="allowfullscreen"></iframe><br />
Ya que andamos por el Caribe, nos damos una vuelta por la Riviera Maya, donde el <strong>obispo de Quintana Roo</strong> se nos puso salomónico. Ante la cuestión de si se debe o no activar la <strong>alerta de género</strong> en el estado, el sacerdote dijo</p>
<blockquote><p>¿Por qué las mujeres tienen que ser diferentes?, ¿por qué no son como los hombres?, ¿por qué no es un homicidio como todos?, ¿de un ser humano?, o ¿ahora vamos a tener que las mujeres son diferentes?&#8230; El inconveniente es cuando ellas quieren ser iguales, y a veces al marcar esas diferencias, luego salen perdiendo.</p></blockquote>
<p>Y es que sin duda el problema es que las mujeres no se creen suficientemente humanas, por eso andan exigiendo protección especial. Luego nos anda saliendo el tiro por la culata por andar causando inconvenientes pidiendo<strong> derechos humanos</strong>.<br />
<iframe loading="lazy" class="giphy-embed" src="//giphy.com/embed/2IFXZDePUQAAU" width="480" height="397" frameborder="0" allowfullscreen="allowfullscreen"></iframe><br />
Quienes se quieren evitar la molestia, son los simpatizantes de <strong>Donald Trump</strong>, quienes esta semana se quisieron ahorrar los problemas generados por las acusaciones de <strong>acoso sexual</strong> contra su candidato de la manera más simple: revocando el derecho a voto a las mujeres. Con <strong>#Repealthe19th</strong> hicieron una demostración de qué pasaría si sólo votaran los varones.<br />
<a class="no-eff img-link lightbox" href="http://nofm-radio.com/wp-content/uploads/2016/10/Menvote.jpg"><img loading="lazy" decoding="async" class="alignnone size-full wp-image-20537" src="http://nofm-radio.com/wp-content/uploads/2016/10/Menvote.jpg" alt="menvote" width="624" height="600" /></a><br />
<a class="no-eff img-link lightbox" href="http://nofm-radio.com/wp-content/uploads/2016/10/Repealthe.jpg"><img loading="lazy" decoding="async" class="alignnone size-full wp-image-20536" src="http://nofm-radio.com/wp-content/uploads/2016/10/Repealthe.jpg" alt="repealthe" width="624" height="150" /></a><br />
Porque nada salva una campaña acusada de misoginia como la negación de derechos fundamentales.<br />
Y regresando a tierras mexas, otro al que le dio por curar con la enfermedad misma es el secretario de Desarrollo Social. <strong>Luis Miranda Nava</strong>, quien no se cansa de aclarara que no es un operador político (LOL) decidió que no importan los índices de <strong>pobreza</strong>, que lo que importa es cómo combartirla, y, en su opinión.</p>
<blockquote><p>Enseñando a trabajar a la gente se combate la pobreza.</p></blockquote>
<p>Y la verdad hay que aceptar que lo que necesita la gente es echarle más ganas, no se está matando lo suficiente. Pero bueno, siempre es gratificante ver que un político imbécil cambia de discurso: éste pasó del cambio está en ti al son pobres porque quieren.<br />
<iframe loading="lazy" class="giphy-embed" src="//giphy.com/embed/3o85xziIp4uruHAtB6" width="480" height="368" frameborder="0" allowfullscreen="allowfullscreen"></iframe><br />
Ya acercándonos a la recta final, tenemos que dar un reconocimiento especial al señor <strong>Francisco Correa</strong>. Este empresario español ha logrado como nadie explicar el conflicto de interés. En pleno escándalo por sus negocios con el <strong>Partido Popular</strong>, Correa explicó</p>
<blockquote><p>Cómo no voy a hacer regalos a los que me daban tanto negocio.</p></blockquote>
<p>La culpa la tienen las madres que nos enseñan a ser agradecidos, y Correa se vio obligado a ofrecer dinero, viajes y fiestas a los políticos del PP. Pero no se engañen, eso no lo convierte en un delincuente, sólo en un buen amigo. Tal como el nuevo <strong>gobernador interino</strong> del estado de <strong>Veracruz</strong>, <strong>Flavino Ríos</strong>. El antes secretario de gobierno prometió que en los 40 días que le quedan a la administración van a mejorar las cosas, y que su principal objetivo es una transición transparente, como lo demostró con su postura ante la investigación a <strong>Javier Duarte</strong>:</p>
<blockquote><p>Javier Duarte es mi amigo, pero colaboraré en la investigación en su contra.</p></blockquote>
<p>Nomás le decimos a don Flavino que se cuide, porque Duarte no reconoce amistades. Tan es así que cuando anunció en cadena nacional que dejaba la <strong>gobernatura</strong>, advirtió que las acusaciones en su contra eran falsas, pero por sus colaboradores no respondía. Es más, que si sus amigos habían robado, que ahí se las arreglaran porque</p>
<blockquote><p>No tengo por qué sudar calenturas que no son mías.</p></blockquote>
<p>Traición a la vista: tenemos un ganador. Aplausos de pie.<br />
<iframe loading="lazy" class="giphy-embed" src="//giphy.com/embed/ZwxN341b8glIA" width="480" height="269" frameborder="0" allowfullscreen="allowfullscreen"></iframe><br />
Así es, muchachos y muchachas, cuando empiecen a sentirse bien consigo mismos, cuando crean que vamos avanzando en este mundo, recuerden que siempre habrá un político a punto de abrir la boca para regresarnos a la triste realidad.</p>
