{"id":20609,"date":"2016-10-21T13:27:42","date_gmt":"2016-10-21T18:27:42","guid":{"rendered":"http:\/\/nofm-radio.com\/?p=20609"},"modified":"2016-10-21T13:27:42","modified_gmt":"2016-10-21T18:27:42","slug":"cuadrodehonor-8-frases-de-evasores-evasivos-y-profugos","status":"publish","type":"archivo","link":"https:\/\/nofm-radio.com\/?archivo=cuadrodehonor-8-frases-de-evasores-evasivos-y-profugos","title":{"rendered":"#CuadroDeHonor. 8 frases de evasores, evasivos y pr\u00f3fugos"},"content":{"rendered":"<p>Vaya semanita la que hemos tenido. Entre gobernadores convenientemente fugados, debates presidenciales, machines apropi\u00e1ndose de causas que no respetan, las<strong> fichas rojas<\/strong> de la<strong> Interpol<\/strong> nos resultan pocas para cazar a tanto imb\u00e9cil. Afortunadamente para nosotros, esta vez su bien querido<strong> #CuadroDeHonor<\/strong> les trae las 8 frases de la semana que muestran que la evasi\u00f3n de la mente y de la realidad es siempre la m\u00e1s preocupante, pero tambi\u00e9n la m\u00e1s entretenida. Lean, al\u00e9jense y cu\u00e9ntenselo a quien m\u00e1s confianza le tengan.<br \/>\nComenzamos en casa. Como siempre, el presidente<strong> Pe\u00f1a Nieto<\/strong> se coloca a la vanguardia para salir de la realidad. En esta ocasi\u00f3n andaba por <strong>Michoac\u00e1n<\/strong> en busca\u00a0de arreglar el desgarriate que su estrategia de seguridad ha dejado por all\u00e1, y tratando de adelantarse a las circunstancias malvibrosas de la prensa, dijo:<\/p>\n<blockquote><p>Hoy quiz\u00e1 la nota ser\u00eda, que no lo va a ser, el que hubi\u00e9semos dicho que el gobierno de la Rep\u00fablica se sale y se retira de Michoac\u00e1n, eso ser\u00eda la mejor nota para ellos&#8230; Esa pareciera ser la buena nota para ustedes, pero no se las voy a dar.<\/p><\/blockquote>\n<p><iframe loading=\"lazy\" src=\"https:\/\/www.youtube.com\/embed\/gsN2QQjKrlc\" width=\"560\" height=\"315\" frameborder=\"0\" allowfullscreen=\"allowfullscreen\"><\/iframe><br \/>\nAy, \u00bfno les da un poco de pena que a <strong>Pe\u00f1a Nieto<\/strong> no le haga caso ni su propio inconsciente? Porque nota sin noticia, pero nota al fin y al cabo. Y, siguiendo el slogan, hay que empezar a valorar las peque\u00f1as cosas que nos deja el <strong>presidente,<\/strong> quien ya no sabe usar pronombres personales, pero sigue teniendo claro que lo que \u00e9l quiere es que alguien, quien sea, lo deje de joder.<br \/>\n<iframe loading=\"lazy\" class=\"giphy-embed\" src=\"\/\/giphy.com\/embed\/rEwziT49kCGc0\" width=\"480\" height=\"350\" frameborder=\"0\" allowfullscreen=\"allowfullscreen\"><\/iframe><br \/>\nSiguiendo en la escena nacional, otros que quieren de favor que les dejen su placita en paz, son los del<strong> Cartel de Ju\u00e1rez<\/strong>. Por medio de su <strong>jefe de sicarios<\/strong> anunciaron que con la pena van a a tener que intensificar la guerra contra el <strong>Cartel de Sinaloa<\/strong>, porque \u00e9stos insisten en vender cristal. Pero los sinaloenses no s\u00f3lo les quieren robar en su casa, sino que no tienen visi\u00f3n a futuro.<\/p>\n<blockquote><p>La gente que usa el cristal nom\u00e1s dura tres a\u00f1os y se muere, nos est\u00e1n matando a la gente, y ese dinero se nos va a nosotros, porque eso que se gastan en el cristal lo pueden usar en la hero\u00edna.<\/p><\/blockquote>\n<p>Negocio es negocio, dice el sicario y tambi\u00e9n lo dice el cl\u00e1sico de la literatura <strong>Mario Vargas Llosa<\/strong>, quien tambi\u00e9n se niega amargamente a que le usurpen el lugar. Tras la designaci\u00f3n del <strong>Premio Nobel del Literatura<\/strong> a <strong>Bob Dylan<\/strong>, el peruano declar\u00f3<\/p>\n<blockquote><p>[La frivolizaci\u00f3n y banalizaci\u00f3n de la cultura] es contraproducente y lleva a que los pol\u00edticos se fotograf\u00eden antes con artistas del cine o futbolistas que con escritores.<\/p><\/blockquote>\n<p>Lo dice el autor que apareci\u00f3 en la portada del <strong>Hola<\/strong> tras su romance con<strong> Isabel Preysler<\/strong>. Pero bueno, aprovech\u00f3 para aclarar que a \u00e9l s\u00ed aprecia\u00a0la m\u00fasica de <strong>Dylan<\/strong>, porque es un mam\u00f3n con buen gusto, pero \u00e9l conoce esa sensaci\u00f3n de estar junto al tel\u00e9fono esperando la llamada de la <strong>Academia sueca<\/strong>.<br \/>\n<iframe loading=\"lazy\" class=\"giphy-embed\" src=\"\/\/giphy.com\/embed\/QUmpqPoJ886Iw\" width=\"480\" height=\"331\" frameborder=\"0\" allowfullscreen=\"allowfullscreen\"><\/iframe><br \/>\nExtra\u00f1amente es el desde\u00f1ado premiado quien le ha dado una muestra a la <strong>Academia.<\/strong> Tras la falta de respuesta de <strong>Bob Dylan<\/strong>, la secretaria permanente de la <strong>Academia sueca<\/strong>, <strong>Sara Denius<\/strong>, no sabe ni qu\u00e9 pensar<\/p>\n<blockquote><p>Tengo un presentimiento de que Bob Dylan puede venir. Puedo equivocarme, y claro que ser\u00eda una pena que no acudiese pero, en cualquier caso, la distinci\u00f3n es suya y no podemos responsabilizarnos de lo que pase ahora. Si no quiere venir, no vendr\u00e1, ser\u00e1 una gran fiesta igual.<\/p><\/blockquote>\n<p><strong>Sara<\/strong> debe estar ahora m\u00e1s confundida por la virtual e impl\u00edcita aceptaci\u00f3n que el cantante hizo en sus redes sociales, y la posterior eliminaci\u00f3n del post. La \u00fanica cosa clara es que nunca nadie ha podido entender a <strong>Bob Dylan<\/strong>, y s\u00f3lo nos queda aceptarlo como &#8220;alguien especial.&#8221;<br \/>\n<iframe loading=\"lazy\" class=\"giphy-embed\" src=\"\/\/giphy.com\/embed\/hrOSnyyh7O372\" width=\"480\" height=\"360\" frameborder=\"0\" allowfullscreen=\"allowfullscreen\"><\/iframe><br \/>\nLa que s\u00ed se ech\u00f3 un <em>epic fail<\/em> fue la se\u00f1orita <strong>Andrea Balbont\u00edn<\/strong>, de la organizaci\u00f3n <strong>Defiendo Chile<\/strong>, encargada de dar un curso para la<strong> iglesia cat\u00f3lica<\/strong> en contra de la &#8220;<strong>ideolog\u00eda de g\u00e9nero<\/strong>&#8220;. Como ya sabemos que la iglesia entiende cosas muy raras por ese t\u00e9rmino, la profesora nos hizo un video en que explica, entre otras cosas, que<\/p>\n<blockquote><p>La ideolog\u00eda de g\u00e9nero es el conjunto de todas estas ideas para imponer un cambio radical (\u2026) con el fin de la destrucci\u00f3n de nuestra composici\u00f3n social natural. Se trata de la destrucci\u00f3n de la esencia misma del ser humano, de lo que nos distingue a nosotros del resto de los seres vivos.<\/p><\/blockquote>\n<p><iframe loading=\"lazy\" class=\"giphy-embed\" src=\"\/\/giphy.com\/embed\/7u11JTgLQRM4g\" width=\"480\" height=\"235\" frameborder=\"0\" allowfullscreen=\"allowfullscreen\"><\/iframe><br \/>\nYa entrando a la recta final, tenemos el ruego de un veracruzano honorable, que al parecer s\u00f3lo tuvo la desventura de apellidarse Yunes. El ex candidato pri\u00edsta a la candidatura no quiso desaprovechar la oportunidad de pegarle a la gran pi\u00f1ata en turno, <strong>Javier Duarte<\/strong>. <strong>H\u00e9ctor Yunes<\/strong> lo hizo de una manera especial con un video lleno de gente imp\u00e1vida que, no sabemos si lo respalda o est\u00e1 at\u00f3nita de escuchar al pol\u00edtico decirle al gober en fuga<\/p>\n<blockquote><p>Tu conducta nos oblig\u00f3 primero a alejarnos, despu\u00e9s a retirarte nuestro apoyo, y finalmente a romper. Javier, entr\u00e9gate.<\/p><\/blockquote>\n<p><iframe loading=\"lazy\" src=\"https:\/\/www.youtube.com\/embed\/ETVV404OzTA\" width=\"560\" height=\"315\" frameborder=\"0\" allowfullscreen=\"allowfullscreen\"><\/iframe><br \/>\nTras el momento emotivo, llegamos a la cima de la evasi\u00f3n de la realidad con dos de sus principales exponentes, los hombres del momento. Empezamos con quien no puede faltar en esta columna: <strong>Donald Trump<\/strong>. Tras el \u00faltimo debate presidencial y tras recibir cr\u00edticas por negarse a decir si aceptar\u00e1 los resultados, el copete dorado dijo:<\/p>\n<blockquote><p>Quisiera prometer y jurar a todos mis votantes y partidarios y a todo el pueblo estadounidense que yo aceptar\u00e9 totalmente el resultado de esta gran e hist\u00f3rica elecci\u00f3n presidencial&#8230;si yo gano.<\/p><\/blockquote>\n<p>Me suena, me suena, \u00bfd\u00f3nde hemos escuchado eso antes? Ante la comparaci\u00f3n inevitable de <strong>Trump<\/strong> con <strong>AMLO<\/strong>, lleg\u00f3 la respuesta absurda de nuestro candidato rebeld\u00f3n:<\/p>\n<blockquote class=\"twitter-tweet\" data-lang=\"es\">\n<p dir=\"ltr\" lang=\"es\">Salinas apoy\u00f3 a Bush en campa\u00f1a y Calder\u00f3n a McCain, ahora juntos con Claudio X. y sus achichincles, dicen que soy como Trump. No manchen<\/p>\n<p>\u2014 Andr\u00e9s Manuel (@lopezobrador_) <a href=\"https:\/\/twitter.com\/lopezobrador_\/status\/789161720245723136\">20 de octubre de 2016<\/a><\/p><\/blockquote>\n<p><script src=\"\/\/platform.twitter.com\/widgets.js\" async=\"\" charset=\"utf-8\"><\/script><br \/>\nY luego remat\u00f3 con<\/p>\n<blockquote><p>Hoy les puse en el Twitter, como dicen los j\u00f3venes: no manchen, v\u00e1yanse al carajo<\/p><\/blockquote>\n<p>Menos mal que aclar\u00f3 que nos mand\u00f3 al carajo y no a la <strong>Chingada<\/strong>. No le vayamos a caer a su ranchito all\u00e1 en <strong>Chiapas<\/strong>, ahora que anda de separatista y sin querer juntarse con esa chusma.<br \/>\nEn fin, tenemos un ganador. \u00a1Aplausos de pie!<br \/>\n<iframe loading=\"lazy\" class=\"giphy-embed\" src=\"\/\/giphy.com\/embed\/M02qqmF5ixLHy\" width=\"480\" height=\"360\" frameborder=\"0\" allowfullscreen=\"allowfullscreen\"><\/iframe><br \/>\nAs\u00ed es, muchachos y muchachas, bienaventurados los pr\u00f3fugos que no viven en este mundo donde se ven estas sandeces. Nos leemos la siguiente semana.<\/p>\n","protected":false},"template":"","meta":{"_id_youtube":"","_id_vimeo":"","_podcasts_duration":"","_podcasts_url":"","_podcasts_show":"","_prog_horario_dias":"","_prog_hora":"","_prog_duration":""},"class_list":["post-20609","archivo","type-archivo","status-publish","hentry"],"_links":{"self":[{"href":"https:\/\/nofm-radio.com\/index.php?rest_route=\/wp\/v2\/archivo\/20609","targetHints":{"allow":["GET"]}}],"collection":[{"href":"https:\/\/nofm-radio.com\/index.php?rest_route=\/wp\/v2\/archivo"}],"about":[{"href":"https:\/\/nofm-radio.com\/index.php?rest_route=\/wp\/v2\/types\/archivo"}],"wp:attachment":[{"href":"https:\/\/nofm-radio.com\/index.php?rest_route=%2Fwp%2Fv2%2Fmedia&parent=20609"}],"curies":[{"name":"wp","href":"https:\/\/api.w.org\/{rel}","templated":true}]}}

#CuadroDeHonor. 8 frases de evasores, evasivos y prófugos

<p>Vaya semanita la que hemos tenido. Entre gobernadores convenientemente fugados, debates presidenciales, machines apropiándose de causas que no respetan, las<strong> fichas rojas</strong> de la<strong> Interpol</strong> nos resultan pocas para cazar a tanto imbécil. Afortunadamente para nosotros, esta vez su bien querido<strong> #CuadroDeHonor</strong> les trae las 8 frases de la semana que muestran que la evasión de la mente y de la realidad es siempre la más preocupante, pero también la más entretenida. Lean, aléjense y cuéntenselo a quien más confianza le tengan.<br />
Comenzamos en casa. Como siempre, el presidente<strong> Peña Nieto</strong> se coloca a la vanguardia para salir de la realidad. En esta ocasión andaba por <strong>Michoacán</strong> en busca de arreglar el desgarriate que su estrategia de seguridad ha dejado por allá, y tratando de adelantarse a las circunstancias malvibrosas de la prensa, dijo:</p>
<blockquote><p>Hoy quizá la nota sería, que no lo va a ser, el que hubiésemos dicho que el gobierno de la República se sale y se retira de Michoacán, eso sería la mejor nota para ellos&#8230; Esa pareciera ser la buena nota para ustedes, pero no se las voy a dar.</p></blockquote>
<p><iframe loading="lazy" src="https://www.youtube.com/embed/gsN2QQjKrlc" width="560" height="315" frameborder="0" allowfullscreen="allowfullscreen"></iframe><br />
Ay, ¿no les da un poco de pena que a <strong>Peña Nieto</strong> no le haga caso ni su propio inconsciente? Porque nota sin noticia, pero nota al fin y al cabo. Y, siguiendo el slogan, hay que empezar a valorar las pequeñas cosas que nos deja el <strong>presidente,</strong> quien ya no sabe usar pronombres personales, pero sigue teniendo claro que lo que él quiere es que alguien, quien sea, lo deje de joder.<br />
<iframe loading="lazy" class="giphy-embed" src="//giphy.com/embed/rEwziT49kCGc0" width="480" height="350" frameborder="0" allowfullscreen="allowfullscreen"></iframe><br />
Siguiendo en la escena nacional, otros que quieren de favor que les dejen su placita en paz, son los del<strong> Cartel de Juárez</strong>. Por medio de su <strong>jefe de sicarios</strong> anunciaron que con la pena van a a tener que intensificar la guerra contra el <strong>Cartel de Sinaloa</strong>, porque éstos insisten en vender cristal. Pero los sinaloenses no sólo les quieren robar en su casa, sino que no tienen visión a futuro.</p>
<blockquote><p>La gente que usa el cristal nomás dura tres años y se muere, nos están matando a la gente, y ese dinero se nos va a nosotros, porque eso que se gastan en el cristal lo pueden usar en la heroína.</p></blockquote>
<p>Negocio es negocio, dice el sicario y también lo dice el clásico de la literatura <strong>Mario Vargas Llosa</strong>, quien también se niega amargamente a que le usurpen el lugar. Tras la designación del <strong>Premio Nobel del Literatura</strong> a <strong>Bob Dylan</strong>, el peruano declaró</p>
<blockquote><p>[La frivolización y banalización de la cultura] es contraproducente y lleva a que los políticos se fotografíen antes con artistas del cine o futbolistas que con escritores.</p></blockquote>
<p>Lo dice el autor que apareció en la portada del <strong>Hola</strong> tras su romance con<strong> Isabel Preysler</strong>. Pero bueno, aprovechó para aclarar que a él sí aprecia la música de <strong>Dylan</strong>, porque es un mamón con buen gusto, pero él conoce esa sensación de estar junto al teléfono esperando la llamada de la <strong>Academia sueca</strong>.<br />
<iframe loading="lazy" class="giphy-embed" src="//giphy.com/embed/QUmpqPoJ886Iw" width="480" height="331" frameborder="0" allowfullscreen="allowfullscreen"></iframe><br />
Extrañamente es el desdeñado premiado quien le ha dado una muestra a la <strong>Academia.</strong> Tras la falta de respuesta de <strong>Bob Dylan</strong>, la secretaria permanente de la <strong>Academia sueca</strong>, <strong>Sara Denius</strong>, no sabe ni qué pensar</p>
<blockquote><p>Tengo un presentimiento de que Bob Dylan puede venir. Puedo equivocarme, y claro que sería una pena que no acudiese pero, en cualquier caso, la distinción es suya y no podemos responsabilizarnos de lo que pase ahora. Si no quiere venir, no vendrá, será una gran fiesta igual.</p></blockquote>
<p><strong>Sara</strong> debe estar ahora más confundida por la virtual e implícita aceptación que el cantante hizo en sus redes sociales, y la posterior eliminación del post. La única cosa clara es que nunca nadie ha podido entender a <strong>Bob Dylan</strong>, y sólo nos queda aceptarlo como &#8220;alguien especial.&#8221;<br />
<iframe loading="lazy" class="giphy-embed" src="//giphy.com/embed/hrOSnyyh7O372" width="480" height="360" frameborder="0" allowfullscreen="allowfullscreen"></iframe><br />
La que sí se echó un <em>epic fail</em> fue la señorita <strong>Andrea Balbontín</strong>, de la organización <strong>Defiendo Chile</strong>, encargada de dar un curso para la<strong> iglesia católica</strong> en contra de la &#8220;<strong>ideología de género</strong>&#8220;. Como ya sabemos que la iglesia entiende cosas muy raras por ese término, la profesora nos hizo un video en que explica, entre otras cosas, que</p>
<blockquote><p>La ideología de género es el conjunto de todas estas ideas para imponer un cambio radical (…) con el fin de la destrucción de nuestra composición social natural. Se trata de la destrucción de la esencia misma del ser humano, de lo que nos distingue a nosotros del resto de los seres vivos.</p></blockquote>
<p><iframe loading="lazy" class="giphy-embed" src="//giphy.com/embed/7u11JTgLQRM4g" width="480" height="235" frameborder="0" allowfullscreen="allowfullscreen"></iframe><br />
Ya entrando a la recta final, tenemos el ruego de un veracruzano honorable, que al parecer sólo tuvo la desventura de apellidarse Yunes. El ex candidato priísta a la candidatura no quiso desaprovechar la oportunidad de pegarle a la gran piñata en turno, <strong>Javier Duarte</strong>. <strong>Héctor Yunes</strong> lo hizo de una manera especial con un video lleno de gente impávida que, no sabemos si lo respalda o está atónita de escuchar al político decirle al gober en fuga</p>
<blockquote><p>Tu conducta nos obligó primero a alejarnos, después a retirarte nuestro apoyo, y finalmente a romper. Javier, entrégate.</p></blockquote>
<p><iframe loading="lazy" src="https://www.youtube.com/embed/ETVV404OzTA" width="560" height="315" frameborder="0" allowfullscreen="allowfullscreen"></iframe><br />
Tras el momento emotivo, llegamos a la cima de la evasión de la realidad con dos de sus principales exponentes, los hombres del momento. Empezamos con quien no puede faltar en esta columna: <strong>Donald Trump</strong>. Tras el último debate presidencial y tras recibir críticas por negarse a decir si aceptará los resultados, el copete dorado dijo:</p>
<blockquote><p>Quisiera prometer y jurar a todos mis votantes y partidarios y a todo el pueblo estadounidense que yo aceptaré totalmente el resultado de esta gran e histórica elección presidencial&#8230;si yo gano.</p></blockquote>
<p>Me suena, me suena, ¿dónde hemos escuchado eso antes? Ante la comparación inevitable de <strong>Trump</strong> con <strong>AMLO</strong>, llegó la respuesta absurda de nuestro candidato rebeldón:</p>
<blockquote class="twitter-tweet" data-lang="es">
<p dir="ltr" lang="es">Salinas apoyó a Bush en campaña y Calderón a McCain, ahora juntos con Claudio X. y sus achichincles, dicen que soy como Trump. No manchen</p>
<p>— Andrés Manuel (@lopezobrador_) <a href="https://twitter.com/lopezobrador_/status/789161720245723136">20 de octubre de 2016</a></p></blockquote>
<p><script src="//platform.twitter.com/widgets.js" async="" charset="utf-8"></script><br />
Y luego remató con</p>
<blockquote><p>Hoy les puse en el Twitter, como dicen los jóvenes: no manchen, váyanse al carajo</p></blockquote>
<p>Menos mal que aclaró que nos mandó al carajo y no a la <strong>Chingada</strong>. No le vayamos a caer a su ranchito allá en <strong>Chiapas</strong>, ahora que anda de separatista y sin querer juntarse con esa chusma.<br />
En fin, tenemos un ganador. ¡Aplausos de pie!<br />
<iframe loading="lazy" class="giphy-embed" src="//giphy.com/embed/M02qqmF5ixLHy" width="480" height="360" frameborder="0" allowfullscreen="allowfullscreen"></iframe><br />
Así es, muchachos y muchachas, bienaventurados los prófugos que no viven en este mundo donde se ven estas sandeces. Nos leemos la siguiente semana.</p>
