{"id":20742,"date":"2016-11-07T13:56:22","date_gmt":"2016-11-07T19:56:22","guid":{"rendered":"http:\/\/nofm-radio.com\/?p=20742"},"modified":"2016-11-07T13:56:22","modified_gmt":"2016-11-07T19:56:22","slug":"musica-amistad-festejo-y-mucho-baile-cronica-del-festival-latinoamerica-360","status":"publish","type":"archivo","link":"https:\/\/nofm-radio.com\/?archivo=musica-amistad-festejo-y-mucho-baile-cronica-del-festival-latinoamerica-360","title":{"rendered":"M\u00fasica, amistad, festejo y mucho baile. Cr\u00f3nica del festival Latinoam\u00e9rica 360"},"content":{"rendered":"<p>Por <strong>Berenice Rodr\u00edguez<\/strong><br \/>\n<a href=\"https:\/\/twitter.com\/berenice_rj\" target=\"_blank\" rel=\"noopener noreferrer\">@berenice_rj<\/a><br \/>\nFotograf\u00edas de <strong>Tonatiuh Barranco<\/strong><br \/>\n<a href=\"https:\/\/twitter.com\/El_Tona_yan\" target=\"_blank\" rel=\"noopener noreferrer\">@el_tona_yan<\/a><br \/>\n<strong>Latinoam\u00e9rica 360<\/strong> es una organizanizaci\u00f3n que viene trabajando desde <strong>2013<\/strong> en diferentes pa\u00edses, buscando exaltar a trav\u00e9s de diversas actividades culturales, principalmente por medio de la m\u00fasica, las identidad de esta regi\u00f3n, y para ser \u00e9ste su segundo evento en M\u00e9xico, debo de decir que fue un <strong>festival<\/strong> que nos dej\u00f3 un muy buen sabor de boca, los pies agotados de tanto baile, una fuerte resaca al d\u00eda siguiente pero tambi\u00e9n, muchos nuevos amigos&#8230;<br \/>\nEl evento empez\u00f3 alrededor de las 8:45 pm. En realidad, cuando llegamos hab\u00eda muy poca gente y mucha prensa. Les toc\u00f3 abrir a los compas chilenos de <strong>Armadillo Cactus Rock<\/strong>, que a pesar de ser el primer acto, se entregaron por completo al escenario. Hay que decir que el lugar, <strong>Bajo Circuito<\/strong>, es un foro que da la impresi\u00f3n de ser algo que va entre lo under y un club privado, tanto por su localizaci\u00f3n como por su tama\u00f1o, pero, eso no impide que los precios de los tragos sean muy accesibles y tengan un muy buen ambiente. El segundo grupo, fue <strong>CholoPower<\/strong>, que nos visitaron desde <strong>Per\u00fa<\/strong>. Estos chicos, tienen un sonido muy particular que me record\u00f3 demasiado a los bajos que suenan con <strong>Molotov<\/strong>, pero con un toque muy marcado de sonidos tradicionales de la m\u00fasica peruana. Adem\u00e1s, se hicieron sonar con una energ\u00eda incre\u00edble, tanta, que aunque la mayor\u00eda de la banda no los topaba eso no evitaba que te contagiaran las ganas de comenzar a bailar y armar el slam. Para ser la primera vez que vienen a M\u00e9xico, la gente los recibi\u00f3 muy bien. Creo que si algo siempre me ha llamado la atenci\u00f3n son los detalles, y con los chicos de <strong>CholoPower<\/strong>, hubo muchos que me resultaron interesantes, como la playera de uno que dec\u00eda \u201c<strong>En mi casa y con mi gente se me respeta<\/strong>\u201d, que creo que plasma muy bien esta calidez que tanto se teje en <strong>Latinoam\u00e9rica<\/strong>. Una de sus canciones que m\u00e1s me gust\u00f3 fue \u201c<strong>Carnavales<\/strong>\u201d, en la que nos hicieron corear a todos: \u00a1<em>Arriba, abajo, v\u00e1yanse al carajo, derecha, izquierda, v\u00e1yanse a la mierda<\/em>!. Sin duda son una propuesta muy buena que nos llega desde <strong>Per\u00fa<\/strong> y esperamos que vuelvan pronto a M\u00e9xico, a m\u00ed en lo particular, me agradar\u00eda verlos mucho en un <strong>Vive Latino<\/strong>.<br \/>\n<br \/>\nJusto terminaban de sonar <strong>CholoPower<\/strong>, cuando de pronto, se comenzaron a escuchar unos beats que hicieron que todo el p\u00fablico volteara al otro lado del foro, donde ya estaba instalado y comenzando a tocar <strong>\u00c0TT\u00d8\u00d8XX\u00c1<\/strong>. Al principio cre\u00ed que hab\u00eda sido una mala decisi\u00f3n ponerlo tan temprano, luego entend\u00ed la apuesta: si la m\u00fasica de <strong>\u00c0TT\u00d8\u00d8XX\u00c1<\/strong> no prend\u00eda a la banda, nadie m\u00e1s lo iba a hacer. Y poco a poco, las chicas comenzaron a acercarse al escenario, las caderas comenzaron a moverse, y el ambiente segu\u00eda subiendo. Creo que \u00e9l es un artista, que representa mucho de esta alegr\u00eda y calidez que somos los latinos. Su presencia no s\u00f3lo estaba en las tornamesas, sino su decisi\u00f3n al tomar el micr\u00f3fono  e invitar a todos a disfrutar la fiesta, junto con su cabello, sus tatuajes, su sonrisa, hacen una mezcla impactante que hac\u00eda irresistible el quitarse la pena y soltarse a bailar. Al cuerpo no se le niega nada, y menos si es una buena dosis de <strong>trap-bass<\/strong> con ritmos latinos, que mezcla desde cl\u00e1sicos brasileiros, hasta el smoke weed de <strong>Snoop Dog<\/strong>. Est\u00e1bamos muy prendidos despu\u00e9s de ver <strong>\u00c0TT\u00d8\u00d8XX\u00c1<\/strong>, y debo decir que adem\u00e1s de ser un <strong>dj<\/strong> que arrasa con el escenario, a m\u00e1s de una chica nos dej\u00f3 enamoradas, es un <em>homem muito bonito<\/em>.<br \/>\n<br \/>\nEl reloj marcaba apenas las 10:30 pm, y <strong>Los Fontana<\/strong> eran los encargados de seguir la fiesta. Despu\u00e9s de bailar tanto, estuvo bien poner algo m\u00e1s tranquilo como estos chicos que tocan rock combinado con instrumentos como jaranas. Tienen un sonido (y actitud) que te recuerda a <strong>Fobia<\/strong> o a <strong>Soda Stereo<\/strong>, pero no se confundan, <strong>Los Fontana<\/strong> no son un grupo m\u00e1s que copia sonidos, ya que sin duda logran crear un tono particular que te hace disfrutar de sus canciones, tanto por las letras que hablan de amor, como por todo el sentimiento que dejan en el escenario. Tocaron \u201c<strong>L\u00e1grimas<\/strong>\u201d, que fue una canci\u00f3n que muchas chicas corearon en medio de miradas coquetas hacia el vocalista, <em>jajaja<\/em>. El foro se segu\u00eda llenando de gente, y aunque estaba el ambiente algo tranquilo, hab\u00eda una sensaci\u00f3n de que la noche promet\u00eda algo m\u00e1s&#8230;<br \/>\n<br \/>\nDespu\u00e9s de estos chicos, hubo una pausa. Se estaba preparando el escenario para recibir a <strong>The Guadaloops<\/strong>. Debo decir, que la atm\u00f3sfera en <strong>Bajo Circuito<\/strong> es muy agradable, y la gente de la puerta era muy flexible, pod\u00edas entrar y salir sin problema alguno al mostrar tu sello. Dentro pod\u00edas elegir entre estar bailando, o en una mesita viendo todo y cheleando, o bien en la barra bebiendo y platicando. Bueno, el escenario comenz\u00f3 a sonar. Eran <strong>The Guadaloops<\/strong>. Como siempre, deleitaron al p\u00fablico. Ferm\u00edn y Tino, son dos grandes que se nota que no s\u00f3lo tocan m\u00fasica, sino que la sienten, la viven. La voz de Ferm\u00edn te envuelve, mientras que Tino con el micr\u00f3fono en mano, brincaba, cantaba y se entregaba por completo. Al parecer hab\u00eda muchos fans del grupo, ya que las primeras filas cercanas al escenario, coreaban a todo pulm\u00f3n esas rimas que Tino lanzaba. Los dem\u00e1s est\u00e1bamos platicando, viendo el acto y con chela en mano. Termin\u00f3 <strong>The Guadaloops<\/strong> en medio de gritos y aplausos. Todo se oscureci\u00f3 un poco m\u00e1s, y las pocas luces apuntaron otra vez al otro lado del foro. En medio de la oscuridad, dos m\u00e1scaras al estilo de <strong>Daft Punk<\/strong> hicieron sonar las tornamesas. <strong>La Tostadora<\/strong>, d\u00fao de djs colombianos, nos pusieron a bailar a todos. Adem\u00e1s, las m\u00e1scaras le daban un toque perfecto a los beats. La fiesta explot\u00f3 cuando en medio de brincos y cuerpos dej\u00e1ndose llevar por la m\u00fasica, se escuch\u00f3 fuerte el coro de &#8220;<strong>Vida Bacana<\/strong>&#8220;, que sin duda es el sue\u00f1o de m\u00e1s de uno: \u00a1<em>Yo, no quiero trabajar, yo lo que quiero es vacilar y que me paguen por bailar<\/em>!. Justo en ese momento, se quitaron las enigm\u00e1ticas m\u00e1scaras, y Juan y Diego nos hicieron explotar en la pista. El cl\u00edmax lleg\u00f3 cuando Juan subi\u00f3 a lado de las tornamesas con micr\u00f3fono en mano y brinc\u00f3 hacia la pista. Pronto, toda la gente estaba bailando en el escenario y la pista estaba ardiendo. Hab\u00eda risas, tacones golpeando el suelo, manos arriba, y botellas de tequila que rolaban entre la banda para alegrar a todos con shots. Lo interesante de cuando se quitaron las m\u00e1scaras es que nos dimos cuenta que eran dos chicos que desde al principio estuvieron pisteando con todos. Creo que ese es otro rasgo que caracteriza a la banda latinoamericana: esa enorme habilidad de hacer amigos y enfiestar d\u00f3nde sea, como sea y con qui\u00e9n sea.<br \/>\nEl acto siguiente fue <strong>Sotomayor<\/strong>. A pesar de que a m\u00ed no me gustan tanto, ese d\u00eda conquistaron el escenario. Pusieron a todos a bailar y cantar. Los hermanos <strong>Sotomayor<\/strong>, son un d\u00fao que en vivo arrasan con el p\u00fablico. Tienen este sonido que parece ser una de las tendencias actuales de la m\u00fasica electr\u00f3nica latinoamericana, esa apuesta por hacer electro no s\u00f3lo con medios digitales, sino impregnando un estilo propio con instrumentos como percusiones en vivo y dem\u00e1s. El performance en el escenario fue bueno, las luces eran bajas para resaltar los detalles fosforescentes que la vocalista tra\u00eda en la cara, y aunque fue un muy buen detalle, complicaron mucho la chamba de tomar fotos. Creo que ese fue uno de los \u00fanicos aspectos que no me gust\u00f3 del festival: los juegos y mezclas de luces. Resaltan mucho a un integrante de la banda pero oscurec\u00edan a los dem\u00e1s. En fin, creo que aunque es algo t\u00e9cnico, deber\u00edan de cuidarlo m\u00e1s.<br \/>\n<br \/>\nTodos sab\u00edamos que el evento estaba a punto de terminar, pero a\u00fan nos esperaba algo: <strong>Sonido Satan\u00e1s<\/strong>. Eran alrededor de la 1.30 am. la banda estaba prendida y quer\u00edamos seguir la fiesta. Comenzaron las tornamesas otra vez, y al grito de \u201c<em>cuuuumbia<\/em>\u201d, la pista empez\u00f3 a sonar.. Abrieron con un cl\u00e1sico de <strong>Sonido San Francisco<\/strong>: <strong>El g\u00e9nero rom\u00e1ntico<\/strong>. Seguido, pusieron tal vez una de sus canciones m\u00e1s emblem\u00e1ticas: <strong>Santa Tere<\/strong>. Creo que una de las ideas del festival, no s\u00f3lo es el impulsar el talento independiente local de cada pa\u00eds, sino que buscan proyectos que van m\u00e1s all\u00e1 de la m\u00fasica, es decir, proyectos con una identidad propia. As\u00ed como vimos a <strong>CholoPower<\/strong> resaltando los sonidos peruanos, o a <strong>La tostadora<\/strong> con esa incre\u00edble alegr\u00eda de los carnavales colombianos, tambi\u00e9n tuvimos la explosi\u00f3n de los beats brasileiros, y <strong>Sonido Satan\u00e1s<\/strong> explota muchos recursos de la cultura popular mexicana, jugando entre los chusco, lo alegre, lo guapachoso.  Y como siempre, trajeron a ese particular personaje del impactactante bigote: el <strong>Chamuco<\/strong>. Qued\u00e9 maravillada con la manera en que estos cuatro chicos conquistan no s\u00f3lo el escenario, sino la pista. Estuvieron tocando poco m\u00e1s de una hora y nos hicieron bailar sin parar. Mucha gente dice que estos vatos s\u00f3lo tocan \u201cremixes\u201d, pero creo que hacen un trabajo mucho m\u00e1s profundo que eso, logran apropiarse de las canciones y les impregnan su sabor. Tal fue el caso de <strong>Wiggle<\/strong> de <strong>Jason Derulo<\/strong> que en el coro, en vez de ser \u201c<strong>wiggle wiggle wiggle<\/strong>\u201d, cantaron con un fuerte y determinante \u201c<strong>cumbia, cumbia, cumbia<\/strong>\u201d. Me encanta su selecci\u00f3n de canciones, cantaron desde <strong>Marisol<\/strong>, hasta <strong>Mi raz\u00f3n de ser<\/strong>. Eran las tres de la ma\u00f1ana y <strong>Sonido Satan\u00e1s<\/strong> hab\u00eda arrasado con la banda. Fue inevitable que la gente pidiera otra canci\u00f3n. \u201c<em>Santa Tere, Santa Tere<\/em>\u201d,  todos al un\u00edsono, y los Satanas cerraron as\u00ed con broche de oro. Est\u00e1bamos todos gritando, brincando, riendo y disfrutando una de las noches, que al menos en mi caso, fue de las menos planeadas pero sin duda, una de las mejores. Creo que la intenci\u00f3n de <strong>Latinoam\u00e9rica 360<\/strong>, de ser una plataforma de desarrollo cultural y celebraci\u00f3n de diversas identidades de la regi\u00f3n se cumple y queda superada en tanto que logra tejer a trav\u00e9s de la m\u00fasica, redes de solidaridad, amistad y transformaci\u00f3n.<br \/>\n<br \/>\nPoco a poco, el foro comenz\u00f3 a vaciarse, pero hubo algunos que resistimos, no s\u00e9 si \u00e9ramos unos atascados o \u00e9ramos unos amantes de la fiesta. Todos est\u00e1bamos ansiosos de seguir el after, en medio de maletas, botellas de mezcal, sudor, acentos colombianos, chilenos, peruanos, y algunas frases en portugu\u00e9s: la segunda parte del festejo estaba a punto de comenzar. <strong>Latinoam\u00e9rica<\/strong> iba a seguir la fiesta, pero bueno, esa es otra historia&#8230;<\/p>\n","protected":false},"template":"","meta":{"_id_youtube":"","_id_vimeo":"","_podcasts_duration":"","_podcasts_url":"","_podcasts_show":"","_prog_horario_dias":"","_prog_hora":"","_prog_duration":""},"class_list":["post-20742","archivo","type-archivo","status-publish","hentry"],"_links":{"self":[{"href":"https:\/\/nofm-radio.com\/index.php?rest_route=\/wp\/v2\/archivo\/20742","targetHints":{"allow":["GET"]}}],"collection":[{"href":"https:\/\/nofm-radio.com\/index.php?rest_route=\/wp\/v2\/archivo"}],"about":[{"href":"https:\/\/nofm-radio.com\/index.php?rest_route=\/wp\/v2\/types\/archivo"}],"wp:attachment":[{"href":"https:\/\/nofm-radio.com\/index.php?rest_route=%2Fwp%2Fv2%2Fmedia&parent=20742"}],"curies":[{"name":"wp","href":"https:\/\/api.w.org\/{rel}","templated":true}]}}

Música, amistad, festejo y mucho baile. Crónica del festival Latinoamérica 360

<p>Por <strong>Berenice Rodríguez</strong><br />
<a href="https://twitter.com/berenice_rj" target="_blank" rel="noopener noreferrer">@berenice_rj</a><br />
Fotografías de <strong>Tonatiuh Barranco</strong><br />
<a href="https://twitter.com/El_Tona_yan" target="_blank" rel="noopener noreferrer">@el_tona_yan</a><br />
<strong>Latinoamérica 360</strong> es una organizanización que viene trabajando desde <strong>2013</strong> en diferentes países, buscando exaltar a través de diversas actividades culturales, principalmente por medio de la música, las identidad de esta región, y para ser éste su segundo evento en México, debo de decir que fue un <strong>festival</strong> que nos dejó un muy buen sabor de boca, los pies agotados de tanto baile, una fuerte resaca al día siguiente pero también, muchos nuevos amigos&#8230;<br />
El evento empezó alrededor de las 8:45 pm. En realidad, cuando llegamos había muy poca gente y mucha prensa. Les tocó abrir a los compas chilenos de <strong>Armadillo Cactus Rock</strong>, que a pesar de ser el primer acto, se entregaron por completo al escenario. Hay que decir que el lugar, <strong>Bajo Circuito</strong>, es un foro que da la impresión de ser algo que va entre lo under y un club privado, tanto por su localización como por su tamaño, pero, eso no impide que los precios de los tragos sean muy accesibles y tengan un muy buen ambiente. El segundo grupo, fue <strong>CholoPower</strong>, que nos visitaron desde <strong>Perú</strong>. Estos chicos, tienen un sonido muy particular que me recordó demasiado a los bajos que suenan con <strong>Molotov</strong>, pero con un toque muy marcado de sonidos tradicionales de la música peruana. Además, se hicieron sonar con una energía increíble, tanta, que aunque la mayoría de la banda no los topaba eso no evitaba que te contagiaran las ganas de comenzar a bailar y armar el slam. Para ser la primera vez que vienen a México, la gente los recibió muy bien. Creo que si algo siempre me ha llamado la atención son los detalles, y con los chicos de <strong>CholoPower</strong>, hubo muchos que me resultaron interesantes, como la playera de uno que decía “<strong>En mi casa y con mi gente se me respeta</strong>”, que creo que plasma muy bien esta calidez que tanto se teje en <strong>Latinoamérica</strong>. Una de sus canciones que más me gustó fue “<strong>Carnavales</strong>”, en la que nos hicieron corear a todos: ¡<em>Arriba, abajo, váyanse al carajo, derecha, izquierda, váyanse a la mierda</em>!. Sin duda son una propuesta muy buena que nos llega desde <strong>Perú</strong> y esperamos que vuelvan pronto a México, a mí en lo particular, me agradaría verlos mucho en un <strong>Vive Latino</strong>.<br />
<br />
Justo terminaban de sonar <strong>CholoPower</strong>, cuando de pronto, se comenzaron a escuchar unos beats que hicieron que todo el público volteara al otro lado del foro, donde ya estaba instalado y comenzando a tocar <strong>ÀTTØØXXÁ</strong>. Al principio creí que había sido una mala decisión ponerlo tan temprano, luego entendí la apuesta: si la música de <strong>ÀTTØØXXÁ</strong> no prendía a la banda, nadie más lo iba a hacer. Y poco a poco, las chicas comenzaron a acercarse al escenario, las caderas comenzaron a moverse, y el ambiente seguía subiendo. Creo que él es un artista, que representa mucho de esta alegría y calidez que somos los latinos. Su presencia no sólo estaba en las tornamesas, sino su decisión al tomar el micrófono  e invitar a todos a disfrutar la fiesta, junto con su cabello, sus tatuajes, su sonrisa, hacen una mezcla impactante que hacía irresistible el quitarse la pena y soltarse a bailar. Al cuerpo no se le niega nada, y menos si es una buena dosis de <strong>trap-bass</strong> con ritmos latinos, que mezcla desde clásicos brasileiros, hasta el smoke weed de <strong>Snoop Dog</strong>. Estábamos muy prendidos después de ver <strong>ÀTTØØXXÁ</strong>, y debo decir que además de ser un <strong>dj</strong> que arrasa con el escenario, a más de una chica nos dejó enamoradas, es un <em>homem muito bonito</em>.<br />
<br />
El reloj marcaba apenas las 10:30 pm, y <strong>Los Fontana</strong> eran los encargados de seguir la fiesta. Después de bailar tanto, estuvo bien poner algo más tranquilo como estos chicos que tocan rock combinado con instrumentos como jaranas. Tienen un sonido (y actitud) que te recuerda a <strong>Fobia</strong> o a <strong>Soda Stereo</strong>, pero no se confundan, <strong>Los Fontana</strong> no son un grupo más que copia sonidos, ya que sin duda logran crear un tono particular que te hace disfrutar de sus canciones, tanto por las letras que hablan de amor, como por todo el sentimiento que dejan en el escenario. Tocaron “<strong>Lágrimas</strong>”, que fue una canción que muchas chicas corearon en medio de miradas coquetas hacia el vocalista, <em>jajaja</em>. El foro se seguía llenando de gente, y aunque estaba el ambiente algo tranquilo, había una sensación de que la noche prometía algo más&#8230;<br />
<br />
Después de estos chicos, hubo una pausa. Se estaba preparando el escenario para recibir a <strong>The Guadaloops</strong>. Debo decir, que la atmósfera en <strong>Bajo Circuito</strong> es muy agradable, y la gente de la puerta era muy flexible, podías entrar y salir sin problema alguno al mostrar tu sello. Dentro podías elegir entre estar bailando, o en una mesita viendo todo y cheleando, o bien en la barra bebiendo y platicando. Bueno, el escenario comenzó a sonar. Eran <strong>The Guadaloops</strong>. Como siempre, deleitaron al público. Fermín y Tino, son dos grandes que se nota que no sólo tocan música, sino que la sienten, la viven. La voz de Fermín te envuelve, mientras que Tino con el micrófono en mano, brincaba, cantaba y se entregaba por completo. Al parecer había muchos fans del grupo, ya que las primeras filas cercanas al escenario, coreaban a todo pulmón esas rimas que Tino lanzaba. Los demás estábamos platicando, viendo el acto y con chela en mano. Terminó <strong>The Guadaloops</strong> en medio de gritos y aplausos. Todo se oscureció un poco más, y las pocas luces apuntaron otra vez al otro lado del foro. En medio de la oscuridad, dos máscaras al estilo de <strong>Daft Punk</strong> hicieron sonar las tornamesas. <strong>La Tostadora</strong>, dúo de djs colombianos, nos pusieron a bailar a todos. Además, las máscaras le daban un toque perfecto a los beats. La fiesta explotó cuando en medio de brincos y cuerpos dejándose llevar por la música, se escuchó fuerte el coro de &#8220;<strong>Vida Bacana</strong>&#8220;, que sin duda es el sueño de más de uno: ¡<em>Yo, no quiero trabajar, yo lo que quiero es vacilar y que me paguen por bailar</em>!. Justo en ese momento, se quitaron las enigmáticas máscaras, y Juan y Diego nos hicieron explotar en la pista. El clímax llegó cuando Juan subió a lado de las tornamesas con micrófono en mano y brincó hacia la pista. Pronto, toda la gente estaba bailando en el escenario y la pista estaba ardiendo. Había risas, tacones golpeando el suelo, manos arriba, y botellas de tequila que rolaban entre la banda para alegrar a todos con shots. Lo interesante de cuando se quitaron las máscaras es que nos dimos cuenta que eran dos chicos que desde al principio estuvieron pisteando con todos. Creo que ese es otro rasgo que caracteriza a la banda latinoamericana: esa enorme habilidad de hacer amigos y enfiestar dónde sea, como sea y con quién sea.<br />
El acto siguiente fue <strong>Sotomayor</strong>. A pesar de que a mí no me gustan tanto, ese día conquistaron el escenario. Pusieron a todos a bailar y cantar. Los hermanos <strong>Sotomayor</strong>, son un dúo que en vivo arrasan con el público. Tienen este sonido que parece ser una de las tendencias actuales de la música electrónica latinoamericana, esa apuesta por hacer electro no sólo con medios digitales, sino impregnando un estilo propio con instrumentos como percusiones en vivo y demás. El performance en el escenario fue bueno, las luces eran bajas para resaltar los detalles fosforescentes que la vocalista traía en la cara, y aunque fue un muy buen detalle, complicaron mucho la chamba de tomar fotos. Creo que ese fue uno de los únicos aspectos que no me gustó del festival: los juegos y mezclas de luces. Resaltan mucho a un integrante de la banda pero oscurecían a los demás. En fin, creo que aunque es algo técnico, deberían de cuidarlo más.<br />
<br />
Todos sabíamos que el evento estaba a punto de terminar, pero aún nos esperaba algo: <strong>Sonido Satanás</strong>. Eran alrededor de la 1.30 am. la banda estaba prendida y queríamos seguir la fiesta. Comenzaron las tornamesas otra vez, y al grito de “<em>cuuuumbia</em>”, la pista empezó a sonar.. Abrieron con un clásico de <strong>Sonido San Francisco</strong>: <strong>El género romántico</strong>. Seguido, pusieron tal vez una de sus canciones más emblemáticas: <strong>Santa Tere</strong>. Creo que una de las ideas del festival, no sólo es el impulsar el talento independiente local de cada país, sino que buscan proyectos que van más allá de la música, es decir, proyectos con una identidad propia. Así como vimos a <strong>CholoPower</strong> resaltando los sonidos peruanos, o a <strong>La tostadora</strong> con esa increíble alegría de los carnavales colombianos, también tuvimos la explosión de los beats brasileiros, y <strong>Sonido Satanás</strong> explota muchos recursos de la cultura popular mexicana, jugando entre los chusco, lo alegre, lo guapachoso.  Y como siempre, trajeron a ese particular personaje del impactactante bigote: el <strong>Chamuco</strong>. Quedé maravillada con la manera en que estos cuatro chicos conquistan no sólo el escenario, sino la pista. Estuvieron tocando poco más de una hora y nos hicieron bailar sin parar. Mucha gente dice que estos vatos sólo tocan “remixes”, pero creo que hacen un trabajo mucho más profundo que eso, logran apropiarse de las canciones y les impregnan su sabor. Tal fue el caso de <strong>Wiggle</strong> de <strong>Jason Derulo</strong> que en el coro, en vez de ser “<strong>wiggle wiggle wiggle</strong>”, cantaron con un fuerte y determinante “<strong>cumbia, cumbia, cumbia</strong>”. Me encanta su selección de canciones, cantaron desde <strong>Marisol</strong>, hasta <strong>Mi razón de ser</strong>. Eran las tres de la mañana y <strong>Sonido Satanás</strong> había arrasado con la banda. Fue inevitable que la gente pidiera otra canción. “<em>Santa Tere, Santa Tere</em>”,  todos al unísono, y los Satanas cerraron así con broche de oro. Estábamos todos gritando, brincando, riendo y disfrutando una de las noches, que al menos en mi caso, fue de las menos planeadas pero sin duda, una de las mejores. Creo que la intención de <strong>Latinoamérica 360</strong>, de ser una plataforma de desarrollo cultural y celebración de diversas identidades de la región se cumple y queda superada en tanto que logra tejer a través de la música, redes de solidaridad, amistad y transformación.<br />
<br />
Poco a poco, el foro comenzó a vaciarse, pero hubo algunos que resistimos, no sé si éramos unos atascados o éramos unos amantes de la fiesta. Todos estábamos ansiosos de seguir el after, en medio de maletas, botellas de mezcal, sudor, acentos colombianos, chilenos, peruanos, y algunas frases en portugués: la segunda parte del festejo estaba a punto de comenzar. <strong>Latinoamérica</strong> iba a seguir la fiesta, pero bueno, esa es otra historia&#8230;</p>
