{"id":20809,"date":"2016-11-08T10:30:06","date_gmt":"2016-11-08T16:30:06","guid":{"rendered":"http:\/\/nofm-radio.com\/?p=20809"},"modified":"2016-11-08T10:30:06","modified_gmt":"2016-11-08T16:30:06","slug":"juan-perros-el-mejor-corto-mexicano-ahora-en-la-cdmx","status":"publish","type":"archivo","link":"https:\/\/nofm-radio.com\/?archivo=juan-perros-el-mejor-corto-mexicano-ahora-en-la-cdmx","title":{"rendered":"Juan Perros, el Mejor Corto Mexicano ahora en la CDMX"},"content":{"rendered":"<p>&#8220;Luego de saber que no hab\u00eda muerto, Juan se a\u00edsla de la sociedad y se reinventa en los flujos de la naturaleza&#8221;. Esta es la descripci\u00f3n de <em><strong>Juan Perros<\/strong><\/em>, corto documental dirigido por Rodrigo Imaz, que obtuvo el premio al <strong>Mejor Cortometraje Mexicano<\/strong> en el pasado <strong>Festival Internacional de Cine de Morelia<\/strong>.<br \/>\nGracias a este premio, ahora podemos desfrutar de este corto en la pantalla grande en algunas salas comerciales de la capital. Lamentablemente es por tiempo limitado, as\u00ed que no pierdan oportunidad de ver este filme que es la viva imagen del desierto vital y f\u00edsico en que vive su protagonista.<br \/>\nLes dejamos el trailer y los horarios de las funciones en la <strong>CDMX<\/strong>. Felicitamos a <strong>Rodrigo Imaz<\/strong>, a <strong>Juan Pablo San Esteban<\/strong> y a todo el equipo de <em>Juan Perros<\/em>. Para m\u00e1s informaci\u00f3n sobre funciones en otras ciudades, consulten <strong><a href=\"http:\/\/www.juanperros.com\/\" target=\"_blank\" rel=\"noopener noreferrer\">www.juanperros.com<\/a><\/strong><br \/>\n<iframe loading=\"lazy\" src=\"https:\/\/player.vimeo.com\/video\/180685450\" width=\"640\" height=\"360\" frameborder=\"0\" allowfullscreen=\"allowfullscreen\"><\/iframe><br \/>\n<img loading=\"lazy\" decoding=\"async\" class=\"alignnone size-full wp-image-20826\" src=\"http:\/\/nofm-radio.com\/wp-content\/uploads\/2016\/11\/JuanPerros.jpg\" alt=\"juanperros\" width=\"480\" height=\"706\" \/><\/p>\n","protected":false},"template":"","meta":{"_id_youtube":"","_id_vimeo":"","_podcasts_duration":"","_podcasts_url":"","_podcasts_show":"","_prog_horario_dias":"","_prog_hora":"","_prog_duration":""},"class_list":["post-20809","archivo","type-archivo","status-publish","hentry"],"_links":{"self":[{"href":"https:\/\/nofm-radio.com\/index.php?rest_route=\/wp\/v2\/archivo\/20809","targetHints":{"allow":["GET"]}}],"collection":[{"href":"https:\/\/nofm-radio.com\/index.php?rest_route=\/wp\/v2\/archivo"}],"about":[{"href":"https:\/\/nofm-radio.com\/index.php?rest_route=\/wp\/v2\/types\/archivo"}],"wp:attachment":[{"href":"https:\/\/nofm-radio.com\/index.php?rest_route=%2Fwp%2Fv2%2Fmedia&parent=20809"}],"curies":[{"name":"wp","href":"https:\/\/api.w.org\/{rel}","templated":true}]}}

<p>&#8220;Luego de saber que no había muerto, Juan se aísla de la sociedad y se reinventa en los flujos de la naturaleza&#8221;. Esta es la descripción de <em><strong>Juan Perros</strong></em>, corto documental dirigido por Rodrigo Imaz, que obtuvo el premio al <strong>Mejor Cortometraje Mexicano</strong> en el pasado <strong>Festival Internacional de Cine de Morelia</strong>.<br />
Gracias a este premio, ahora podemos desfrutar de este corto en la pantalla grande en algunas salas comerciales de la capital. Lamentablemente es por tiempo limitado, así que no pierdan oportunidad de ver este filme que es la viva imagen del desierto vital y físico en que vive su protagonista.<br />
Les dejamos el trailer y los horarios de las funciones en la <strong>CDMX</strong>. Felicitamos a <strong>Rodrigo Imaz</strong>, a <strong>Juan Pablo San Esteban</strong> y a todo el equipo de <em>Juan Perros</em>. Para más información sobre funciones en otras ciudades, consulten <strong><a href="http://www.juanperros.com/" target="_blank" rel="noopener noreferrer">www.juanperros.com</a></strong><br />
<iframe loading="lazy" src="https://player.vimeo.com/video/180685450" width="640" height="360" frameborder="0" allowfullscreen="allowfullscreen"></iframe><br />
<img loading="lazy" decoding="async" class="alignnone size-full wp-image-20826" src="http://nofm-radio.com/wp-content/uploads/2016/11/JuanPerros.jpg" alt="juanperros" width="480" height="706" /></p>
