{"id":20878,"date":"2016-11-09T17:01:06","date_gmt":"2016-11-09T23:01:06","guid":{"rendered":"http:\/\/nofm-radio.com\/?p=20878"},"modified":"2016-11-09T17:01:06","modified_gmt":"2016-11-09T23:01:06","slug":"ellos-los-culpables","status":"publish","type":"archivo","link":"https:\/\/nofm-radio.com\/?archivo=ellos-los-culpables","title":{"rendered":"Ellos, los culpables"},"content":{"rendered":"<p>por <strong>Diego Mej\u00eda<\/strong><br \/>\n<a href=\"https:\/\/twitter.com\/diegmej\" target=\"_blank\" rel=\"noopener noreferrer\">@diegmej<\/a><br \/>\nAntes de las reflexiones se liberaron las palabras y las acusaciones, las <strong>culpas<\/strong> y las responsabilidades. Comentarios sagaces, audaces, mordaces; torpes. Nos embriagamos, una vez m\u00e1s, por la et\u00edlica seducci\u00f3n del instante. Ora una broma, ora un <strong>meme<\/strong>, ora un an\u00e1lisis novedoso: 140 espacios para decir nada.<br \/>\nLuego, tantito m\u00e1s tarde, los textos de una cuartilla, dos, tres, sembrados de \u201c<strong>se los dije<\/strong>\u201d, \u201c<strong>tenemos que replantearnos<\/strong>\u2026\u201d, luego nada, muchas palabras para tan poca nada. Mucha teor\u00eda y mucho n\u00famero, harta <strong>estad\u00edstica y probabilidad<\/strong>: mucho ruido para no escuchar.<br \/>\nLos avispados y pragm\u00e1ticos, siempre listos para llevar el agua a su molino, explican y teorizan, hablan y ladran, hacen muecas e inflexiones pegajosas de <strong>moralina<\/strong>. Se endulzan la lengua torcida para decir lo que poco intuyen y menos saben. Elaboran complicadas carambolas de siete bandas, en las que la bola blanca se pasea sin tocar la roja, sin dar en el objetivo, sin atinar el blanco. La mira de sus poderosos rifles se estrope\u00f3 hace muchos tiros pero siguen defendiendo sus obsoletas armas.<br \/>\n<a class=\"no-eff img-link lightbox\" href=\"http:\/\/nofm-radio.com\/wp-content\/uploads\/2016\/11\/Ellos4.jpg\"><img loading=\"lazy\" decoding=\"async\" class=\"alignnone size-full wp-image-20888\" src=\"http:\/\/nofm-radio.com\/wp-content\/uploads\/2016\/11\/Ellos4.jpg\" alt=\"ellos4\" width=\"1200\" height=\"630\" \/><\/a><br \/>\nEscriben y tiran saliva para no decir nada, se justifican los errores y siempre culpan: si nos equivocamos fue porque el <strong>electorado<\/strong> es perverso y se apena de sus decisiones; si fallamos fue por culpa de esa <strong>masa<\/strong> que enga\u00f1a en sus respuestas, que no sabe qu\u00e9 quiere ni qu\u00e9 le beneficia. S\u00ed, la culpa es de<em> <strong>ellos<\/strong> <\/em>\u2013 esa distancia con el que piensa distinto, pero que no permite ninguna posible conjugaci\u00f3n\u2013, porque no saben nada, porque son poco instruidos, porque ellos son los responsables de esta tragedia.<br \/>\nS\u00ed, las <strong>buenas conciencias<\/strong>, de academicistas pifias, siempre encuentran en el menos educado \u2013el m\u00e1s salvaje\u2013 al responsable de los<strong> fracasos del sistema<\/strong> que tanto defienden en escritos y pl\u00e1ticas en seminarios, c\u00f3nclaves en los que se decide lo que esos menos educados deben pedir, en los que suplantan sus palabras para rellenarlas de teor\u00eda y demogr\u00e1ficos que anulan las diferencias.<br \/>\nAs\u00ed, a <em>ellos<\/em> los\u00a0nombran con despectivos adjetivos que no conocen la barrera de los idiomas: <strong>cuellosrojos, nacos, sanjuderos, grasitas,<\/strong> m\u00faltiples palabras que tienen el mismo significado: aquellos que tienen menos<strong> privilegios<\/strong>. Entonces, los diagnostican como el mal porque su baja ralea es el terreno en el que fecundan el odio y el rencor, porque no toman los peri\u00f3dicos ni etiquetan sus inteligentes comentarios en las <strong>redes sociales<\/strong>. Olvidan que, en todo caso, son s\u00edntoma de la desprotecci\u00f3n, de la corrupci\u00f3n, de la falta de acceso, de la <strong>desigualdad<\/strong>. No importa, <em>ellos<\/em> dieron su voto por el <strong>personaje terrible<\/strong>, <em>ellos<\/em> fueron los culpables del ascenso al trono del rey buf\u00f3n\u2026 <em>ellos<\/em>, siempre <em>ellos<\/em>, <em>ellos<\/em> que s\u00ed aceptaron despensas, que s\u00ed odian a los <strong>migrantes<\/strong>, que s\u00ed\u2026, que s\u00ed\u2026 argumentos les sobran, hechos tambi\u00e9n. Total, nada importa\u2026 y entonces defienden posturas para esconder sus errores y sus limitaciones, su conformidad y median\u00eda.<br \/>\n<img loading=\"lazy\" decoding=\"async\" class=\"alignnone size-full wp-image-20889\" src=\"http:\/\/nofm-radio.com\/wp-content\/uploads\/2016\/11\/Ellos5.jpg\" alt=\"Supporters of U.S. Republican presidential candidate Donald Trump attend a campaign event in Waterloo\" width=\"830\" height=\"553\" \/><br \/>\n\u201c<em>Ellos<\/em> que no son como nosotros\u201d, \u2013\u00bf<strong>qui\u00e9n carajos es ese <em>nosotros<\/em><\/strong>?\u2013 porque no ven m\u00e1s all\u00e1, y no entienden. Entonces, se filtra en sus palabras huecas y chatas la verdad: <em>ellos<\/em> valen menos que <em>nosotros<\/em>. No dimensionan, esos habitantes del <em>nosotros<\/em>, su posici\u00f3n y privilegio, el envidiable mirador que poseen. Joden. Su falta de imaginario pol\u00edtico lo suplen con las quejas y las maldiciones.<br \/>\nPero nunca se pregunta por qu\u00e9 fallaron sus <strong>sondeos<\/strong> y sus <strong>pron\u00f3sticos<\/strong>, no saben de d\u00f3nde vino la sorpresa, lo ignoran porque son negligentes, porque piensan desde su decoraci\u00f3n moral, desde su ambiente artificial.<br \/>\nLo que ha sucedido en el mundo este a\u00f1o, revela la obviedad: millones de personas no han sido consideradas porque no son necesarias hasta que lo son, hasta que su legimitimaci\u00f3n es requerida. En un mundo de <strong>pobres<\/strong> y de hambrientos, de<strong> refugiados<\/strong> y despose\u00eddos, los argumentos son \u00ednfimos junto a la necesidad. El presidente electo<strong> Trump<\/strong> emiti\u00f3 un mensaje que muchos quer\u00edan escuchar, que muchos quer\u00edan gritar\u2026 es s\u00edntoma del fracaso, como tambi\u00e9n lo fue la <strong>candidatura de Clinton<\/strong>.<br \/>\nSi la se\u00f1ora <strong>Hillary<\/strong> hubiera sido electa, otra vicio ser\u00eda el motivo: <strong>Estados Unidos<\/strong> hubiera sido gobernado 24 a\u00f1os, de los \u00faltimos 32, por dos familias:\u00a0corroboraci\u00f3n del monopolio pol\u00edtico. Qu\u00e9 pocas personas tienen la oportunidad de acceder al poder, en M\u00e9xico <strong>Margarita Zavala<\/strong> aspira a la candidatura de <strong>Acci\u00f3n Nacional,<\/strong> la simple intenci\u00f3n ofende; la izquierda (diestra en la simulaci\u00f3n) apenas ha tenido dos candidatos presidenciales en los \u00faltimos 30 a\u00f1os.<br \/>\n<a class=\"no-eff img-link lightbox\" href=\"http:\/\/nofm-radio.com\/wp-content\/uploads\/2016\/11\/Ellos7.jpg\"><img loading=\"lazy\" decoding=\"async\" class=\"alignnone size-full wp-image-20891\" src=\"http:\/\/nofm-radio.com\/wp-content\/uploads\/2016\/11\/Ellos7.jpg\" alt=\"ellos7\" width=\"3788\" height=\"2714\" \/><\/a><br \/>\nAyer gan\u00f3 el <strong>poder econ\u00f3mico<\/strong> una batalla, como hace un a\u00f1o pas\u00f3 con el candidato <strong>Macri<\/strong> en Argentina, frente a la tensi\u00f3n con los pol\u00edticos tradicionales.<br \/>\nAbajo est\u00e1n los ciudadanos, los <strong>no instruidos<\/strong>, los estudiantes, los trabajadores, los <strong>inmigrantes,<\/strong> los ni\u00f1os, los defenestrados del edificio del poder; en los que recaen las malas decisiones, las responsabilidades. Los que s\u00f3lo existen si tienen una boleta, los que nos son escuchados, los que firman con una cruz sobre la imagen y el nombre del que ser\u00e1 el encargado de joderlos\u2026 aunque no se levante con ganas de hacerlo cada ma\u00f1ana.<\/p>\n","protected":false},"template":"","meta":{"_id_youtube":"","_id_vimeo":"","_podcasts_duration":"","_podcasts_url":"","_podcasts_show":"","_prog_horario_dias":"","_prog_hora":"","_prog_duration":""},"class_list":["post-20878","archivo","type-archivo","status-publish","hentry"],"_links":{"self":[{"href":"https:\/\/nofm-radio.com\/index.php?rest_route=\/wp\/v2\/archivo\/20878","targetHints":{"allow":["GET"]}}],"collection":[{"href":"https:\/\/nofm-radio.com\/index.php?rest_route=\/wp\/v2\/archivo"}],"about":[{"href":"https:\/\/nofm-radio.com\/index.php?rest_route=\/wp\/v2\/types\/archivo"}],"wp:attachment":[{"href":"https:\/\/nofm-radio.com\/index.php?rest_route=%2Fwp%2Fv2%2Fmedia&parent=20878"}],"curies":[{"name":"wp","href":"https:\/\/api.w.org\/{rel}","templated":true}]}}

<p>por <strong>Diego Mejía</strong><br />
<a href="https://twitter.com/diegmej" target="_blank" rel="noopener noreferrer">@diegmej</a><br />
Antes de las reflexiones se liberaron las palabras y las acusaciones, las <strong>culpas</strong> y las responsabilidades. Comentarios sagaces, audaces, mordaces; torpes. Nos embriagamos, una vez más, por la etílica seducción del instante. Ora una broma, ora un <strong>meme</strong>, ora un análisis novedoso: 140 espacios para decir nada.<br />
Luego, tantito más tarde, los textos de una cuartilla, dos, tres, sembrados de “<strong>se los dije</strong>”, “<strong>tenemos que replantearnos</strong>…”, luego nada, muchas palabras para tan poca nada. Mucha teoría y mucho número, harta <strong>estadística y probabilidad</strong>: mucho ruido para no escuchar.<br />
Los avispados y pragmáticos, siempre listos para llevar el agua a su molino, explican y teorizan, hablan y ladran, hacen muecas e inflexiones pegajosas de <strong>moralina</strong>. Se endulzan la lengua torcida para decir lo que poco intuyen y menos saben. Elaboran complicadas carambolas de siete bandas, en las que la bola blanca se pasea sin tocar la roja, sin dar en el objetivo, sin atinar el blanco. La mira de sus poderosos rifles se estropeó hace muchos tiros pero siguen defendiendo sus obsoletas armas.<br />
<a class="no-eff img-link lightbox" href="http://nofm-radio.com/wp-content/uploads/2016/11/Ellos4.jpg"><img loading="lazy" decoding="async" class="alignnone size-full wp-image-20888" src="http://nofm-radio.com/wp-content/uploads/2016/11/Ellos4.jpg" alt="ellos4" width="1200" height="630" /></a><br />
Escriben y tiran saliva para no decir nada, se justifican los errores y siempre culpan: si nos equivocamos fue porque el <strong>electorado</strong> es perverso y se apena de sus decisiones; si fallamos fue por culpa de esa <strong>masa</strong> que engaña en sus respuestas, que no sabe qué quiere ni qué le beneficia. Sí, la culpa es de<em> <strong>ellos</strong> </em>– esa distancia con el que piensa distinto, pero que no permite ninguna posible conjugación–, porque no saben nada, porque son poco instruidos, porque ellos son los responsables de esta tragedia.<br />
Sí, las <strong>buenas conciencias</strong>, de academicistas pifias, siempre encuentran en el menos educado –el más salvaje– al responsable de los<strong> fracasos del sistema</strong> que tanto defienden en escritos y pláticas en seminarios, cónclaves en los que se decide lo que esos menos educados deben pedir, en los que suplantan sus palabras para rellenarlas de teoría y demográficos que anulan las diferencias.<br />
Así, a <em>ellos</em> los nombran con despectivos adjetivos que no conocen la barrera de los idiomas: <strong>cuellosrojos, nacos, sanjuderos, grasitas,</strong> múltiples palabras que tienen el mismo significado: aquellos que tienen menos<strong> privilegios</strong>. Entonces, los diagnostican como el mal porque su baja ralea es el terreno en el que fecundan el odio y el rencor, porque no toman los periódicos ni etiquetan sus inteligentes comentarios en las <strong>redes sociales</strong>. Olvidan que, en todo caso, son síntoma de la desprotección, de la corrupción, de la falta de acceso, de la <strong>desigualdad</strong>. No importa, <em>ellos</em> dieron su voto por el <strong>personaje terrible</strong>, <em>ellos</em> fueron los culpables del ascenso al trono del rey bufón… <em>ellos</em>, siempre <em>ellos</em>, <em>ellos</em> que sí aceptaron despensas, que sí odian a los <strong>migrantes</strong>, que sí…, que sí… argumentos les sobran, hechos también. Total, nada importa… y entonces defienden posturas para esconder sus errores y sus limitaciones, su conformidad y medianía.<br />
<img loading="lazy" decoding="async" class="alignnone size-full wp-image-20889" src="http://nofm-radio.com/wp-content/uploads/2016/11/Ellos5.jpg" alt="Supporters of U.S. Republican presidential candidate Donald Trump attend a campaign event in Waterloo" width="830" height="553" /><br />
“<em>Ellos</em> que no son como nosotros”, –¿<strong>quién carajos es ese <em>nosotros</em></strong>?– porque no ven más allá, y no entienden. Entonces, se filtra en sus palabras huecas y chatas la verdad: <em>ellos</em> valen menos que <em>nosotros</em>. No dimensionan, esos habitantes del <em>nosotros</em>, su posición y privilegio, el envidiable mirador que poseen. Joden. Su falta de imaginario político lo suplen con las quejas y las maldiciones.<br />
Pero nunca se pregunta por qué fallaron sus <strong>sondeos</strong> y sus <strong>pronósticos</strong>, no saben de dónde vino la sorpresa, lo ignoran porque son negligentes, porque piensan desde su decoración moral, desde su ambiente artificial.<br />
Lo que ha sucedido en el mundo este año, revela la obviedad: millones de personas no han sido consideradas porque no son necesarias hasta que lo son, hasta que su legimitimación es requerida. En un mundo de <strong>pobres</strong> y de hambrientos, de<strong> refugiados</strong> y desposeídos, los argumentos son ínfimos junto a la necesidad. El presidente electo<strong> Trump</strong> emitió un mensaje que muchos querían escuchar, que muchos querían gritar… es síntoma del fracaso, como también lo fue la <strong>candidatura de Clinton</strong>.<br />
Si la señora <strong>Hillary</strong> hubiera sido electa, otra vicio sería el motivo: <strong>Estados Unidos</strong> hubiera sido gobernado 24 años, de los últimos 32, por dos familias: corroboración del monopolio político. Qué pocas personas tienen la oportunidad de acceder al poder, en México <strong>Margarita Zavala</strong> aspira a la candidatura de <strong>Acción Nacional,</strong> la simple intención ofende; la izquierda (diestra en la simulación) apenas ha tenido dos candidatos presidenciales en los últimos 30 años.<br />
<a class="no-eff img-link lightbox" href="http://nofm-radio.com/wp-content/uploads/2016/11/Ellos7.jpg"><img loading="lazy" decoding="async" class="alignnone size-full wp-image-20891" src="http://nofm-radio.com/wp-content/uploads/2016/11/Ellos7.jpg" alt="ellos7" width="3788" height="2714" /></a><br />
Ayer ganó el <strong>poder económico</strong> una batalla, como hace un año pasó con el candidato <strong>Macri</strong> en Argentina, frente a la tensión con los políticos tradicionales.<br />
Abajo están los ciudadanos, los <strong>no instruidos</strong>, los estudiantes, los trabajadores, los <strong>inmigrantes,</strong> los niños, los defenestrados del edificio del poder; en los que recaen las malas decisiones, las responsabilidades. Los que sólo existen si tienen una boleta, los que nos son escuchados, los que firman con una cruz sobre la imagen y el nombre del que será el encargado de joderlos… aunque no se levante con ganas de hacerlo cada mañana.</p>
