{"id":20962,"date":"2016-11-11T13:16:21","date_gmt":"2016-11-11T19:16:21","guid":{"rendered":"http:\/\/nofm-radio.com\/?p=20962"},"modified":"2016-11-11T13:16:21","modified_gmt":"2016-11-11T19:16:21","slug":"suicidio-en-el-claroscuro","status":"publish","type":"archivo","link":"https:\/\/nofm-radio.com\/?archivo=suicidio-en-el-claroscuro","title":{"rendered":"Suicidio en el claroscuro"},"content":{"rendered":"<p>Por <strong>Emiliano Cassigoli<\/strong><br \/>\nDecir que la elecci\u00f3n de <strong>Estados Unidos<\/strong> estuvo determinada por el <strong>odio<\/strong>, la <strong>ignorancia<\/strong>, el <strong>miedo<\/strong> y la <strong>estupidez<\/strong> no es incorrecto, pero s\u00ed incompleto. A\u00fan m\u00e1s, desv\u00eda la reflexi\u00f3n del problema fundamental: todos estos factores (la <strong>xenofobia<\/strong>, la <strong>intransigencia<\/strong> y la <strong>irreflexi\u00f3n<\/strong>) de los que da cuenta la elecci\u00f3n; no son causas fundadas en s\u00ed mismas, son efectos. Responden a condiciones y procesos cuya formaci\u00f3n tiene d\u00e9cadas.<br \/>\nSi <strong>Trump<\/strong> gan\u00f3 la elecci\u00f3n, tiene menos que ver con una maldad intr\u00ednseca o una estupidez abstracta, y m\u00e1s con un <strong>sistema pol\u00edtico<\/strong> que ha empobrecido y golpeado a la <strong>sociedad civil<\/strong> por a\u00f1os, dej\u00e1ndola a merced de <strong>discursos chovinistas y megal\u00f3manos<\/strong>. Este sistema -que se autodenomina \u201c<strong>liberal<\/strong>\u201d y \u201c<strong>progresista<\/strong>\u201d- es el que ha creado las condiciones de posibilidad de una masa enardecida y embrutecida, sin herramientas pol\u00edticas y al margen de la representaci\u00f3n. Ahora, es esta misma masa la que se manifiesta violentamente, la que regresa en su propia miseria a manos del mejor postor -oportunista o c\u00ednico- que sepa gritar contra el sistema establecido.<br \/>\nSi algo positivo tiene la elecci\u00f3n de <strong>Trump<\/strong>, es que vuelve transparente la contradicci\u00f3n insostenible de <strong>una manera de hacer pol\u00edtica<\/strong>. Rompe el espejo de un enga\u00f1o; hace expl\u00edcita la insuficiencia de un aparato que, bajo una inercia cubierta de colores, preparaba una aniquilaci\u00f3n total pero silenciosa. Este resultado, en fin, desnuda un sistema aparentemente estable y tolerante, cuyo negativo fotogr\u00e1fico result\u00f3 ser la miseria y el descontento. Es \u00e9l, y \u00e9l m\u00e1s que nadie, el responsable del resultado de la elecci\u00f3n.<br \/>\nAs\u00ed, el triunfo de <strong>Trump<\/strong> es el primer estertor de la <strong>democracia liberal<\/strong>, el primer movimiento de la fagocitaci\u00f3n de s\u00ed misma. Es por eso que lo que sucedi\u00f3 ayer no es una derrota, sino el final de un movimiento inexorable. A pesar de ello, la violencia de su culminaci\u00f3n, nos permite ver la muerte de aquella democracia que sustituy\u00f3 los derechos pol\u00edticos por los civiles; la que propugn\u00f3 la visi\u00f3n bastarda y purificada de las minor\u00edas, a condici\u00f3n de mantener su valor mercantil; la que, en el nombre de la <strong>libertad occidental<\/strong> y el <strong>progreso<\/strong>, militariz\u00f3 las posiciones m\u00e1s rec\u00f3nditas de <strong>Medio Oriente<\/strong>, <strong>\u00c1frica<\/strong> y <strong>Am\u00e9rica Latina<\/strong>; la que prometi\u00f3 <strong>tolerancia a los musulmanes<\/strong>, al tiempo que sus intervenciones -pasadas y actuales- se cobraron m\u00e1s vidas musulmanes que nunca antes; la que prometi\u00f3 aceptaci\u00f3n a los latinos, a requisito de mantener las condiciones laborales de los salarios de hambre, de la subcontrataci\u00f3n y de la nula representatividad pol\u00edtica; la que critic\u00f3 <strong>el muro<\/strong> de <strong>Trump<\/strong> como se\u00f1al de intransigencia y xenofobia, olvidando (o queriendo olvidar) que en la frontera ya hay un muro, por el que todos los d\u00edas, miles de migrantes prueban suerte, huyendo de las balas, la sed o la deportaci\u00f3n.<br \/>\n<strong>Trump<\/strong> representa un <strong>caos institucional<\/strong>, un derrota simb\u00f3lica, y una potencial amenaza concreta. Pero es tambi\u00e9n un s\u00edntoma que permite pensar: pues es una misma masa enardecida, harta y marginal lo que se requiere tanto para las <strong>manifestaciones de la ultraderecha<\/strong>, como para el replanteamiento radical de la forma de hacer pol\u00edtica, que permita una manera m\u00e1s genuina y real de sostener la vida.<br \/>\nPor ahora, queda no cometer suicidio en el claroscuro.<br \/>\n<a href=\"http:\/\/nofm-radio.com\/wp-content\/uploads\/2016\/11\/TRUMP-NOT.jpg\" class=\"no-eff img-link lightbox\" ><img loading=\"lazy\" decoding=\"async\" src=\"http:\/\/nofm-radio.com\/wp-content\/uploads\/2016\/11\/TRUMP-NOT.jpg\" alt=\"trump-not\" width=\"3500\" height=\"2416\" class=\"alignnone size-full wp-image-20964\" \/><\/a><\/p>\n","protected":false},"template":"","meta":{"_id_youtube":"","_id_vimeo":"","_podcasts_duration":"","_podcasts_url":"","_podcasts_show":"","_prog_horario_dias":"","_prog_hora":"","_prog_duration":""},"class_list":["post-20962","archivo","type-archivo","status-publish","hentry"],"_links":{"self":[{"href":"https:\/\/nofm-radio.com\/index.php?rest_route=\/wp\/v2\/archivo\/20962","targetHints":{"allow":["GET"]}}],"collection":[{"href":"https:\/\/nofm-radio.com\/index.php?rest_route=\/wp\/v2\/archivo"}],"about":[{"href":"https:\/\/nofm-radio.com\/index.php?rest_route=\/wp\/v2\/types\/archivo"}],"wp:attachment":[{"href":"https:\/\/nofm-radio.com\/index.php?rest_route=%2Fwp%2Fv2%2Fmedia&parent=20962"}],"curies":[{"name":"wp","href":"https:\/\/api.w.org\/{rel}","templated":true}]}}

<p>Por <strong>Emiliano Cassigoli</strong><br />
Decir que la elección de <strong>Estados Unidos</strong> estuvo determinada por el <strong>odio</strong>, la <strong>ignorancia</strong>, el <strong>miedo</strong> y la <strong>estupidez</strong> no es incorrecto, pero sí incompleto. Aún más, desvía la reflexión del problema fundamental: todos estos factores (la <strong>xenofobia</strong>, la <strong>intransigencia</strong> y la <strong>irreflexión</strong>) de los que da cuenta la elección; no son causas fundadas en sí mismas, son efectos. Responden a condiciones y procesos cuya formación tiene décadas.<br />
Si <strong>Trump</strong> ganó la elección, tiene menos que ver con una maldad intrínseca o una estupidez abstracta, y más con un <strong>sistema político</strong> que ha empobrecido y golpeado a la <strong>sociedad civil</strong> por años, dejándola a merced de <strong>discursos chovinistas y megalómanos</strong>. Este sistema -que se autodenomina “<strong>liberal</strong>” y “<strong>progresista</strong>”- es el que ha creado las condiciones de posibilidad de una masa enardecida y embrutecida, sin herramientas políticas y al margen de la representación. Ahora, es esta misma masa la que se manifiesta violentamente, la que regresa en su propia miseria a manos del mejor postor -oportunista o cínico- que sepa gritar contra el sistema establecido.<br />
Si algo positivo tiene la elección de <strong>Trump</strong>, es que vuelve transparente la contradicción insostenible de <strong>una manera de hacer política</strong>. Rompe el espejo de un engaño; hace explícita la insuficiencia de un aparato que, bajo una inercia cubierta de colores, preparaba una aniquilación total pero silenciosa. Este resultado, en fin, desnuda un sistema aparentemente estable y tolerante, cuyo negativo fotográfico resultó ser la miseria y el descontento. Es él, y él más que nadie, el responsable del resultado de la elección.<br />
Así, el triunfo de <strong>Trump</strong> es el primer estertor de la <strong>democracia liberal</strong>, el primer movimiento de la fagocitación de sí misma. Es por eso que lo que sucedió ayer no es una derrota, sino el final de un movimiento inexorable. A pesar de ello, la violencia de su culminación, nos permite ver la muerte de aquella democracia que sustituyó los derechos políticos por los civiles; la que propugnó la visión bastarda y purificada de las minorías, a condición de mantener su valor mercantil; la que, en el nombre de la <strong>libertad occidental</strong> y el <strong>progreso</strong>, militarizó las posiciones más recónditas de <strong>Medio Oriente</strong>, <strong>África</strong> y <strong>América Latina</strong>; la que prometió <strong>tolerancia a los musulmanes</strong>, al tiempo que sus intervenciones -pasadas y actuales- se cobraron más vidas musulmanes que nunca antes; la que prometió aceptación a los latinos, a requisito de mantener las condiciones laborales de los salarios de hambre, de la subcontratación y de la nula representatividad política; la que criticó <strong>el muro</strong> de <strong>Trump</strong> como señal de intransigencia y xenofobia, olvidando (o queriendo olvidar) que en la frontera ya hay un muro, por el que todos los días, miles de migrantes prueban suerte, huyendo de las balas, la sed o la deportación.<br />
<strong>Trump</strong> representa un <strong>caos institucional</strong>, un derrota simbólica, y una potencial amenaza concreta. Pero es también un síntoma que permite pensar: pues es una misma masa enardecida, harta y marginal lo que se requiere tanto para las <strong>manifestaciones de la ultraderecha</strong>, como para el replanteamiento radical de la forma de hacer política, que permita una manera más genuina y real de sostener la vida.<br />
Por ahora, queda no cometer suicidio en el claroscuro.<br />
<a href="http://nofm-radio.com/wp-content/uploads/2016/11/TRUMP-NOT.jpg" class="no-eff img-link lightbox" ><img loading="lazy" decoding="async" src="http://nofm-radio.com/wp-content/uploads/2016/11/TRUMP-NOT.jpg" alt="trump-not" width="3500" height="2416" class="alignnone size-full wp-image-20964" /></a></p>
