{"id":21145,"date":"2016-11-28T14:25:54","date_gmt":"2016-11-28T20:25:54","guid":{"rendered":"http:\/\/nofm-radio.com\/?p=21145"},"modified":"2016-11-28T14:25:54","modified_gmt":"2016-11-28T20:25:54","slug":"8-textos-indispensables-sobre-la-muerte-de-fidel-castro","status":"publish","type":"archivo","link":"https:\/\/nofm-radio.com\/?archivo=8-textos-indispensables-sobre-la-muerte-de-fidel-castro","title":{"rendered":"8 textos indispensables sobre la muerte de Fidel Castro"},"content":{"rendered":"<p>La noche del <strong>viernes 25 de noviembre<\/strong> el mundo se paraliz\u00f3 con la noticia:<\/p>\n<blockquote class=\"twitter-video\" data-lang=\"es\">\n<p lang=\"es\" dir=\"ltr\"><a href=\"https:\/\/twitter.com\/hashtag\/AlertaLT?src=hash\">#AlertaLT<\/a>: As\u00ed fue el anuncio de la muerte de Fidel Castro por parte de su hermano Ra\u00fal en la televisi\u00f3n cubana <a href=\"https:\/\/t.co\/JN9xJpazvL\">pic.twitter.com\/JN9xJpazvL<\/a><\/p>\n<p>&mdash; La Tercera (@latercera) <a href=\"https:\/\/twitter.com\/latercera\/status\/802391964998057988\">26 de noviembre de 2016<\/a><\/p><\/blockquote>\n<p><script async src=\"\/\/platform.twitter.com\/widgets.js\" charset=\"utf-8\"><\/script><br \/>\n<strong>Fidel Castro<\/strong> muri\u00f3 y nadie ha podido quedarse imp\u00e1vido ante el hecho. Entre las redes que se han volcado a opiniones y emotividades, gritos sin sentido y lamentos puristas, siempre cabe reflexionar con argumentos de peso, a favor y en contra, sobre este personaje clave en la historia del <strong>siglo XX<\/strong>. Aqu\u00ed les dejamos 8 textos cr\u00edticos que colocan en una buena perspectiva a ese <strong>comandante<\/strong>, <strong>tirano<\/strong>, <strong>dictador<\/strong>, <strong>h\u00e9roe<\/strong>, <strong>revolucionario<\/strong>, y un gran etc\u00e9tera que intentan perfilar a un muy complejo personaje.<br \/>\n<a href=\"http:\/\/nofm-radio.com\/wp-content\/uploads\/2016\/11\/fidel-funeral-2.jpg\" class=\"no-eff img-link lightbox\" ><img loading=\"lazy\" decoding=\"async\" src=\"http:\/\/nofm-radio.com\/wp-content\/uploads\/2016\/11\/fidel-funeral-2.jpg\" alt=\"fidel-funeral-2\" width=\"800\" height=\"530\" class=\"alignnone size-full wp-image-21154\" \/><\/a><br \/>\n<strong>* El abismo entre Castro y Fidel, por Carlos Manuel \u00c1lvarez<\/strong><br \/>\n&#8220;Nadie como Fidel Castro logr\u00f3 abrir una distancia tan insondable entre su nombre y su apellido, entre las cargas sem\u00e1nticas de ambos. Parti\u00f3 su pa\u00eds a la mitad, y hubo gente que se cobij\u00f3 en su nombre, hubo gente que se exili\u00f3 en su apellido, y hubo gente que se fue por el despe\u00f1adero. Yo vengo de ah\u00ed, de esa fractura.&#8221; <strong>Lee el texto completo publicado por The New York Times <a href=\"http:\/\/www.nytimes.com\/es\/2016\/11\/27\/el-abismo-entre-castro-y-fidel\/\" target=\"_blank\" rel=\"noopener noreferrer\">aqu\u00ed<\/a>.<\/strong><br \/>\n<a href=\"http:\/\/nofm-radio.com\/wp-content\/uploads\/2016\/11\/fidel-funeral-3.jpg\" class=\"no-eff img-link lightbox\" ><img loading=\"lazy\" decoding=\"async\" src=\"http:\/\/nofm-radio.com\/wp-content\/uploads\/2016\/11\/fidel-funeral-3.jpg\" alt=\"A dog walks past a painting depicting Cuba&#039;s former President Fidel Castro by Cuban artist Kcho in Havana, Cuba\" width=\"3500\" height=\"2332\" class=\"alignnone size-full wp-image-21155\" \/><\/a><br \/>\n<strong>* Una religi\u00f3n secular que dur\u00f3 un siglo, por Branko Milanovic<\/strong><br \/>\n&#8220;La muerte de Fidel Castro es una marca importante porque fue el \u00faltimo revolucionario comunista can\u00f3nico: el l\u00edder de una revoluci\u00f3n que derroc\u00f3 el orden anterior de las cosas, nacionaliz\u00f3 la propiedad y gobern\u00f3 a trav\u00e9s de un partido de Estado. Podemos afirmar que ning\u00fan revolucionario comunista en ese molde can\u00f3nico que era tan com\u00fan en el siglo XX (Lenin, Trotsky, Stalin, Mao, Liu Shaoqi, Tito y Fidel) surgir\u00e1 en este siglo. Las ideas de propiedad nacionalizada y planificaci\u00f3n central est\u00e1n muertas. De la misma manera, la llegada de la utop\u00eda al poder, que comenz\u00f3 en el glacial Petrogrado en noviembre de 1917, termin\u00f3 con la muerte de su \u00faltimo candidato real, f\u00edsico, en una lejana naci\u00f3n caribe\u00f1a, en noviembre de 2016.&#8221; <strong>Lee el texto completo publicado en el blog del autor <a href=\"http:\/\/glineq.blogspot.mx\/2016\/11\/a-secular-religion-that-lasted-one.html\" target=\"_blank\" rel=\"noopener noreferrer\">aqu\u00ed<\/a>.<\/strong><br \/>\n<a href=\"http:\/\/nofm-radio.com\/wp-content\/uploads\/2016\/11\/fidel-funeral-4.jpg\" class=\"no-eff img-link lightbox\" ><img loading=\"lazy\" decoding=\"async\" src=\"http:\/\/nofm-radio.com\/wp-content\/uploads\/2016\/11\/fidel-funeral-4.jpg\" alt=\"fidel-funeral-4\" width=\"1140\" height=\"712\" class=\"alignnone size-full wp-image-21156\" \/><\/a><br \/>\n<strong>* El gigante y la historia, por Jes\u00fas Silva-Herzog M\u00e1rquez<\/strong><br \/>\n&#8220;En el elogio al comandante sale a flote una convicci\u00f3n que suele esconderse: la idea de que hay dictaduras buenas. Las dictaduras no son malas en s\u00ed mismas. Son malas si eligen mal a su enemigo. La perversidad del contrincante (la dictadura de Batista, el imperialismo yanqui, el capitalismo) legitima la represi\u00f3n m\u00e1s atroz.<br \/>\nLas conquistas sociales justifican la esclavitud pol\u00edtica. La dignidad de un pueblo (tal y como es concebida desde el Estado) puede estar muy por encima de la dignidad de los individuos concretos que integran ese pueblo.&#8221; <strong>Lee el texto completo publicado en Reforma <a href=\"http:\/\/www.elnorte.com\/aplicaciones\/editoriales\/editorial.aspx?id=102086&amp;lcmd5=08b7276bf993dedfe368ddcad7a4cd7d\" target=\"_blank\" rel=\"noopener noreferrer\">aqu\u00ed<\/a>.<\/strong><br \/>\n<a href=\"http:\/\/nofm-radio.com\/wp-content\/uploads\/2016\/11\/fidel-funeral-5.jpg\" class=\"no-eff img-link lightbox\" ><img loading=\"lazy\" decoding=\"async\" src=\"http:\/\/nofm-radio.com\/wp-content\/uploads\/2016\/11\/fidel-funeral-5.jpg\" alt=\"fidel-funeral-5\" width=\"616\" height=\"376\" class=\"alignnone size-full wp-image-21157\" \/><\/a><br \/>\n<strong>* Carta a Fidel, por Jos\u00e9 M\u00fajica<\/strong><br \/>\n&#8220;El mundo que yo encar\u00e9 es el de las tarjetas de cr\u00e9dito y las vidas consumidas en una lucha para la que no hay guerrilla posible, todos me escuchan con atenci\u00f3n, sonr\u00eden, aplauden y contin\u00faan tratando de llenar sus vac\u00edas vidas con cosas que los consumen, a plazos, pero inevitablemente. A vos te queda Cuba que seguir\u00e1 ah\u00ed, sin analfabetismo, con el mejor sistema de salud p\u00fablica, con la mejor educaci\u00f3n del continente y yo a\u00fan aqu\u00ed, en la batalla, no por la vida, sino contra el olvido, enfrascado en una lucha que no tiene sentido porque el Sur se convierte en m\u00e1s Sur cada d\u00eda, los monstruos insisten en su avance y ahora nos copan por todos los flancos.&#8221; <strong>Lee el texto completo publicado en Desinform\u00e9monos <a href=\"https:\/\/desinformemonos.org\/carta-mujica-fidel\/?platform=hootsuite\" target=\"_blank\" rel=\"noopener noreferrer\">aqu\u00ed<\/a>.<\/strong><br \/>\n<strong>* Fidel Castro fue todo menos un valiente, de Andr\u00e9s Oppenheimer<\/strong><\/p>\n<blockquote class=\"twitter-video\" data-lang=\"es\">\n<p dir=\"ltr\" lang=\"es\"><a href=\"https:\/\/twitter.com\/hashtag\/FidelCastro?src=hash\">#FidelCastro<\/a> La editorial de <a href=\"https:\/\/twitter.com\/oppenheimera\">@oppenheimera<\/a> <a href=\"https:\/\/t.co\/4HWsDgGEmG\">pic.twitter.com\/4HWsDgGEmG<\/a><\/p>\n<p>\u2014 Mariana Zuvic (@MarianaZuvic) <a href=\"https:\/\/twitter.com\/MarianaZuvic\/status\/803258321436344320\">28 de noviembre de 2016<\/a><\/p><\/blockquote>\n<p><script src=\"\/\/platform.twitter.com\/widgets.js\" async=\"\" charset=\"utf-8\"><\/script><br \/>\n<strong>Lee el texto completo publicado por El Nuevo Herald <a href=\"http:\/\/www.elnuevoherald.com\/opinion-es\/opin-col-blogs\/andres-oppenheimer-es\/article117249493.html\" target=\"_blank\" rel=\"noopener noreferrer\">aqu\u00ed<\/a>.<\/strong><br \/>\n<a href=\"http:\/\/nofm-radio.com\/wp-content\/uploads\/2016\/11\/fidel-funeral-6.jpg\" class=\"no-eff img-link lightbox\" ><img loading=\"lazy\" decoding=\"async\" src=\"http:\/\/nofm-radio.com\/wp-content\/uploads\/2016\/11\/fidel-funeral-6.jpg\" alt=\"fidel-funeral-6\" width=\"996\" height=\"627\" class=\"alignnone size-full wp-image-21158\" \/><\/a><br \/>\n<strong>* Sepulcro dif\u00edcil de cerrar, por Juan M. Ortega<\/strong><br \/>\n&#8220;Ya Fidel descansa en paz. Su vida ha sido una tormenta sin pausas. Nadie en el siglo XX ha sido tan ensalzado y vilipendiado. Vendr\u00e1n ahora los castr\u00f3logos y los fabricantes de la leyenda. Pero de lo que no hay duda es que, como dicen por estas tierras, \u201cech\u00f3 la gran vaina\u201d. Las nuevas generaciones cubanas y hasta las latinoamericanas tendr\u00e1n que incluirlo en sus proyectos o al menos conocerlo para no volver a caer en este bache descomunal que dura m\u00e1s de medio siglo. Despu\u00e9s de muerto, al contrario del Cid, perder\u00e1 batallas, pero permanecer\u00e1 en la liza por decenios.&#8221; <strong>Lee el texto completo publicado por El Pa\u00eds <a href=\"http:\/\/elpais.com\/elpais\/2016\/11\/27\/opinion\/1480267553_628965.html\" target=\"_blank\" rel=\"noopener noreferrer\">aqu\u00ed<\/a>.<\/strong><br \/>\n<a href=\"http:\/\/nofm-radio.com\/wp-content\/uploads\/2016\/11\/fidel-funeral-8.jpg\" class=\"no-eff img-link lightbox\" ><img loading=\"lazy\" decoding=\"async\" src=\"http:\/\/nofm-radio.com\/wp-content\/uploads\/2016\/11\/fidel-funeral-8.jpg\" alt=\"fidel-funeral-8\" width=\"1280\" height=\"868\" class=\"alignnone size-full wp-image-21163\" \/><\/a><br \/>\n<strong>* El legado de Fidel Castro es geopol\u00edtico, no ideol\u00f3gico, entrevista de H\u00e9ctor Gonz\u00e1lez a Rafael Rojas<\/strong><br \/>\n&#8220;Esa es una f\u00f3rmula [la historia me absolver\u00e1] propuesta por el propio Fidel Castro en un texto con una historia aparte. Hay que estudiar los documentos. La cita no necesariamente coincide con lo que se piensa. No creo que la historia tenga como funci\u00f3n condenar o absolver a un personaje c\u00e9lebre. Prefiero decir que la historia a partir de ahora, tendr\u00e1 el encargo de discutir su legado; y habr\u00e1 un debate permanente. Nosotros, los sobrevivientes nos pasaremos un buen tiempo discutiendo sus luces y sombras. No es un personaje que generara un absoluto consenso ni en Cuba misma.&#8221; <strong>Lee la entrevista completa publicada en Aristegui Noticias <a href=\"http:\/\/aristeguinoticias.com\/2611\/lomasdestacado\/el-legado-de-fidel-castro-es-geopolitico-no-ideologico-rafael-rojas\/\" target=\"_blank\" rel=\"noopener noreferrer\">aqu\u00ed<\/a>.<\/strong><br \/>\n<a href=\"http:\/\/nofm-radio.com\/wp-content\/uploads\/2016\/11\/fidel-funeral-7.jpg\" class=\"no-eff img-link lightbox\" ><img loading=\"lazy\" decoding=\"async\" src=\"http:\/\/nofm-radio.com\/wp-content\/uploads\/2016\/11\/fidel-funeral-7.jpg\" alt=\"fidel-funeral-7\" width=\"1920\" height=\"1080\" class=\"alignnone size-full wp-image-21161\" \/><\/a><br \/>\n<strong>* Las verdades y mentiras sobre el legado de Castro, por \u00c1lvaro Llorca y Gloria Rodr\u00edguez-Pina<\/strong><br \/>\n&#8220;\u00danico pa\u00eds de Am\u00e9rica sin desnutrici\u00f3n infantil: cierto que el trabajo de Cuba contra la desnutrici\u00f3n infantil le vali\u00f3 los elogios de Unicef en un informe de 2006, titulado Progreso para la infancia. Un balance sobre la nutrici\u00f3n. Sin embargo, los datos m\u00e1s recientes del mismo organismo demuestran que todav\u00eda existe una tasa del 7% de desnutrici\u00f3n cr\u00f3nica entre los ni\u00f1os. Se trata de una tasa baja en comparaci\u00f3n con otros pa\u00edses (en M\u00e9xico es del 13,6%, en Argentina del 8%, y en Colombia del 12,7%, por ejemplo), pero todav\u00eda relevante.&#8221; <strong>Pueden revisar la comprobaci\u00f3n de hechos realizada por Verne <a href=\"http:\/\/verne.elpais.com\/verne\/2016\/11\/28\/articulo\/1480354264_352128.html\" target=\"_blank\" rel=\"noopener noreferrer\">aqu\u00ed.<\/a><\/strong><br \/>\n<a class=\"no-eff img-link lightbox\" href=\"http:\/\/nofm-radio.com\/wp-content\/uploads\/2016\/11\/Legado.png\"><img loading=\"lazy\" decoding=\"async\" class=\"alignnone size-full wp-image-21146\" src=\"http:\/\/nofm-radio.com\/wp-content\/uploads\/2016\/11\/Legado.png\" alt=\"legado\" width=\"702\" height=\"820\" \/><\/a><br \/>\n<a href=\"http:\/\/nofm-radio.com\/wp-content\/uploads\/2016\/11\/fidel-funeral-9.jpg\" class=\"no-eff img-link lightbox\" ><img loading=\"lazy\" decoding=\"async\" src=\"http:\/\/nofm-radio.com\/wp-content\/uploads\/2016\/11\/fidel-funeral-9.jpg\" alt=\"fidel-funeral-9\" width=\"612\" height=\"342\" class=\"alignnone size-full wp-image-21165\" \/><\/a><br \/>\nAs\u00ed es, muchachos y muchachas, complejo personaje que merece ser discutido en sus m\u00faltiples dimensiones. Quedar\u00e1 esa frase inmortal de &#8220;<strong>La Historia me absolver\u00e1<\/strong>&#8220;, pero si recurrimos a otra gran voz latinoamericana, hay que pensar que &#8220;<strong>La Historia la hacen los pueblos<\/strong>&#8220;. Procuremos que la tarea no nos quede tan grande.<br \/>\n<a href=\"http:\/\/nofm-radio.com\/wp-content\/uploads\/2016\/11\/fidel-funeral.jpg\" class=\"no-eff img-link lightbox\" ><img loading=\"lazy\" decoding=\"async\" src=\"http:\/\/nofm-radio.com\/wp-content\/uploads\/2016\/11\/fidel-funeral.jpg\" alt=\"fidel-funeral\" width=\"1024\" height=\"707\" class=\"alignnone size-full wp-image-21150\" \/><\/a><\/p>\n","protected":false},"template":"","meta":{"_id_youtube":"","_id_vimeo":"","_podcasts_duration":"","_podcasts_url":"","_podcasts_show":"","_prog_horario_dias":"","_prog_hora":"","_prog_duration":""},"class_list":["post-21145","archivo","type-archivo","status-publish","hentry"],"_links":{"self":[{"href":"https:\/\/nofm-radio.com\/index.php?rest_route=\/wp\/v2\/archivo\/21145","targetHints":{"allow":["GET"]}}],"collection":[{"href":"https:\/\/nofm-radio.com\/index.php?rest_route=\/wp\/v2\/archivo"}],"about":[{"href":"https:\/\/nofm-radio.com\/index.php?rest_route=\/wp\/v2\/types\/archivo"}],"wp:attachment":[{"href":"https:\/\/nofm-radio.com\/index.php?rest_route=%2Fwp%2Fv2%2Fmedia&parent=21145"}],"curies":[{"name":"wp","href":"https:\/\/api.w.org\/{rel}","templated":true}]}}

<p>La noche del <strong>viernes 25 de noviembre</strong> el mundo se paralizó con la noticia:</p>
<blockquote class="twitter-video" data-lang="es">
<p lang="es" dir="ltr"><a href="https://twitter.com/hashtag/AlertaLT?src=hash">#AlertaLT</a>: Así fue el anuncio de la muerte de Fidel Castro por parte de su hermano Raúl en la televisión cubana <a href="https://t.co/JN9xJpazvL">pic.twitter.com/JN9xJpazvL</a></p>
<p>&mdash; La Tercera (@latercera) <a href="https://twitter.com/latercera/status/802391964998057988">26 de noviembre de 2016</a></p></blockquote>
<p><script async src="//platform.twitter.com/widgets.js" charset="utf-8"></script><br />
<strong>Fidel Castro</strong> murió y nadie ha podido quedarse impávido ante el hecho. Entre las redes que se han volcado a opiniones y emotividades, gritos sin sentido y lamentos puristas, siempre cabe reflexionar con argumentos de peso, a favor y en contra, sobre este personaje clave en la historia del <strong>siglo XX</strong>. Aquí les dejamos 8 textos críticos que colocan en una buena perspectiva a ese <strong>comandante</strong>, <strong>tirano</strong>, <strong>dictador</strong>, <strong>héroe</strong>, <strong>revolucionario</strong>, y un gran etcétera que intentan perfilar a un muy complejo personaje.<br />
<a href="http://nofm-radio.com/wp-content/uploads/2016/11/fidel-funeral-2.jpg" class="no-eff img-link lightbox" ><img loading="lazy" decoding="async" src="http://nofm-radio.com/wp-content/uploads/2016/11/fidel-funeral-2.jpg" alt="fidel-funeral-2" width="800" height="530" class="alignnone size-full wp-image-21154" /></a><br />
<strong>* El abismo entre Castro y Fidel, por Carlos Manuel Álvarez</strong><br />
&#8220;Nadie como Fidel Castro logró abrir una distancia tan insondable entre su nombre y su apellido, entre las cargas semánticas de ambos. Partió su país a la mitad, y hubo gente que se cobijó en su nombre, hubo gente que se exilió en su apellido, y hubo gente que se fue por el despeñadero. Yo vengo de ahí, de esa fractura.&#8221; <strong>Lee el texto completo publicado por The New York Times <a href="http://www.nytimes.com/es/2016/11/27/el-abismo-entre-castro-y-fidel/" target="_blank" rel="noopener noreferrer">aquí</a>.</strong><br />
<a href="http://nofm-radio.com/wp-content/uploads/2016/11/fidel-funeral-3.jpg" class="no-eff img-link lightbox" ><img loading="lazy" decoding="async" src="http://nofm-radio.com/wp-content/uploads/2016/11/fidel-funeral-3.jpg" alt="A dog walks past a painting depicting Cuba&#039;s former President Fidel Castro by Cuban artist Kcho in Havana, Cuba" width="3500" height="2332" class="alignnone size-full wp-image-21155" /></a><br />
<strong>* Una religión secular que duró un siglo, por Branko Milanovic</strong><br />
&#8220;La muerte de Fidel Castro es una marca importante porque fue el último revolucionario comunista canónico: el líder de una revolución que derrocó el orden anterior de las cosas, nacionalizó la propiedad y gobernó a través de un partido de Estado. Podemos afirmar que ningún revolucionario comunista en ese molde canónico que era tan común en el siglo XX (Lenin, Trotsky, Stalin, Mao, Liu Shaoqi, Tito y Fidel) surgirá en este siglo. Las ideas de propiedad nacionalizada y planificación central están muertas. De la misma manera, la llegada de la utopía al poder, que comenzó en el glacial Petrogrado en noviembre de 1917, terminó con la muerte de su último candidato real, físico, en una lejana nación caribeña, en noviembre de 2016.&#8221; <strong>Lee el texto completo publicado en el blog del autor <a href="http://glineq.blogspot.mx/2016/11/a-secular-religion-that-lasted-one.html" target="_blank" rel="noopener noreferrer">aquí</a>.</strong><br />
<a href="http://nofm-radio.com/wp-content/uploads/2016/11/fidel-funeral-4.jpg" class="no-eff img-link lightbox" ><img loading="lazy" decoding="async" src="http://nofm-radio.com/wp-content/uploads/2016/11/fidel-funeral-4.jpg" alt="fidel-funeral-4" width="1140" height="712" class="alignnone size-full wp-image-21156" /></a><br />
<strong>* El gigante y la historia, por Jesús Silva-Herzog Márquez</strong><br />
&#8220;En el elogio al comandante sale a flote una convicción que suele esconderse: la idea de que hay dictaduras buenas. Las dictaduras no son malas en sí mismas. Son malas si eligen mal a su enemigo. La perversidad del contrincante (la dictadura de Batista, el imperialismo yanqui, el capitalismo) legitima la represión más atroz.<br />
Las conquistas sociales justifican la esclavitud política. La dignidad de un pueblo (tal y como es concebida desde el Estado) puede estar muy por encima de la dignidad de los individuos concretos que integran ese pueblo.&#8221; <strong>Lee el texto completo publicado en Reforma <a href="http://www.elnorte.com/aplicaciones/editoriales/editorial.aspx?id=102086&amp;lcmd5=08b7276bf993dedfe368ddcad7a4cd7d" target="_blank" rel="noopener noreferrer">aquí</a>.</strong><br />
<a href="http://nofm-radio.com/wp-content/uploads/2016/11/fidel-funeral-5.jpg" class="no-eff img-link lightbox" ><img loading="lazy" decoding="async" src="http://nofm-radio.com/wp-content/uploads/2016/11/fidel-funeral-5.jpg" alt="fidel-funeral-5" width="616" height="376" class="alignnone size-full wp-image-21157" /></a><br />
<strong>* Carta a Fidel, por José Mújica</strong><br />
&#8220;El mundo que yo encaré es el de las tarjetas de crédito y las vidas consumidas en una lucha para la que no hay guerrilla posible, todos me escuchan con atención, sonríen, aplauden y continúan tratando de llenar sus vacías vidas con cosas que los consumen, a plazos, pero inevitablemente. A vos te queda Cuba que seguirá ahí, sin analfabetismo, con el mejor sistema de salud pública, con la mejor educación del continente y yo aún aquí, en la batalla, no por la vida, sino contra el olvido, enfrascado en una lucha que no tiene sentido porque el Sur se convierte en más Sur cada día, los monstruos insisten en su avance y ahora nos copan por todos los flancos.&#8221; <strong>Lee el texto completo publicado en Desinformémonos <a href="https://desinformemonos.org/carta-mujica-fidel/?platform=hootsuite" target="_blank" rel="noopener noreferrer">aquí</a>.</strong><br />
<strong>* Fidel Castro fue todo menos un valiente, de Andrés Oppenheimer</strong></p>
<blockquote class="twitter-video" data-lang="es">
<p dir="ltr" lang="es"><a href="https://twitter.com/hashtag/FidelCastro?src=hash">#FidelCastro</a> La editorial de <a href="https://twitter.com/oppenheimera">@oppenheimera</a> <a href="https://t.co/4HWsDgGEmG">pic.twitter.com/4HWsDgGEmG</a></p>
<p>— Mariana Zuvic (@MarianaZuvic) <a href="https://twitter.com/MarianaZuvic/status/803258321436344320">28 de noviembre de 2016</a></p></blockquote>
<p><script src="//platform.twitter.com/widgets.js" async="" charset="utf-8"></script><br />
<strong>Lee el texto completo publicado por El Nuevo Herald <a href="http://www.elnuevoherald.com/opinion-es/opin-col-blogs/andres-oppenheimer-es/article117249493.html" target="_blank" rel="noopener noreferrer">aquí</a>.</strong><br />
<a href="http://nofm-radio.com/wp-content/uploads/2016/11/fidel-funeral-6.jpg" class="no-eff img-link lightbox" ><img loading="lazy" decoding="async" src="http://nofm-radio.com/wp-content/uploads/2016/11/fidel-funeral-6.jpg" alt="fidel-funeral-6" width="996" height="627" class="alignnone size-full wp-image-21158" /></a><br />
<strong>* Sepulcro difícil de cerrar, por Juan M. Ortega</strong><br />
&#8220;Ya Fidel descansa en paz. Su vida ha sido una tormenta sin pausas. Nadie en el siglo XX ha sido tan ensalzado y vilipendiado. Vendrán ahora los castrólogos y los fabricantes de la leyenda. Pero de lo que no hay duda es que, como dicen por estas tierras, “echó la gran vaina”. Las nuevas generaciones cubanas y hasta las latinoamericanas tendrán que incluirlo en sus proyectos o al menos conocerlo para no volver a caer en este bache descomunal que dura más de medio siglo. Después de muerto, al contrario del Cid, perderá batallas, pero permanecerá en la liza por decenios.&#8221; <strong>Lee el texto completo publicado por El País <a href="http://elpais.com/elpais/2016/11/27/opinion/1480267553_628965.html" target="_blank" rel="noopener noreferrer">aquí</a>.</strong><br />
<a href="http://nofm-radio.com/wp-content/uploads/2016/11/fidel-funeral-8.jpg" class="no-eff img-link lightbox" ><img loading="lazy" decoding="async" src="http://nofm-radio.com/wp-content/uploads/2016/11/fidel-funeral-8.jpg" alt="fidel-funeral-8" width="1280" height="868" class="alignnone size-full wp-image-21163" /></a><br />
<strong>* El legado de Fidel Castro es geopolítico, no ideológico, entrevista de Héctor González a Rafael Rojas</strong><br />
&#8220;Esa es una fórmula [la historia me absolverá] propuesta por el propio Fidel Castro en un texto con una historia aparte. Hay que estudiar los documentos. La cita no necesariamente coincide con lo que se piensa. No creo que la historia tenga como función condenar o absolver a un personaje célebre. Prefiero decir que la historia a partir de ahora, tendrá el encargo de discutir su legado; y habrá un debate permanente. Nosotros, los sobrevivientes nos pasaremos un buen tiempo discutiendo sus luces y sombras. No es un personaje que generara un absoluto consenso ni en Cuba misma.&#8221; <strong>Lee la entrevista completa publicada en Aristegui Noticias <a href="http://aristeguinoticias.com/2611/lomasdestacado/el-legado-de-fidel-castro-es-geopolitico-no-ideologico-rafael-rojas/" target="_blank" rel="noopener noreferrer">aquí</a>.</strong><br />
<a href="http://nofm-radio.com/wp-content/uploads/2016/11/fidel-funeral-7.jpg" class="no-eff img-link lightbox" ><img loading="lazy" decoding="async" src="http://nofm-radio.com/wp-content/uploads/2016/11/fidel-funeral-7.jpg" alt="fidel-funeral-7" width="1920" height="1080" class="alignnone size-full wp-image-21161" /></a><br />
<strong>* Las verdades y mentiras sobre el legado de Castro, por Álvaro Llorca y Gloria Rodríguez-Pina</strong><br />
&#8220;Único país de América sin desnutrición infantil: cierto que el trabajo de Cuba contra la desnutrición infantil le valió los elogios de Unicef en un informe de 2006, titulado Progreso para la infancia. Un balance sobre la nutrición. Sin embargo, los datos más recientes del mismo organismo demuestran que todavía existe una tasa del 7% de desnutrición crónica entre los niños. Se trata de una tasa baja en comparación con otros países (en México es del 13,6%, en Argentina del 8%, y en Colombia del 12,7%, por ejemplo), pero todavía relevante.&#8221; <strong>Pueden revisar la comprobación de hechos realizada por Verne <a href="http://verne.elpais.com/verne/2016/11/28/articulo/1480354264_352128.html" target="_blank" rel="noopener noreferrer">aquí.</a></strong><br />
<a class="no-eff img-link lightbox" href="http://nofm-radio.com/wp-content/uploads/2016/11/Legado.png"><img loading="lazy" decoding="async" class="alignnone size-full wp-image-21146" src="http://nofm-radio.com/wp-content/uploads/2016/11/Legado.png" alt="legado" width="702" height="820" /></a><br />
<a href="http://nofm-radio.com/wp-content/uploads/2016/11/fidel-funeral-9.jpg" class="no-eff img-link lightbox" ><img loading="lazy" decoding="async" src="http://nofm-radio.com/wp-content/uploads/2016/11/fidel-funeral-9.jpg" alt="fidel-funeral-9" width="612" height="342" class="alignnone size-full wp-image-21165" /></a><br />
Así es, muchachos y muchachas, complejo personaje que merece ser discutido en sus múltiples dimensiones. Quedará esa frase inmortal de &#8220;<strong>La Historia me absolverá</strong>&#8220;, pero si recurrimos a otra gran voz latinoamericana, hay que pensar que &#8220;<strong>La Historia la hacen los pueblos</strong>&#8220;. Procuremos que la tarea no nos quede tan grande.<br />
<a href="http://nofm-radio.com/wp-content/uploads/2016/11/fidel-funeral.jpg" class="no-eff img-link lightbox" ><img loading="lazy" decoding="async" src="http://nofm-radio.com/wp-content/uploads/2016/11/fidel-funeral.jpg" alt="fidel-funeral" width="1024" height="707" class="alignnone size-full wp-image-21150" /></a></p>
