{"id":21451,"date":"2017-01-16T10:00:34","date_gmt":"2017-01-16T16:00:34","guid":{"rendered":"http:\/\/nofm-radio.com\/?p=21451"},"modified":"2017-01-16T10:00:34","modified_gmt":"2017-01-16T16:00:34","slug":"estos-son-lo-8-super-villanos-del-gabinete-de-donald-trump","status":"publish","type":"archivo","link":"https:\/\/nofm-radio.com\/?archivo=estos-son-lo-8-super-villanos-del-gabinete-de-donald-trump","title":{"rendered":"Estos son lo 8 s\u00faper villanos del gabinete de Donald Trump"},"content":{"rendered":"<p>El <strong>20 de enero<\/strong> est\u00e1 cada vez m\u00e1s cerca y con \u00e9l uno de los mayores eventos pol\u00edticos y sociales que nos tocar\u00e1 presenciar: el ascenso de <strong>Donald Trump<\/strong> a la <strong>presidencia de EUA<\/strong>. En tan s\u00f3lo unos meses, el se\u00f1or Trump pas\u00f3, como buen producto de la televisi\u00f3n, de ser una caricatura a un s\u00faper villano. Y para honrar su nueva categor\u00eda, ha decidido armarse un gran equipo de colaboradores que, para empezar, valen m\u00e1s o menos la friolera de 4 mil 500 millones de d\u00f3lares en conjunto, lo que los convierte en el <strong>gabinete<\/strong> m\u00e1s rico de la era moderna de nuestro vecino del norte. Pero, no seamos esnobs, no juzguemos a la gente s\u00f3lo por lo que posee, sino por lo que piensa. Ah\u00ed est\u00e1 el verdadero problema del gabinete propuesto por Trump, y aunque en las comparecencias ante el senado muchos ellos dejaron claro que no est\u00e1n totalmente de acuerdo con su l\u00edder en temas como la relaci\u00f3n con <strong>Rusia<\/strong>, la intervenci\u00f3n en<strong> Medio Oriente, la frontera con M\u00e9xico<\/strong> o el <strong>cambio clim\u00e1tico<\/strong>, los se\u00f1ores secretarios no parecen ser la esperanza del mundo libre.<br \/>\nOtro detalle a destacar es que, aunque la mayor\u00eda de los miembros del gabinete de Trump deben ser a\u00fan ratificados por el <strong>Senado<\/strong>, parece ser que eso ser\u00e1 una mera formalidad. La semana pasada, el <strong>Comit\u00e9 de \u00c9tica del Senado<\/strong> manifest\u00f3 su preocupaci\u00f3n porque \u00a0las evaluaciones hubieran iniciado sin haberse realizado las investigaciones \u00e9ticas de rigor, que incluyen las finanzas y los posibles conflictos de inter\u00e9s de los nominados. Si a eso agregamos el rumor de que Donald Trump pact\u00f3 con el <strong>l\u00edder republicano<\/strong> la aprobaci\u00f3n del gabinete a cambio de la aprobaci\u00f3n segura de la agenda conservadora en las c\u00e1maras, lo de nominados parece ya un absurdo.<br \/>\nPara que se den una idea, les contamos un poco de los 8 grandes personajes que ocupar\u00e1n las sillas de poder en los <strong>Estados Unidos<\/strong>, cuyas ideas pueden llevarse entre las patas a nuestro pa\u00eds y al mundo en general.<br \/>\n<strong>* Rex Tillerson<\/strong><br \/>\nNominado como <strong>Secretario de Estado<\/strong>, es decir, estar\u00e1 a cargo de la pol\u00edtica exterior del gobierno de Trump. M\u00e1s all\u00e1 de que sea amigo cercano de <strong>Vladimir Putin<\/strong> (lo que puede ser la \u00fanica objeci\u00f3n para ratificarlo), Tillerson es la cabeza de <strong>Exxon Mobile<\/strong>, la petrolera m\u00e1s grande del mundo, lo que quiere decir, entre muchas otras, que es la responsable de <strong>desastres naturales<\/strong> a lo largo y ancho del planeta. Por supuesto que Tillerson no est\u00e1 muy seguro de que eso del cambio clim\u00e1tico exista, y as\u00ed se lo ha hecho saber a los<strong> ambientalistas<\/strong> que son continuamente acosados y agredidos por la empresa que \u00e9l encabeza. De su experiencia dentro de la pol\u00edtica no podemos decir nada porque no tiene, pero les dejamos una muestra de su labor en el mundo.<br \/>\n<iframe loading=\"lazy\" src=\"https:\/\/www.youtube.com\/embed\/KPIUFZl7f-U\" width=\"560\" height=\"315\" frameborder=\"0\" allowfullscreen=\"allowfullscreen\"><\/iframe><br \/>\n<strong>* General James Mattis<\/strong><br \/>\nEl mejor conocido como &#8220;<strong>Mad Dog<\/strong>&#8221; estar\u00e1 a cargo del <strong>Departamento de Defensa<\/strong>. Al igual que la mayor\u00eda de personajes del gabinete de Trump, Mattis no tiene experiencia en la pol\u00edtica, al menos no en la esfera civil, aunque sus 40 a\u00f1os como militar condecorado le valdr\u00e1n de algo. De hecho, ha tenido puestos de alto nivel en las administraciones de Bush y de <strong>Obama<\/strong>, creando una carrera que le ha ganado otros dos apodos: el <strong>Monje de la Guerra<\/strong> y <strong>CHAOS<\/strong> (coronel con soluciones excepcionales, por sus siglas en ingl\u00e9s). La comparecencia de Mattis gener\u00f3 un buen debate en el Senado, gracias a unas ideas como \u00e9stas:<br \/>\n<iframe loading=\"lazy\" src=\"https:\/\/www.youtube.com\/embed\/JVKaCtg1Ssw\" width=\"560\" height=\"315\" frameborder=\"0\" allowfullscreen=\"allowfullscreen\"><\/iframe><br \/>\n<strong>* General John Kelly<\/strong><br \/>\nOtro general con el puesto casi asegurado, en el <strong>Departamento de Seguridad Interna<\/strong>, en gran parte por su experiencia en Latinoam\u00e9rica. Kelly ha fungido como enlace con el Congreso, y ha tenido puestos en <strong>Centro y Sudam\u00e9rica<\/strong>, adem\u00e1s de haber encabezado la base de <strong>Guant\u00e1namo<\/strong>. Es uno de los claros focos rojos para nuestro pa\u00eds, pues el general Kelly ha advertido en m\u00e1s de una ocasi\u00f3n el peligro que representan los <strong>c\u00e1rteles mexicanos<\/strong>, a quienes equipara a los terroristas, para Estados Unidos. Sus ideas calzan perfecto con el <strong>discurso antinmigrante<\/strong> de Trump, y cuenta tambi\u00e9n con el apoyo de varios pol\u00edticos dem\u00f3cratas, en especial por ser el militar con mayor rango en haber perdido un hijo en Afganist\u00e1n. Aqu\u00ed lo que dijo en su audiencia del Senado sobre la <strong>frontera con M\u00e9xico<\/strong>:<br \/>\n<iframe loading=\"lazy\" src=\"https:\/\/www.youtube.com\/embed\/whfmGISryog\" width=\"560\" height=\"315\" frameborder=\"0\" allowfullscreen=\"allowfullscreen\"><\/iframe><br \/>\n<strong>* Nikki Haley<\/strong><br \/>\nFue la primera mujer (una de las pocas) en integrarse al gabinete de Trump. El anuncio de Nikki Haley como<strong> embajadora<\/strong> ante las <strong>Naciones Unidas<\/strong> fue sorpresivo, ya que la ex gobernadora de Carolina del Sur fue una de las republicanas que m\u00e1s combati\u00f3 la candidatura de Trump. Haley no tiene experiencia diplom\u00e1tica (va a aprender al igual que <strong>Videgaray<\/strong>), pero el hecho de que sea hija de inmigrantes indios bast\u00f3 para que Trump la enviara a ese club al que la gente s\u00f3lo va a pasarla bien, como describi\u00f3 el presidente electo a la ONU.<br \/>\n<iframe loading=\"lazy\" class=\"giphy-embed\" src=\"\/\/giphy.com\/embed\/iBz2G6xmw72I8\" width=\"480\" height=\"253\" frameborder=\"0\" allowfullscreen=\"allowfullscreen\"><\/iframe><br \/>\n<strong>* Rick Perry<\/strong><br \/>\nIr\u00f3nicamente, el <strong>Departamento de Energ\u00eda<\/strong> estar\u00e1 a cargo del ex gobernador de Texas, Rick Perry, quien hace un par de a\u00f1os, en un debate entre pre candidatos, olvid\u00f3 que exist\u00eda la dependencia y, cuando se acord\u00f3, dijo que deb\u00eda ser reformada. Este episodio es el m\u00e1s relevante en la carrera de Perry, incluso lo ha colocado en los 15 epic fails en los debates estadounidenses. Tengamos esperanzas, tal vez esa facilidad para sobrevivir al rid\u00edculo lo hermane con<strong> Pe\u00f1a Nieto<\/strong> y algo de bueno nos deje en materia de energ\u00eda.<br \/>\n<iframe loading=\"lazy\" src=\"https:\/\/www.youtube.com\/embed\/x3vYp4UMqiM\" width=\"560\" height=\"315\" frameborder=\"0\" allowfullscreen=\"allowfullscreen\"><\/iframe><br \/>\n<strong>* Scott Pruitt<\/strong><br \/>\nSi Donald Trupm tiene un aliado en eso de desmentir el <strong>cambio clim\u00e1tico<\/strong>, ese aliado se llama Scott Pruitt. Y ese simple hecho bast\u00f3 para colocarlo como <strong>Administrador de la Agencia de Protecci\u00f3n Ambiental<\/strong>. Al igual que Rick Perry, Pruitt tambi\u00e9n ha pugnado por la desaparici\u00f3n de la agencia que ahora encabezar\u00e1, incluso al grado de demandarla en m\u00faltiples ocasiones. Se rumora que una de la prioridad de la nueva administraci\u00f3n ser\u00e1 desmantelar las acciones de Obama para frenar el <strong>calentamiento global<\/strong>. Y bueno, uno como quiera, pero quiere alguien por favor pensar en <strong>DiCaprio<\/strong>.<br \/>\n<iframe loading=\"lazy\" class=\"giphy-embed\" src=\"\/\/giphy.com\/embed\/O3JyUHiKqsviE\" width=\"480\" height=\"382\" frameborder=\"0\" allowfullscreen=\"allowfullscreen\"><\/iframe><br \/>\n<strong>* Wilbur Ross<\/strong><br \/>\n\u00bfQui\u00e9n ser\u00eda m\u00e1s indicado para encabezar el <strong>Departamento de Comercio<\/strong> que el autor de <em><strong>El arte del trato<\/strong><\/em>? Wilbur Ross es un conocido empresario experto en la recuperaci\u00f3n de <strong>empresas manufactureras<\/strong>. Tiene experiencia en el \u00e1mbito textil, del acero, y minero. En este \u00faltimo, fue se\u00f1alado como responsable de una explosi\u00f3n en una mina que caus\u00f3 la muerte de 12 trabajadores, pero eso es <em>pecata minuta<\/em>. Lo importante es que Ross ha acompa\u00f1ado a Trump en su cr\u00edtica feroz a la <strong>pol\u00edtica de comercio<\/strong> de Estados Unidos. Si el <strong>TLCAN<\/strong> se va a negociar, este es uno de los hombres a observar. Como detalle final, Wilbur Ross fue asesor de campa\u00f1a de Trump, y de los primeros en declarar que Donald no estaba bromeando, as\u00ed que \u00a1aguas!<br \/>\n<iframe loading=\"lazy\" src=\"https:\/\/www.youtube.com\/embed\/VKoLTNFJzZ8\" width=\"560\" height=\"315\" frameborder=\"0\" allowfullscreen=\"allowfullscreen\"><\/iframe><br \/>\n<strong>* Mike Pompeo<\/strong><br \/>\nY para cerrar con broche de oro, el nuevo<strong> director de la CIA<\/strong>: Mike Pompeo. El congresista de Kansas, cat\u00f3lico hasta la m\u00e9dula, es tambi\u00e9n un conocido islamof\u00f3bico, intervencionista, xen\u00f3fobo y promotor de la tortura, lo que parece, hay que decirlo, la descripci\u00f3n del cargo de director de la CIA. Lo que Pompeo agrega a esta receta es su idea de que la pol\u00edtica exterior es un veh\u00edculo para la <strong>guerra santa<\/strong> del bien contra el mal. \u00bfAdivinen qui\u00e9n es el bien en esta ecuaci\u00f3n? Cuando pensamos en todos los males que representa Trump estamos en realidad pensando en Mike Pompeo. Tan es as\u00ed, que hasta los actuales dirigentes de la CIA lo ven como amenaza, y eso ya es decir mucho. La posici\u00f3n privilegiada de Pompeo, y la relativa facilidad con que fue ratificado en el cargo, lo colocan como el verdadero s\u00faper villano. Nosotros s\u00f3lo decimos: \u00a1s\u00e1lvanos, <strong>Peter Quin<\/strong>!<br \/>\n<iframe loading=\"lazy\" class=\"giphy-embed\" src=\"\/\/giphy.com\/embed\/YaeF5hdR9C5yM\" width=\"480\" height=\"268\" frameborder=\"0\" allowfullscreen=\"allowfullscreen\"><\/iframe><br \/>\nAs\u00ed es, muchachos y muchachas, este es el <strong>escuadr\u00f3n del mal<\/strong>. Antes de apanicarse, vale la pena recordar que ninguno de estos angelitos es nuevo en la pol\u00edtica estadounidense, que no son los malos que llegan a invadir el poder, sino funcionarios que, al menos en casi todos los asuntos que tienen que ver con <strong>pol\u00edtica internacional<\/strong>, llegan a continuar donde los supuestamente buenos lo dejaron. Lo que s\u00ed hay que pensar es que, tal vez lo \u00fanico bueno de la toma de posesi\u00f3n de Trump es que el <strong>soundtrack<\/strong> de la semana sin duda es<br \/>\n<iframe loading=\"lazy\" src=\"https:\/\/www.youtube.com\/embed\/wbWOVfY-rxU\" width=\"560\" height=\"315\" frameborder=\"0\" allowfullscreen=\"allowfullscreen\"><\/iframe><\/p>\n","protected":false},"template":"","meta":{"_id_youtube":"","_id_vimeo":"","_podcasts_duration":"","_podcasts_url":"","_podcasts_show":"","_prog_horario_dias":"","_prog_hora":"","_prog_duration":""},"class_list":["post-21451","archivo","type-archivo","status-publish","hentry"],"_links":{"self":[{"href":"https:\/\/nofm-radio.com\/index.php?rest_route=\/wp\/v2\/archivo\/21451","targetHints":{"allow":["GET"]}}],"collection":[{"href":"https:\/\/nofm-radio.com\/index.php?rest_route=\/wp\/v2\/archivo"}],"about":[{"href":"https:\/\/nofm-radio.com\/index.php?rest_route=\/wp\/v2\/types\/archivo"}],"wp:attachment":[{"href":"https:\/\/nofm-radio.com\/index.php?rest_route=%2Fwp%2Fv2%2Fmedia&parent=21451"}],"curies":[{"name":"wp","href":"https:\/\/api.w.org\/{rel}","templated":true}]}}

Estos son lo 8 súper villanos del gabinete de Donald Trump

<p>El <strong>20 de enero</strong> está cada vez más cerca y con él uno de los mayores eventos políticos y sociales que nos tocará presenciar: el ascenso de <strong>Donald Trump</strong> a la <strong>presidencia de EUA</strong>. En tan sólo unos meses, el señor Trump pasó, como buen producto de la televisión, de ser una caricatura a un súper villano. Y para honrar su nueva categoría, ha decidido armarse un gran equipo de colaboradores que, para empezar, valen más o menos la friolera de 4 mil 500 millones de dólares en conjunto, lo que los convierte en el <strong>gabinete</strong> más rico de la era moderna de nuestro vecino del norte. Pero, no seamos esnobs, no juzguemos a la gente sólo por lo que posee, sino por lo que piensa. Ahí está el verdadero problema del gabinete propuesto por Trump, y aunque en las comparecencias ante el senado muchos ellos dejaron claro que no están totalmente de acuerdo con su líder en temas como la relación con <strong>Rusia</strong>, la intervención en<strong> Medio Oriente, la frontera con México</strong> o el <strong>cambio climático</strong>, los señores secretarios no parecen ser la esperanza del mundo libre.<br />
Otro detalle a destacar es que, aunque la mayoría de los miembros del gabinete de Trump deben ser aún ratificados por el <strong>Senado</strong>, parece ser que eso será una mera formalidad. La semana pasada, el <strong>Comité de Ética del Senado</strong> manifestó su preocupación porque  las evaluaciones hubieran iniciado sin haberse realizado las investigaciones éticas de rigor, que incluyen las finanzas y los posibles conflictos de interés de los nominados. Si a eso agregamos el rumor de que Donald Trump pactó con el <strong>líder republicano</strong> la aprobación del gabinete a cambio de la aprobación segura de la agenda conservadora en las cámaras, lo de nominados parece ya un absurdo.<br />
Para que se den una idea, les contamos un poco de los 8 grandes personajes que ocuparán las sillas de poder en los <strong>Estados Unidos</strong>, cuyas ideas pueden llevarse entre las patas a nuestro país y al mundo en general.<br />
<strong>* Rex Tillerson</strong><br />
Nominado como <strong>Secretario de Estado</strong>, es decir, estará a cargo de la política exterior del gobierno de Trump. Más allá de que sea amigo cercano de <strong>Vladimir Putin</strong> (lo que puede ser la única objeción para ratificarlo), Tillerson es la cabeza de <strong>Exxon Mobile</strong>, la petrolera más grande del mundo, lo que quiere decir, entre muchas otras, que es la responsable de <strong>desastres naturales</strong> a lo largo y ancho del planeta. Por supuesto que Tillerson no está muy seguro de que eso del cambio climático exista, y así se lo ha hecho saber a los<strong> ambientalistas</strong> que son continuamente acosados y agredidos por la empresa que él encabeza. De su experiencia dentro de la política no podemos decir nada porque no tiene, pero les dejamos una muestra de su labor en el mundo.<br />
<iframe loading="lazy" src="https://www.youtube.com/embed/KPIUFZl7f-U" width="560" height="315" frameborder="0" allowfullscreen="allowfullscreen"></iframe><br />
<strong>* General James Mattis</strong><br />
El mejor conocido como &#8220;<strong>Mad Dog</strong>&#8221; estará a cargo del <strong>Departamento de Defensa</strong>. Al igual que la mayoría de personajes del gabinete de Trump, Mattis no tiene experiencia en la política, al menos no en la esfera civil, aunque sus 40 años como militar condecorado le valdrán de algo. De hecho, ha tenido puestos de alto nivel en las administraciones de Bush y de <strong>Obama</strong>, creando una carrera que le ha ganado otros dos apodos: el <strong>Monje de la Guerra</strong> y <strong>CHAOS</strong> (coronel con soluciones excepcionales, por sus siglas en inglés). La comparecencia de Mattis generó un buen debate en el Senado, gracias a unas ideas como éstas:<br />
<iframe loading="lazy" src="https://www.youtube.com/embed/JVKaCtg1Ssw" width="560" height="315" frameborder="0" allowfullscreen="allowfullscreen"></iframe><br />
<strong>* General John Kelly</strong><br />
Otro general con el puesto casi asegurado, en el <strong>Departamento de Seguridad Interna</strong>, en gran parte por su experiencia en Latinoamérica. Kelly ha fungido como enlace con el Congreso, y ha tenido puestos en <strong>Centro y Sudamérica</strong>, además de haber encabezado la base de <strong>Guantánamo</strong>. Es uno de los claros focos rojos para nuestro país, pues el general Kelly ha advertido en más de una ocasión el peligro que representan los <strong>cárteles mexicanos</strong>, a quienes equipara a los terroristas, para Estados Unidos. Sus ideas calzan perfecto con el <strong>discurso antinmigrante</strong> de Trump, y cuenta también con el apoyo de varios políticos demócratas, en especial por ser el militar con mayor rango en haber perdido un hijo en Afganistán. Aquí lo que dijo en su audiencia del Senado sobre la <strong>frontera con México</strong>:<br />
<iframe loading="lazy" src="https://www.youtube.com/embed/whfmGISryog" width="560" height="315" frameborder="0" allowfullscreen="allowfullscreen"></iframe><br />
<strong>* Nikki Haley</strong><br />
Fue la primera mujer (una de las pocas) en integrarse al gabinete de Trump. El anuncio de Nikki Haley como<strong> embajadora</strong> ante las <strong>Naciones Unidas</strong> fue sorpresivo, ya que la ex gobernadora de Carolina del Sur fue una de las republicanas que más combatió la candidatura de Trump. Haley no tiene experiencia diplomática (va a aprender al igual que <strong>Videgaray</strong>), pero el hecho de que sea hija de inmigrantes indios bastó para que Trump la enviara a ese club al que la gente sólo va a pasarla bien, como describió el presidente electo a la ONU.<br />
<iframe loading="lazy" class="giphy-embed" src="//giphy.com/embed/iBz2G6xmw72I8" width="480" height="253" frameborder="0" allowfullscreen="allowfullscreen"></iframe><br />
<strong>* Rick Perry</strong><br />
Irónicamente, el <strong>Departamento de Energía</strong> estará a cargo del ex gobernador de Texas, Rick Perry, quien hace un par de años, en un debate entre pre candidatos, olvidó que existía la dependencia y, cuando se acordó, dijo que debía ser reformada. Este episodio es el más relevante en la carrera de Perry, incluso lo ha colocado en los 15 epic fails en los debates estadounidenses. Tengamos esperanzas, tal vez esa facilidad para sobrevivir al ridículo lo hermane con<strong> Peña Nieto</strong> y algo de bueno nos deje en materia de energía.<br />
<iframe loading="lazy" src="https://www.youtube.com/embed/x3vYp4UMqiM" width="560" height="315" frameborder="0" allowfullscreen="allowfullscreen"></iframe><br />
<strong>* Scott Pruitt</strong><br />
Si Donald Trupm tiene un aliado en eso de desmentir el <strong>cambio climático</strong>, ese aliado se llama Scott Pruitt. Y ese simple hecho bastó para colocarlo como <strong>Administrador de la Agencia de Protección Ambiental</strong>. Al igual que Rick Perry, Pruitt también ha pugnado por la desaparición de la agencia que ahora encabezará, incluso al grado de demandarla en múltiples ocasiones. Se rumora que una de la prioridad de la nueva administración será desmantelar las acciones de Obama para frenar el <strong>calentamiento global</strong>. Y bueno, uno como quiera, pero quiere alguien por favor pensar en <strong>DiCaprio</strong>.<br />
<iframe loading="lazy" class="giphy-embed" src="//giphy.com/embed/O3JyUHiKqsviE" width="480" height="382" frameborder="0" allowfullscreen="allowfullscreen"></iframe><br />
<strong>* Wilbur Ross</strong><br />
¿Quién sería más indicado para encabezar el <strong>Departamento de Comercio</strong> que el autor de <em><strong>El arte del trato</strong></em>? Wilbur Ross es un conocido empresario experto en la recuperación de <strong>empresas manufactureras</strong>. Tiene experiencia en el ámbito textil, del acero, y minero. En este último, fue señalado como responsable de una explosión en una mina que causó la muerte de 12 trabajadores, pero eso es <em>pecata minuta</em>. Lo importante es que Ross ha acompañado a Trump en su crítica feroz a la <strong>política de comercio</strong> de Estados Unidos. Si el <strong>TLCAN</strong> se va a negociar, este es uno de los hombres a observar. Como detalle final, Wilbur Ross fue asesor de campaña de Trump, y de los primeros en declarar que Donald no estaba bromeando, así que ¡aguas!<br />
<iframe loading="lazy" src="https://www.youtube.com/embed/VKoLTNFJzZ8" width="560" height="315" frameborder="0" allowfullscreen="allowfullscreen"></iframe><br />
<strong>* Mike Pompeo</strong><br />
Y para cerrar con broche de oro, el nuevo<strong> director de la CIA</strong>: Mike Pompeo. El congresista de Kansas, católico hasta la médula, es también un conocido islamofóbico, intervencionista, xenófobo y promotor de la tortura, lo que parece, hay que decirlo, la descripción del cargo de director de la CIA. Lo que Pompeo agrega a esta receta es su idea de que la política exterior es un vehículo para la <strong>guerra santa</strong> del bien contra el mal. ¿Adivinen quién es el bien en esta ecuación? Cuando pensamos en todos los males que representa Trump estamos en realidad pensando en Mike Pompeo. Tan es así, que hasta los actuales dirigentes de la CIA lo ven como amenaza, y eso ya es decir mucho. La posición privilegiada de Pompeo, y la relativa facilidad con que fue ratificado en el cargo, lo colocan como el verdadero súper villano. Nosotros sólo decimos: ¡sálvanos, <strong>Peter Quin</strong>!<br />
<iframe loading="lazy" class="giphy-embed" src="//giphy.com/embed/YaeF5hdR9C5yM" width="480" height="268" frameborder="0" allowfullscreen="allowfullscreen"></iframe><br />
Así es, muchachos y muchachas, este es el <strong>escuadrón del mal</strong>. Antes de apanicarse, vale la pena recordar que ninguno de estos angelitos es nuevo en la política estadounidense, que no son los malos que llegan a invadir el poder, sino funcionarios que, al menos en casi todos los asuntos que tienen que ver con <strong>política internacional</strong>, llegan a continuar donde los supuestamente buenos lo dejaron. Lo que sí hay que pensar es que, tal vez lo único bueno de la toma de posesión de Trump es que el <strong>soundtrack</strong> de la semana sin duda es<br />
<iframe loading="lazy" src="https://www.youtube.com/embed/wbWOVfY-rxU" width="560" height="315" frameborder="0" allowfullscreen="allowfullscreen"></iframe></p>
