{"id":21454,"date":"2017-01-16T14:47:33","date_gmt":"2017-01-16T20:47:33","guid":{"rendered":"http:\/\/nofm-radio.com\/?p=21454"},"modified":"2017-01-16T14:47:33","modified_gmt":"2017-01-16T20:47:33","slug":"sorpresa-la-iglesia-catolica-dice-que-el-matrimonio-igualitario-es-discriminatorio","status":"publish","type":"archivo","link":"https:\/\/nofm-radio.com\/?archivo=sorpresa-la-iglesia-catolica-dice-que-el-matrimonio-igualitario-es-discriminatorio","title":{"rendered":"\u00a1Sorpresa! La Iglesia cat\u00f3lica dice que el matrimonio igualitario es discriminatorio"},"content":{"rendered":"<p>A finales de la semana pasada recibimos una de las pocas buenas noticias del a\u00f1o: la <strong>Asamblea Constituyente<\/strong> de la ahora <strong>CDMX<\/strong> aprob\u00f3, como parte de su <strong>Carta de Derechos<\/strong>, una serie de garant\u00edas fundamentales como el derecho de las mujeres a decidir, el <strong>matrimonio igualitario<\/strong>, la eutanasia. La ciudadan\u00eda, que hab\u00eda visto con terror que el<strong> PRI<\/strong> se apa\u00f1aba la mayor\u00eda en la <strong>Constituyente<\/strong>, recibi\u00f3 muy bien la noticia de que la capital conservaba derechos fundamentales. Aunque no toda la ciudadan\u00eda andaba de manteles largos: la <strong>Arquidi\u00f3cesis de M\u00e9xico<\/strong> puso el grito en el cielo. Y bueno, la verdad es que despu\u00e9s de las marchas &#8220;en favor de la familia&#8221; no esper\u00e1bamos que se quedaran muy quietos, pero la reacci\u00f3n a este anuncio de la Constituyente ha sido digna de los rudos, rudos, rud\u00edsimos.<br \/>\nEl d\u00eda de ayer en el<strong> Editorial<\/strong> de su \u00f3rgano difusor, el semanario <em><strong>Desde la fe<\/strong><\/em>, la Arquidi\u00f3cesis mostr\u00f3 que est\u00e1 decidida\u00a0a no dejarse vencer. En un virulento texto que no deja t\u00edtere con cabeza, pues empieza con una cr\u00edtica a la Constituyente que debiera ser la voz ciudadana y, seg\u00fan el \u00f3rgano cat\u00f3lico, es como &#8220;un drag\u00f3n de siete cabezas que devorar\u00e1 a los ciudadanos, toda vez que no se reconoce ni el sentido com\u00fan ni la raz\u00f3n.&#8221; Hasta ah\u00ed puede tener algo de raz\u00f3n el comunicado, sobre todo si consideramos que, al igual que el resto de los <strong>diputados<\/strong>, los constituyentes no se han caracterizado por su sentido com\u00fan, y a\u00fan ahora, a menos de un mes de que debe proclamarse la <strong>Carta magna<\/strong>, no est\u00e1n seguros de que puedan terminarla a tiempo. Sin embargo, s\u00f3lo es ese punto en el que la Arquidi\u00f3cesis tiene un poco de raz\u00f3n y coherencia.<br \/>\n<iframe loading=\"lazy\" width=\"560\" height=\"315\" src=\"https:\/\/www.youtube.com\/embed\/IdqoWryVljs\" frameborder=\"0\" allowfullscreen><\/iframe><br \/>\nEl resto del texto es un c\u00famulo de contradicciones en que la <strong>Arquidi\u00f3cesis<\/strong> defiende los derechos igualitarios, el amparo de la Constituci\u00f3n a cada uno de sus ciudadanos, y la democracia, mientras desde\u00f1a las garant\u00edas individuales como una &#8220;obsesi\u00f3n con trazas de malignidad que perjudica el sano desarrollo del cuerpo social&#8221;. En un tono muy similar al del nuevo director de la CIA, <strong>Mike Pompeo<\/strong>, la iglesia mexicana decide ver la pol\u00edtica como una guerra entre bien y mal, en que todo lo que no encaje con sus valores es mezquino, indigno e injusto.<br \/>\nSi las objeciones de la Arquidi\u00f3cesis fueran \u00fanicamente morales, estar\u00edan en su libre derecho de expresarlos. No obstante, su editorial entra de lleno en la cr\u00edtica partidista, justo en un <strong>a\u00f1o electoral<\/strong> clave y en el umbral de la <strong>carrera presidencial.<\/strong> La iglesia mexicana viola de nuevo la no intervenci\u00f3n en la vida pol\u00edtica del pa\u00eds al decir que &#8220;lo que crece al seno de la <strong>Asamblea Constituyente<\/strong> es r\u00e9mora, producto de renegados que hoy militan en nuevas corrientes mientras el barco del partido pol\u00edtico que les vio nacer hace agua y se hunde&#8221;, en referencia directa a la relaci\u00f3n entre <strong>Morena<\/strong> y <strong>PRD<\/strong>; y cerrar su texto con una clara llamada a efectuar el <strong>voto de castigo<\/strong>: &#8220;no hay duda que los miles de capitalinos que marcharon en septiembre para defender la familia, estar\u00e1n atentos al resultado del constituyente y sabr\u00e1n actuar en consecuencia, castigando en las urnas a una izquierda corrupta, decadente y depredadora de los valores morales y familiares.&#8221;<br \/>\nNo es la primera vez que las editoriales de <em><strong>Desde la fe<\/strong><\/em> se mete en la vida p\u00fablica nacional. De hecho cuesta creer que en un n\u00famero del semanario condenen los excesos de la <strong>clase pol\u00edtica<\/strong> y al siguiente califiquen los derechos de las minor\u00edas como actos discriminatorios a los cat\u00f3licos. De cualquier forma, lo que deja claro este mensaje es que la Iglesia mexicana ya est\u00e1 mostrando m\u00fasculo, y est\u00e1 abierta al mejor postor para entrarle a un juego electoral de por s\u00ed ya corrupto y enlodado.<br \/>\nPueden leer el texto \u00edntegro de la Arquidi\u00f3cesis, titulado Constituci\u00f3n Fallida,\u00a0<a href=\"http:\/\/www.siame.mx\/apps\/info\/p\/?a=15953&amp;z=32\" target=\"_blank\" rel=\"noopener noreferrer\">aqu\u00ed<\/a>.<\/p>\n","protected":false},"template":"","meta":{"_id_youtube":"","_id_vimeo":"","_podcasts_duration":"","_podcasts_url":"","_podcasts_show":"","_prog_horario_dias":"","_prog_hora":"","_prog_duration":""},"class_list":["post-21454","archivo","type-archivo","status-publish","hentry"],"_links":{"self":[{"href":"https:\/\/nofm-radio.com\/index.php?rest_route=\/wp\/v2\/archivo\/21454","targetHints":{"allow":["GET"]}}],"collection":[{"href":"https:\/\/nofm-radio.com\/index.php?rest_route=\/wp\/v2\/archivo"}],"about":[{"href":"https:\/\/nofm-radio.com\/index.php?rest_route=\/wp\/v2\/types\/archivo"}],"wp:attachment":[{"href":"https:\/\/nofm-radio.com\/index.php?rest_route=%2Fwp%2Fv2%2Fmedia&parent=21454"}],"curies":[{"name":"wp","href":"https:\/\/api.w.org\/{rel}","templated":true}]}}

¡Sorpresa! La Iglesia católica dice que el matrimonio igualitario es discriminatorio

<p>A finales de la semana pasada recibimos una de las pocas buenas noticias del año: la <strong>Asamblea Constituyente</strong> de la ahora <strong>CDMX</strong> aprobó, como parte de su <strong>Carta de Derechos</strong>, una serie de garantías fundamentales como el derecho de las mujeres a decidir, el <strong>matrimonio igualitario</strong>, la eutanasia. La ciudadanía, que había visto con terror que el<strong> PRI</strong> se apañaba la mayoría en la <strong>Constituyente</strong>, recibió muy bien la noticia de que la capital conservaba derechos fundamentales. Aunque no toda la ciudadanía andaba de manteles largos: la <strong>Arquidiócesis de México</strong> puso el grito en el cielo. Y bueno, la verdad es que después de las marchas &#8220;en favor de la familia&#8221; no esperábamos que se quedaran muy quietos, pero la reacción a este anuncio de la Constituyente ha sido digna de los rudos, rudos, rudísimos.<br />
El día de ayer en el<strong> Editorial</strong> de su órgano difusor, el semanario <em><strong>Desde la fe</strong></em>, la Arquidiócesis mostró que está decidida a no dejarse vencer. En un virulento texto que no deja títere con cabeza, pues empieza con una crítica a la Constituyente que debiera ser la voz ciudadana y, según el órgano católico, es como &#8220;un dragón de siete cabezas que devorará a los ciudadanos, toda vez que no se reconoce ni el sentido común ni la razón.&#8221; Hasta ahí puede tener algo de razón el comunicado, sobre todo si consideramos que, al igual que el resto de los <strong>diputados</strong>, los constituyentes no se han caracterizado por su sentido común, y aún ahora, a menos de un mes de que debe proclamarse la <strong>Carta magna</strong>, no están seguros de que puedan terminarla a tiempo. Sin embargo, sólo es ese punto en el que la Arquidiócesis tiene un poco de razón y coherencia.<br />
<iframe loading="lazy" width="560" height="315" src="https://www.youtube.com/embed/IdqoWryVljs" frameborder="0" allowfullscreen></iframe><br />
El resto del texto es un cúmulo de contradicciones en que la <strong>Arquidiócesis</strong> defiende los derechos igualitarios, el amparo de la Constitución a cada uno de sus ciudadanos, y la democracia, mientras desdeña las garantías individuales como una &#8220;obsesión con trazas de malignidad que perjudica el sano desarrollo del cuerpo social&#8221;. En un tono muy similar al del nuevo director de la CIA, <strong>Mike Pompeo</strong>, la iglesia mexicana decide ver la política como una guerra entre bien y mal, en que todo lo que no encaje con sus valores es mezquino, indigno e injusto.<br />
Si las objeciones de la Arquidiócesis fueran únicamente morales, estarían en su libre derecho de expresarlos. No obstante, su editorial entra de lleno en la crítica partidista, justo en un <strong>año electoral</strong> clave y en el umbral de la <strong>carrera presidencial.</strong> La iglesia mexicana viola de nuevo la no intervención en la vida política del país al decir que &#8220;lo que crece al seno de la <strong>Asamblea Constituyente</strong> es rémora, producto de renegados que hoy militan en nuevas corrientes mientras el barco del partido político que les vio nacer hace agua y se hunde&#8221;, en referencia directa a la relación entre <strong>Morena</strong> y <strong>PRD</strong>; y cerrar su texto con una clara llamada a efectuar el <strong>voto de castigo</strong>: &#8220;no hay duda que los miles de capitalinos que marcharon en septiembre para defender la familia, estarán atentos al resultado del constituyente y sabrán actuar en consecuencia, castigando en las urnas a una izquierda corrupta, decadente y depredadora de los valores morales y familiares.&#8221;<br />
No es la primera vez que las editoriales de <em><strong>Desde la fe</strong></em> se mete en la vida pública nacional. De hecho cuesta creer que en un número del semanario condenen los excesos de la <strong>clase política</strong> y al siguiente califiquen los derechos de las minorías como actos discriminatorios a los católicos. De cualquier forma, lo que deja claro este mensaje es que la Iglesia mexicana ya está mostrando músculo, y está abierta al mejor postor para entrarle a un juego electoral de por sí ya corrupto y enlodado.<br />
Pueden leer el texto íntegro de la Arquidiócesis, titulado Constitución Fallida, <a href="http://www.siame.mx/apps/info/p/?a=15953&amp;z=32" target="_blank" rel="noopener noreferrer">aquí</a>.</p>
