{"id":21781,"date":"2017-01-30T14:43:53","date_gmt":"2017-01-30T20:43:53","guid":{"rendered":"http:\/\/nofm-radio.com\/?p=21781"},"modified":"2017-01-30T14:43:53","modified_gmt":"2017-01-30T20:43:53","slug":"todossomosmexico-pero-mexiconoesepn-8-ideas-para-promover-la-unidad-nacional","status":"publish","type":"archivo","link":"https:\/\/nofm-radio.com\/?archivo=todossomosmexico-pero-mexiconoesepn-8-ideas-para-promover-la-unidad-nacional","title":{"rendered":"#TodosSomosM\u00e9xico pero #M\u00e9xicoNoEsEPN. 8 ideas para promover la unidad nacional"},"content":{"rendered":"<p>\u00a1<strong>Mexicanos<\/strong> del mundo, un\u00edos! Ese parece ser el clamor generalizado en nuestro pa\u00eds ante los irracionales embates del se\u00f1or <strong>Donald Trump<\/strong>. Desde nuestro maltrecho presidente hasta el se\u00f1or <strong>Slim<\/strong>, el arzobispo primate, digo primado, de M\u00e9xico; y el <strong>rector de la UNAM<\/strong> los llamados a la <strong>unidad nacional<\/strong> son desesperados. Y no es que no estemos de acuerdo, pero como siempre, para todo hay formas: unirnos como pa\u00eds, defender nuestra dignidad y nuestros derechos no es lo mismo que avalar cualquier tontera que decida hacer nuestro <strong>gobierno<\/strong>. Decimos esto, porque nos parece alevosa y efectista la manera en que <strong>Enrique Pe\u00f1a Nieto<\/strong> llam\u00f3 a la unidad con esto:<\/p>\n<blockquote class=\"twitter-tweet\" data-lang=\"es\">\n<p dir=\"ltr\" lang=\"und\"><a href=\"https:\/\/twitter.com\/hashtag\/TodosSomosM%C3%A9xico?src=hash\">#TodosSomosM\u00e9xico<\/a> <a href=\"https:\/\/twitter.com\/hashtag\/UnidosLogramosM%C3%A1s?src=hash\">#UnidosLogramosM\u00e1s<\/a> <a href=\"https:\/\/t.co\/rRS2Buxzcp\">pic.twitter.com\/rRS2Buxzcp<\/a><\/p>\n<p>\u2014 Presidencia M\u00e9xico (@PresidenciaMX) <a href=\"https:\/\/twitter.com\/PresidenciaMX\/status\/826080894406402048\">30 de enero de 2017<\/a><\/p><\/blockquote>\n<p><script src=\"\/\/platform.twitter.com\/widgets.js\" async=\"\" charset=\"utf-8\"><\/script>Y es que<strong> #TodosSomosM\u00e9xico<\/strong>, pero #M\u00e9xicoNoEsEPN. Adem\u00e1s, el hecho de que el PRI tenga secuestrados los colores nacionales hace que cualquier muestra de unidad en redes sociales usando la bandera, parece que con convertir\u00e1 en esto:<\/p>\n<blockquote class=\"twitter-tweet\" data-lang=\"es\"><p>\n<a class=\"no-eff img-link lightbox\" href=\"http:\/\/nofm-radio.com\/wp-content\/uploads\/2017\/01\/priienials.jpg\"><img loading=\"lazy\" decoding=\"async\" class=\"alignnone size-full wp-image-21789\" src=\"http:\/\/nofm-radio.com\/wp-content\/uploads\/2017\/01\/priienials.jpg\" alt=\"priienials\" width=\"700\" height=\"393\" \/><\/a>\n<\/p><\/blockquote>\n<p><script src=\"\/\/platform.twitter.com\/widgets.js\" async=\"\" charset=\"utf-8\"><\/script><br \/>\nEn fin, pensando en que es un momento en que de verdad necesitamos estar unidos, les dejamos 8 recomendaciones que de verdad representan la identidad nacional, nuestra patria, nuestra escencia, m\u00e1s all\u00e1 del PRI, EPN, su clase pol\u00edtica, etc\u00e9tera.<br \/>\n<strong>* El m\u00e1s triste recuerdo de Acapulco<\/strong><br \/>\n<iframe loading=\"lazy\" src=\"https:\/\/www.youtube.com\/embed\/RgKqxLAhRKE\" width=\"560\" height=\"315\" frameborder=\"0\" allowfullscreen=\"allowfullscreen\"><\/iframe><br \/>\n<strong>* El se\u00f1or es mi pastor<\/strong><br \/>\n<a class=\"no-eff img-link lightbox\" href=\"http:\/\/nofm-radio.com\/wp-content\/uploads\/2017\/01\/el-se\u00f1or-es-mi-pastor.jpg\"><img loading=\"lazy\" decoding=\"async\" class=\"alignnone size-full wp-image-21782\" src=\"http:\/\/nofm-radio.com\/wp-content\/uploads\/2017\/01\/el-se\u00f1or-es-mi-pastor.jpg\" alt=\"el-se\u00f1or-es-mi-pastor\" width=\"599\" height=\"363\" \/><\/a><br \/>\n<strong>* De la sierra morena&#8230;<\/strong><br \/>\n<iframe loading=\"lazy\" src=\"https:\/\/www.youtube.com\/embed\/6Z5KGue-fSU\" width=\"560\" height=\"315\" frameborder=\"0\" allowfullscreen=\"allowfullscreen\"><\/iframe><br \/>\n<strong>* El ma\u00edz que proviene del cielo<\/strong><br \/>\n<a class=\"no-eff img-link lightbox\" href=\"http:\/\/nofm-radio.com\/wp-content\/uploads\/2017\/01\/superluna.jpg\"><img loading=\"lazy\" decoding=\"async\" class=\"alignnone size-full wp-image-21783\" src=\"http:\/\/nofm-radio.com\/wp-content\/uploads\/2017\/01\/superluna.jpg\" alt=\"superluna\" width=\"1280\" height=\"949\" \/><\/a><br \/>\n<strong>* Para todo mal, mezcal, tequila, pox, bacanora, sotol&#8230;<\/strong><br \/>\n<a class=\"no-eff img-link lightbox\" href=\"http:\/\/nofm-radio.com\/wp-content\/uploads\/2017\/01\/elborracho.jpg\"><img loading=\"lazy\" decoding=\"async\" class=\"alignnone size-full wp-image-21785\" src=\"http:\/\/nofm-radio.com\/wp-content\/uploads\/2017\/01\/elborracho.jpg\" alt=\"elborracho\" width=\"628\" height=\"951\" \/><\/a><br \/>\n<strong>* Virgencita, plis<\/strong><br \/>\n<iframe loading=\"lazy\" class=\"giphy-embed\" src=\"\/\/giphy.com\/embed\/gaPk3cOrW19xC\" width=\"480\" height=\"581\" frameborder=\"0\" allowfullscreen=\"allowfullscreen\"><\/iframe><br \/>\n<strong>* La Trinidad del Mango<\/strong><br \/>\n<a class=\"no-eff img-link lightbox\" href=\"http:\/\/nofm-radio.com\/wp-content\/uploads\/2017\/01\/BOING.jpg\"><img loading=\"lazy\" decoding=\"async\" class=\"alignnone size-full wp-image-21784\" src=\"http:\/\/nofm-radio.com\/wp-content\/uploads\/2017\/01\/BOING.jpg\" alt=\"BOING\" width=\"600\" height=\"600\" \/><\/a><br \/>\n<strong>* Tambi\u00e9n de dolor se canta<\/strong><br \/>\n<a class=\"no-eff img-link lightbox\" href=\"http:\/\/nofm-radio.com\/wp-content\/uploads\/2017\/01\/NosDueles.jpg\"><img loading=\"lazy\" decoding=\"async\" class=\"alignnone size-full wp-image-21786\" src=\"http:\/\/nofm-radio.com\/wp-content\/uploads\/2017\/01\/NosDueles.jpg\" alt=\"NosDueles\" width=\"600\" height=\"450\" \/><\/a><br \/>\nAs\u00ed es, muchachos y muchachas, puede haber miles de im\u00e1genes que nos represneten, o ninguna. El hecho es que la unidad va mucho m\u00e1s all\u00e1 de nacionalismos. Cualquiera que sea la amnera en que materialicemos nuestra unidad nacional no deja de ser una abstracci\u00f3n de eso que reconocemos como propio. Lo que no debemos dejar de pensar es que quiz\u00e1 la unidad no significa uniformarnos, sino justo defender nuestro derecho a las diferencias.<\/p>\n","protected":false},"template":"","meta":{"_id_youtube":"","_id_vimeo":"","_podcasts_duration":"","_podcasts_url":"","_podcasts_show":"","_prog_horario_dias":"","_prog_hora":"","_prog_duration":""},"class_list":["post-21781","archivo","type-archivo","status-publish","hentry"],"_links":{"self":[{"href":"https:\/\/nofm-radio.com\/index.php?rest_route=\/wp\/v2\/archivo\/21781","targetHints":{"allow":["GET"]}}],"collection":[{"href":"https:\/\/nofm-radio.com\/index.php?rest_route=\/wp\/v2\/archivo"}],"about":[{"href":"https:\/\/nofm-radio.com\/index.php?rest_route=\/wp\/v2\/types\/archivo"}],"wp:attachment":[{"href":"https:\/\/nofm-radio.com\/index.php?rest_route=%2Fwp%2Fv2%2Fmedia&parent=21781"}],"curies":[{"name":"wp","href":"https:\/\/api.w.org\/{rel}","templated":true}]}}

#TodosSomosMéxico pero #MéxicoNoEsEPN. 8 ideas para promover la unidad nacional

<p>¡<strong>Mexicanos</strong> del mundo, uníos! Ese parece ser el clamor generalizado en nuestro país ante los irracionales embates del señor <strong>Donald Trump</strong>. Desde nuestro maltrecho presidente hasta el señor <strong>Slim</strong>, el arzobispo primate, digo primado, de México; y el <strong>rector de la UNAM</strong> los llamados a la <strong>unidad nacional</strong> son desesperados. Y no es que no estemos de acuerdo, pero como siempre, para todo hay formas: unirnos como país, defender nuestra dignidad y nuestros derechos no es lo mismo que avalar cualquier tontera que decida hacer nuestro <strong>gobierno</strong>. Decimos esto, porque nos parece alevosa y efectista la manera en que <strong>Enrique Peña Nieto</strong> llamó a la unidad con esto:</p>
<blockquote class="twitter-tweet" data-lang="es">
<p dir="ltr" lang="und"><a href="https://twitter.com/hashtag/TodosSomosM%C3%A9xico?src=hash">#TodosSomosMéxico</a> <a href="https://twitter.com/hashtag/UnidosLogramosM%C3%A1s?src=hash">#UnidosLogramosMás</a> <a href="https://t.co/rRS2Buxzcp">pic.twitter.com/rRS2Buxzcp</a></p>
<p>— Presidencia México (@PresidenciaMX) <a href="https://twitter.com/PresidenciaMX/status/826080894406402048">30 de enero de 2017</a></p></blockquote>
<p><script src="//platform.twitter.com/widgets.js" async="" charset="utf-8"></script>Y es que<strong> #TodosSomosMéxico</strong>, pero #MéxicoNoEsEPN. Además, el hecho de que el PRI tenga secuestrados los colores nacionales hace que cualquier muestra de unidad en redes sociales usando la bandera, parece que con convertirá en esto:</p>
<blockquote class="twitter-tweet" data-lang="es"><p>
<a class="no-eff img-link lightbox" href="http://nofm-radio.com/wp-content/uploads/2017/01/priienials.jpg"><img loading="lazy" decoding="async" class="alignnone size-full wp-image-21789" src="http://nofm-radio.com/wp-content/uploads/2017/01/priienials.jpg" alt="priienials" width="700" height="393" /></a>
</p></blockquote>
<p><script src="//platform.twitter.com/widgets.js" async="" charset="utf-8"></script><br />
En fin, pensando en que es un momento en que de verdad necesitamos estar unidos, les dejamos 8 recomendaciones que de verdad representan la identidad nacional, nuestra patria, nuestra escencia, más allá del PRI, EPN, su clase política, etcétera.<br />
<strong>* El más triste recuerdo de Acapulco</strong><br />
<iframe loading="lazy" src="https://www.youtube.com/embed/RgKqxLAhRKE" width="560" height="315" frameborder="0" allowfullscreen="allowfullscreen"></iframe><br />
<strong>* El señor es mi pastor</strong><br />
<a class="no-eff img-link lightbox" href="http://nofm-radio.com/wp-content/uploads/2017/01/el-señor-es-mi-pastor.jpg"><img loading="lazy" decoding="async" class="alignnone size-full wp-image-21782" src="http://nofm-radio.com/wp-content/uploads/2017/01/el-señor-es-mi-pastor.jpg" alt="el-señor-es-mi-pastor" width="599" height="363" /></a><br />
<strong>* De la sierra morena&#8230;</strong><br />
<iframe loading="lazy" src="https://www.youtube.com/embed/6Z5KGue-fSU" width="560" height="315" frameborder="0" allowfullscreen="allowfullscreen"></iframe><br />
<strong>* El maíz que proviene del cielo</strong><br />
<a class="no-eff img-link lightbox" href="http://nofm-radio.com/wp-content/uploads/2017/01/superluna.jpg"><img loading="lazy" decoding="async" class="alignnone size-full wp-image-21783" src="http://nofm-radio.com/wp-content/uploads/2017/01/superluna.jpg" alt="superluna" width="1280" height="949" /></a><br />
<strong>* Para todo mal, mezcal, tequila, pox, bacanora, sotol&#8230;</strong><br />
<a class="no-eff img-link lightbox" href="http://nofm-radio.com/wp-content/uploads/2017/01/elborracho.jpg"><img loading="lazy" decoding="async" class="alignnone size-full wp-image-21785" src="http://nofm-radio.com/wp-content/uploads/2017/01/elborracho.jpg" alt="elborracho" width="628" height="951" /></a><br />
<strong>* Virgencita, plis</strong><br />
<iframe loading="lazy" class="giphy-embed" src="//giphy.com/embed/gaPk3cOrW19xC" width="480" height="581" frameborder="0" allowfullscreen="allowfullscreen"></iframe><br />
<strong>* La Trinidad del Mango</strong><br />
<a class="no-eff img-link lightbox" href="http://nofm-radio.com/wp-content/uploads/2017/01/BOING.jpg"><img loading="lazy" decoding="async" class="alignnone size-full wp-image-21784" src="http://nofm-radio.com/wp-content/uploads/2017/01/BOING.jpg" alt="BOING" width="600" height="600" /></a><br />
<strong>* También de dolor se canta</strong><br />
<a class="no-eff img-link lightbox" href="http://nofm-radio.com/wp-content/uploads/2017/01/NosDueles.jpg"><img loading="lazy" decoding="async" class="alignnone size-full wp-image-21786" src="http://nofm-radio.com/wp-content/uploads/2017/01/NosDueles.jpg" alt="NosDueles" width="600" height="450" /></a><br />
Así es, muchachos y muchachas, puede haber miles de imágenes que nos represneten, o ninguna. El hecho es que la unidad va mucho más allá de nacionalismos. Cualquiera que sea la amnera en que materialicemos nuestra unidad nacional no deja de ser una abstracción de eso que reconocemos como propio. Lo que no debemos dejar de pensar es que quizá la unidad no significa uniformarnos, sino justo defender nuestro derecho a las diferencias.</p>
