{"id":21850,"date":"2017-02-02T10:30:22","date_gmt":"2017-02-02T16:30:22","guid":{"rendered":"http:\/\/nofm-radio.com\/?p=21850"},"modified":"2017-02-02T10:30:22","modified_gmt":"2017-02-02T16:30:22","slug":"diariopaulistano-cristales-de-la-tierra","status":"publish","type":"archivo","link":"https:\/\/nofm-radio.com\/?archivo=diariopaulistano-cristales-de-la-tierra","title":{"rendered":"#DiarioPaulistano. Cristales de la Tierra"},"content":{"rendered":"<p>por <strong>Alejandro Guerrero<\/strong><br \/>\n<a href=\"https:\/\/twitter.com\/elAleGuarrero\" target=\"_blank\" rel=\"noopener noreferrer\">@elAleGuarrero<\/a><br \/>\nDespertar temprano por la ma\u00f1ana en la <strong>finca de Uruana<\/strong> con los primeros rayos del sol. Beber el <strong>caf\u00e9 negro<\/strong> extra fuerte mientras comemos los \u00faltimos panes de queso a\u00fan calientes. Arreglar la maleta y desarmar la tienda para despedirnos de la familia. Ten\u00edamos por delante 45 minutos de terracer\u00eda, para despu\u00e9s pasar tres horas y media metidos en el g\u00e9lido \u00e1rtico inducido por el clima artificial de un lento cami\u00f3n. Llegamos a<strong> Brasilia<\/strong> una hora despu\u00e9s de lo acordado con un rayte que hab\u00edamos combinado por intern\u00e9\u2026 obviamente ya se hab\u00eda ido por lo que tuvimos que comprar los pasajes m\u00e1s pr\u00f3ximos para <strong>Alto Para\u00edso, Goi\u00e1s<\/strong>. Comimos lo que pudimos mientras surfe\u00e1bamos sobre el caudaloso r\u00edo de gente que intentaba, como nosotros, abordar su <strong>autob\u00fas<\/strong> para alguno de los muchos destinos del interior del Brasil. Entramos as\u00ed en un bus m\u00e1s c\u00f3modo, de esos cuyos asientos se hacen casi camita y parecen estar dise\u00f1ados para largas traves\u00edas. Recorrimos los 242km que separan a la capital brasile\u00f1a de la antesala a la<strong> Chapada dos Veadeiros<\/strong>, llegando a la media noche a una desierta terminal donde apenas se encontraban cinco\u00a0personas quienes nos ayudaron a llamar un taxi para recorrer los \u00faltimos 31 km y as\u00ed llegar a nuestro destino final.<br \/>\n<br \/>\n<strong>S\u00e3o Jorge<\/strong> es una peque\u00f1a villa que me recuerda una mezcla entre <strong>Mazunte<\/strong> y <strong>Tepoztl\u00e1n<\/strong>. Pocas calles, varios negocios dedicados a los turistas: spas, masajes, terapias de herbolaria, yoga, una tienda de juguetes musicales y dem\u00e1s ondas alternativas lo dotan de cierto aire hippie. Banda viajera va y viene, mucha juventud en prendas coloridas buscando contacto con la naturaleza, me hace pensar en esos viejos outsiders quienes recorr\u00edan la Am\u00e9rica en su gran extensi\u00f3n, tan s\u00f3lo soltando su pulgar hacia la carretera, esperando el siguiente rayte que los llevara m\u00e1s cerca de s\u00ed mismos.<br \/>\nPasamos los siguientes diez d\u00edas recorriendo los diferentes r\u00edos y cascadas que componen el <strong>Parque Nacional de la Chapada dos Veadeiros<\/strong>, una \u00e1rea natural protegida en donde abundan m\u00faltiples especies de flora y fauna particulares de lo que llaman el <strong>Cerrado Brasileiro<\/strong>. Se conoce como Chapada a una monta\u00f1a, elevaci\u00f3n del terreno, meseta o altiplano que ha sido truncada por la erosi\u00f3n,\u2026 un para\u00edso para bi\u00f3logos y amantes del verde en general, cuya apariencia me hace pensar en algunos lugares de M\u00e9xico, como el desierto de <strong>Wirikuta<\/strong> y la huasteca potosina, cada uno a su manera. Lo cautivante en este caso es que existe una enorme capa de cuarzo en el subsuelo, por lo que es com\u00fan encontrar en sus diversos caminos, varias formas y colores de estos cristales. Se dicen muchas cosas acerca de la Chapada dos Veadeiros: que si comparte el mismo paralelo que <strong>Machu Picchu<\/strong>, que seg\u00fan la NASA es uno de los lugares de la tierra que presenta mayor luminosidad cuando se aprecia desde el espacio, que la abundancia de los cristales atrae a seres de otros planetas que viajan por las galaxias hasta la Tierra, con la intenci\u00f3n de obtener energ\u00eda a partir de ellos; que se necesita pasar como cinco a\u00f1os para comenzar a experimentar el verdadero potencial de la Chapada\u2026 en fin, todo es verdad, es un lugar m\u00e1gico.<br \/>\n<br \/>\nExisten muchos personajes malucos en S\u00e3o Jorge pero sin dudas, uno de los m\u00e1s enigm\u00e1ticos es <strong>Moacir Soares Farias<\/strong>, un pintor autodidacta quien sobresale por la fuerza de su obra, llena de alusiones al diablo y diversos demonios, fantas\u00edas sexuales, visiones metam\u00f3rficas que fusionan animales con personas y referencias a la Biblia que pueden llegar a escandalizar a los m\u00e1s puritanos. Con colores b\u00e1sicos y luminosos, Moacir plasma su frondoso mundo interior en los muros de la villa y de su casa. En 2006 el cineasta <strong>Walter Carvalho<\/strong> produjo un documental llamado: <em><strong>Moacir &#8211; Arte Bruta<\/strong><\/em>, en el cual la familia y algunos pobladores de S\u00e3o Jorge dan una serie de testimonios que intentan explicar de d\u00f3nde viene el arte de Moacir. Carvalho afirma que &#8221; a\u00fan con su psique alterada \u00e9l es un artista que supo incribirse\u00a0en el contexto de la modernidad &#8220;\u2026 como sea su obra es impactante por su sencillez y profundidad expresiva. Vale el goce le echen un ojo al documental, si es que quieren saber m\u00e1s:<br \/>\n<iframe loading=\"lazy\" src=\"https:\/\/www.youtube.com\/embed\/SxCZJFzoFS4\" width=\"560\" height=\"315\" frameborder=\"0\" allowfullscreen=\"allowfullscreen\"><\/iframe><br \/>\nAs\u00ed pasamos los primeros d\u00edas de este 2017, caminando bajo el abrasante sol, moj\u00e1ndonos y sec\u00e1ndonos en sus frescas aguas y calientes rocas, brincando por piedras de todos tama\u00f1os sin pensar mucho en el siguiente paso, apenas d\u00e1ndolo; fluyendo entre pe\u00f1ascos, desnudos en los r\u00edos, atravesando los desiertos que guardan secretos del mar, comiendo a\u00e7a\u00ed (fruto s\u00faper nutritivo que viene de una palma) y gergeliko (botana hecha a base de ajonjol\u00ed), viajando en fortuitos \u00e1cidos que la vida nos regal\u00f3, disfrutando atardeceres viajando en sus colores, observando el firmamento acostados a mitad de la carretera, borrachos de estrellas despertamos sin resaca para tomar el camino de vuelta a <strong>Babilonia<\/strong>, haciendo antes una parada en el lanchonete Portugal: un reducto de camioneros donde com\u00ed la mejor <strong>coixinha del Brasil<\/strong>, barata, delgadita y bien rellena de pollo; con un chingo de picante, nom\u00e1s pa&#8217; acordarme de mi patria y las crudas matonas que me he curado con el bendito chile que Jah nos dio.<br \/>\nEmpieza 2017 y esta aventura sigue, ahora de vuelta a la ciudad, con renovados br\u00edos y motivaci\u00f3n para crear.<br \/>\n<\/p>\n","protected":false},"template":"","meta":{"_id_youtube":"","_id_vimeo":"","_podcasts_duration":"","_podcasts_url":"","_podcasts_show":"","_prog_horario_dias":"","_prog_hora":"","_prog_duration":""},"class_list":["post-21850","archivo","type-archivo","status-publish","hentry"],"_links":{"self":[{"href":"https:\/\/nofm-radio.com\/index.php?rest_route=\/wp\/v2\/archivo\/21850","targetHints":{"allow":["GET"]}}],"collection":[{"href":"https:\/\/nofm-radio.com\/index.php?rest_route=\/wp\/v2\/archivo"}],"about":[{"href":"https:\/\/nofm-radio.com\/index.php?rest_route=\/wp\/v2\/types\/archivo"}],"wp:attachment":[{"href":"https:\/\/nofm-radio.com\/index.php?rest_route=%2Fwp%2Fv2%2Fmedia&parent=21850"}],"curies":[{"name":"wp","href":"https:\/\/api.w.org\/{rel}","templated":true}]}}

<p>por <strong>Alejandro Guerrero</strong><br />
<a href="https://twitter.com/elAleGuarrero" target="_blank" rel="noopener noreferrer">@elAleGuarrero</a><br />
Despertar temprano por la mañana en la <strong>finca de Uruana</strong> con los primeros rayos del sol. Beber el <strong>café negro</strong> extra fuerte mientras comemos los últimos panes de queso aún calientes. Arreglar la maleta y desarmar la tienda para despedirnos de la familia. Teníamos por delante 45 minutos de terracería, para después pasar tres horas y media metidos en el gélido ártico inducido por el clima artificial de un lento camión. Llegamos a<strong> Brasilia</strong> una hora después de lo acordado con un rayte que habíamos combinado por interné… obviamente ya se había ido por lo que tuvimos que comprar los pasajes más próximos para <strong>Alto Paraíso, Goiás</strong>. Comimos lo que pudimos mientras surfeábamos sobre el caudaloso río de gente que intentaba, como nosotros, abordar su <strong>autobús</strong> para alguno de los muchos destinos del interior del Brasil. Entramos así en un bus más cómodo, de esos cuyos asientos se hacen casi camita y parecen estar diseñados para largas travesías. Recorrimos los 242km que separan a la capital brasileña de la antesala a la<strong> Chapada dos Veadeiros</strong>, llegando a la media noche a una desierta terminal donde apenas se encontraban cinco personas quienes nos ayudaron a llamar un taxi para recorrer los últimos 31 km y así llegar a nuestro destino final.<br />
<br />
<strong>São Jorge</strong> es una pequeña villa que me recuerda una mezcla entre <strong>Mazunte</strong> y <strong>Tepoztlán</strong>. Pocas calles, varios negocios dedicados a los turistas: spas, masajes, terapias de herbolaria, yoga, una tienda de juguetes musicales y demás ondas alternativas lo dotan de cierto aire hippie. Banda viajera va y viene, mucha juventud en prendas coloridas buscando contacto con la naturaleza, me hace pensar en esos viejos outsiders quienes recorrían la América en su gran extensión, tan sólo soltando su pulgar hacia la carretera, esperando el siguiente rayte que los llevara más cerca de sí mismos.<br />
Pasamos los siguientes diez días recorriendo los diferentes ríos y cascadas que componen el <strong>Parque Nacional de la Chapada dos Veadeiros</strong>, una área natural protegida en donde abundan múltiples especies de flora y fauna particulares de lo que llaman el <strong>Cerrado Brasileiro</strong>. Se conoce como Chapada a una montaña, elevación del terreno, meseta o altiplano que ha sido truncada por la erosión,… un paraíso para biólogos y amantes del verde en general, cuya apariencia me hace pensar en algunos lugares de México, como el desierto de <strong>Wirikuta</strong> y la huasteca potosina, cada uno a su manera. Lo cautivante en este caso es que existe una enorme capa de cuarzo en el subsuelo, por lo que es común encontrar en sus diversos caminos, varias formas y colores de estos cristales. Se dicen muchas cosas acerca de la Chapada dos Veadeiros: que si comparte el mismo paralelo que <strong>Machu Picchu</strong>, que según la NASA es uno de los lugares de la tierra que presenta mayor luminosidad cuando se aprecia desde el espacio, que la abundancia de los cristales atrae a seres de otros planetas que viajan por las galaxias hasta la Tierra, con la intención de obtener energía a partir de ellos; que se necesita pasar como cinco años para comenzar a experimentar el verdadero potencial de la Chapada… en fin, todo es verdad, es un lugar mágico.<br />
<br />
Existen muchos personajes malucos en São Jorge pero sin dudas, uno de los más enigmáticos es <strong>Moacir Soares Farias</strong>, un pintor autodidacta quien sobresale por la fuerza de su obra, llena de alusiones al diablo y diversos demonios, fantasías sexuales, visiones metamórficas que fusionan animales con personas y referencias a la Biblia que pueden llegar a escandalizar a los más puritanos. Con colores básicos y luminosos, Moacir plasma su frondoso mundo interior en los muros de la villa y de su casa. En 2006 el cineasta <strong>Walter Carvalho</strong> produjo un documental llamado: <em><strong>Moacir &#8211; Arte Bruta</strong></em>, en el cual la familia y algunos pobladores de São Jorge dan una serie de testimonios que intentan explicar de dónde viene el arte de Moacir. Carvalho afirma que &#8221; aún con su psique alterada él es un artista que supo incribirse en el contexto de la modernidad &#8220;… como sea su obra es impactante por su sencillez y profundidad expresiva. Vale el goce le echen un ojo al documental, si es que quieren saber más:<br />
<iframe loading="lazy" src="https://www.youtube.com/embed/SxCZJFzoFS4" width="560" height="315" frameborder="0" allowfullscreen="allowfullscreen"></iframe><br />
Así pasamos los primeros días de este 2017, caminando bajo el abrasante sol, mojándonos y secándonos en sus frescas aguas y calientes rocas, brincando por piedras de todos tamaños sin pensar mucho en el siguiente paso, apenas dándolo; fluyendo entre peñascos, desnudos en los ríos, atravesando los desiertos que guardan secretos del mar, comiendo açaí (fruto súper nutritivo que viene de una palma) y gergeliko (botana hecha a base de ajonjolí), viajando en fortuitos ácidos que la vida nos regaló, disfrutando atardeceres viajando en sus colores, observando el firmamento acostados a mitad de la carretera, borrachos de estrellas despertamos sin resaca para tomar el camino de vuelta a <strong>Babilonia</strong>, haciendo antes una parada en el lanchonete Portugal: un reducto de camioneros donde comí la mejor <strong>coixinha del Brasil</strong>, barata, delgadita y bien rellena de pollo; con un chingo de picante, nomás pa&#8217; acordarme de mi patria y las crudas matonas que me he curado con el bendito chile que Jah nos dio.<br />
Empieza 2017 y esta aventura sigue, ahora de vuelta a la ciudad, con renovados bríos y motivación para crear.<br />
</p>
