{"id":21889,"date":"2017-02-03T19:50:26","date_gmt":"2017-02-04T01:50:26","guid":{"rendered":"http:\/\/nofm-radio.com\/?p=21889"},"modified":"2017-02-03T19:50:26","modified_gmt":"2017-02-04T01:50:26","slug":"drakkar-xi-cosmologia","status":"publish","type":"archivo","link":"https:\/\/nofm-radio.com\/?archivo=drakkar-xi-cosmologia","title":{"rendered":"Drakkar XI: Cosmolog\u00eda"},"content":{"rendered":"<p class=\"ProfileHeaderCard-screenname u-inlineBlock u-dir\" dir=\"ltr\"><span style=\"font-weight: 400;\">por <strong>Vikingo Morales <\/strong><\/span><a class=\"ProfileHeaderCard-screennameLink u-linkComplex js-nav\" href=\"https:\/\/twitter.com\/vikingomorales\">@<span class=\"u-linkComplex-target\">vikingomorales<\/span><\/a><span style=\"font-weight: 400;\"> y <strong>Diego Vidal-Cruzprieto <\/strong><\/span><a class=\"ProfileHeaderCard-screennameLink u-linkComplex js-nav\" href=\"https:\/\/twitter.com\/vidaleando\">@<span class=\"u-linkComplex-target\">vidaleando<\/span><\/a><\/p>\n<p><em><span style=\"font-weight: 400;\"><strong>Drakkar<\/strong>: una embarcaci\u00f3n de casco trincado que data del per\u00edodo comprendido entre los a\u00f1os 700 y 1000. Fue utilizada por los escandinavos, sajones y vikingos. <\/span><\/em><br \/>\n<em><span style=\"font-weight: 400;\">En <strong>NoFM <\/strong>el <strong>Drakkar <\/strong>se transforma en un nav\u00edo s\u00f3nico que semanalmente zarpar\u00e1 para contar una historia a trav\u00e9s de m\u00fasica seleccionada a manera de relieve y la tripulaci\u00f3n trazar\u00e1 la cartograf\u00eda del mar<\/span><\/em>.<br \/>\nLa <em><strong>creaci\u00f3n<\/strong><\/em> misma &#8211;<em>El Ginnungagap<\/em>&#8211; no necesita una introducci\u00f3n. Somos testigos de un traslape en lo que algunos llaman <em><strong>ciencia<\/strong><\/em> y otros llaman <em><strong>magia<\/strong><\/em>; el plasma primigenio proveniente de la carne de <em>Ymir<\/em> est\u00e1 constituido por part\u00edculas que nuestro entendimiento es incapaz de procesar. La materia y el telar donde se manifiesta surgen de una inc\u00f3gnita que jam\u00e1s ser\u00e1 contestada, durante este momento crecen como gemelos \u00e1vidos de realidad.<br \/>\nEl \u00fanico modo de comprender al infinito es a trav\u00e9s de la nada, es por ello que la f\u00e1brica de la realidad surgi\u00f3 de un punto.<br \/>\n<iframe loading=\"lazy\" src=\"https:\/\/www.youtube.com\/embed\/qE9Dz0pl5mk\" width=\"560\" height=\"315\" frameborder=\"0\" allowfullscreen=\"allowfullscreen\"><\/iframe><br \/>\nLa <em><strong>explosi\u00f3n<\/strong><\/em> empieza a coagularse. Deviene en una nube de abejas enjauladas, no tienen salida y chocan entre ellas. El prisionero <em><strong>estelar<\/strong><\/em> es el aniquilador de secretos: la<em><strong> luz<\/strong><\/em>. \u00c9sta se encuentra enfrascada por su incesante inquietud por no permanecer inm\u00f3vil y su necesidad por escapar de su prisi\u00f3n. Finalmente, la <em><strong>temperatura<\/strong><\/em> comienza a descender brindando claridad al <em>Yggdrasil<\/em> liberando a la ninfa del alba. Ella naci\u00f3 de un hurac\u00e1n de fuego cruzado y trae un<em><strong> mensaje<\/strong><\/em>: la gran era de oscuridad ha terminado.<br \/>\n<iframe loading=\"lazy\" src=\"https:\/\/www.youtube.com\/embed\/CbVSFVOJnLU\" width=\"560\" height=\"315\" frameborder=\"0\" allowfullscreen=\"allowfullscreen\"><\/iframe><br \/>\nEl <em><strong>enjambre<\/strong><\/em> se ha organizado y el momento de construir su <em><strong>colmena<\/strong><\/em> ha llegado. El gran <em><strong>\u00e1rbol<\/strong><\/em> c\u00f3smico empieza a tender ra\u00edces, las cuales est\u00e1n profundamente cimentadas en la f\u00e1brica de la <em><strong>realidad<\/strong><\/em> a trav\u00e9s de los elementos. El enorme herrero <em>Ilmarinen<\/em> forja los bloques de existencia que han de erigir el templo de nuestros legados: los <em><strong>elementos<\/strong><\/em>; valerosos guerreros que han de cuidar los cuatro puntos cardinales del <em><strong>cosmos<\/strong><\/em>.<br \/>\n<iframe loading=\"lazy\" src=\"https:\/\/www.youtube.com\/embed\/qG-Ih8QBw2A\" width=\"560\" height=\"315\" frameborder=\"0\" allowfullscreen=\"allowfullscreen\"><\/iframe><br \/>\nEste violento nacimiento se consuma y empieza a cicatrizar en cuerpos celestes. Las <em><strong>nebulosas<\/strong><\/em> pertenecen a los dominios de <em>Freija<\/em>, la vigorosa madre que con orgullo ha de formar a sus valerosas <em>Valkyrias<\/em>: las estrellas. Entre ell\u00e1s tendr\u00e1 ha lugar un concilio en el cual se reunir\u00e1n en torno a un <em><strong>hoyo negro<\/strong><\/em> supermasivo para congregarse en una <em><strong>galaxia<\/strong><\/em>, el m\u00edtico batall\u00f3n celestial.<br \/>\n<iframe loading=\"lazy\" src=\"https:\/\/www.youtube.com\/embed\/X3W7ch0oLeA\" width=\"560\" height=\"315\" frameborder=\"0\" allowfullscreen=\"allowfullscreen\"><\/iframe><br \/>\nEra claro que<em> Thor<\/em> iba a reclamar su lugar en el congreso <em><strong>c\u00f3smico<\/strong><\/em>; se manifiesta como un <em><strong>pulsar<\/strong><\/em>, el d\u00ednamo sideral cuyas fauces devoran<em><strong> estrellas<\/strong><\/em> y su aliento expulsa truenos. Cada golpe del <em>Mj\u00f6lnir<\/em> libera una luz cegadora, es el faro de <em>Asgard<\/em> que llama a los valerosos al <em>Valhalla<\/em>.<br \/>\n<iframe loading=\"lazy\" src=\"https:\/\/www.youtube.com\/embed\/iy5BmgWKMcE\" width=\"560\" height=\"315\" frameborder=\"0\" allowfullscreen=\"allowfullscreen\"><\/iframe><br \/>\nLos antiguos son los que m\u00e1s tienen tiempo en este<em><strong> universo<\/strong><\/em>, su edad les da el gran talento de saber como devorarlo. Un v\u00f3rtice que se come a s\u00ed mismo destruyendo as\u00ed, cualquier tipo de ilusi\u00f3n; el mensaje es un\u00edvoco, si \u00e9l habr\u00e1 de partir, todos lo har\u00e1n con \u00e9l. Sin embargo, siempre existe ese rayo de esperanza que nos transporta de un plano a otro. Algunos le llaman el<em> Bifrost<\/em> y su estela habr\u00e1 de brillar como nunca en esta espiral de fuego.<br \/>\n<iframe loading=\"lazy\" src=\"https:\/\/www.youtube.com\/embed\/kAjHuKWh0so\" width=\"560\" height=\"315\" frameborder=\"0\" allowfullscreen=\"allowfullscreen\"><\/iframe><br \/>\nYo soy la flama infernal y justamente eso es lo que les brindo: fuego. Traigan al toro, al f\u00e9nix y la mant\u00edcora; yo lo he de consumir todo pues mi testamento es la obliteraci\u00f3n. Soy un cad\u00e1ver prodigioso, soy la \u00fanica prueba de la existencia divina.<br \/>\nMi llama ser\u00e1 observada en los lugares m\u00e1s rec\u00f3nditos del<em><strong> firmamento<\/strong><\/em>, es as\u00ed como consumir\u00e9 todo lo que se encuentre a mi paso, mi<em><strong> combusti\u00f3n<\/strong><\/em> dejar\u00e1 una marca que jam\u00e1s podr\u00e1 ser borrada.<br \/>\n<iframe loading=\"lazy\" src=\"https:\/\/www.youtube.com\/embed\/mS8LvHT_zcQ\" width=\"560\" height=\"315\" frameborder=\"0\" allowfullscreen=\"allowfullscreen\"><\/iframe><br \/>\nM\u00e1s all\u00e1 del horizonte m\u00edstico, nada escapa, ni siquiera la <strong><em>luz<\/em><\/strong>; nos rendimos ante la voluntad del vac\u00edo, en cuyo centro se encuentra un secreto m\u00e1s fundamental que las runas: la <strong><em>singularidad<\/em><\/strong>. La br\u00fajula de nuestra nave enloquece, no podemos distinguir si gira en el <em><strong>tiempo<\/strong><\/em> o si rota en el <em><strong>espacio<\/strong><\/em>; la gargant\u00faa no se doblegar\u00e1 ante nadie, pero encontrar\u00e1 su fin evapor\u00e1ndose en un eco que sacudir\u00e1 el<em><strong> cosmos<\/strong><\/em>.<br \/>\n<iframe loading=\"lazy\" src=\"https:\/\/www.youtube.com\/embed\/_xFc86tzFG4\" width=\"560\" height=\"315\" frameborder=\"0\" allowfullscreen=\"allowfullscreen\"><\/iframe><br \/>\nLa<strong><em> vida<\/em><\/strong> se vierte como una cascada en un llanto rojo, el funeral se vuelve un nacimiento de entes sin vida arrojados a este <em><strong>mundo<\/strong><\/em> en una punzante explosi\u00f3n blanca. Pareciera que el <em>Ginnungagap<\/em> fuera clonado en una versi\u00f3n sintetizada. \u00bfEs as\u00ed c\u00f3mo <em>Ymir<\/em> nos recuerda el d\u00eda en que dej\u00f3 de existir? \u00bfAcaso hemos de pagar la <em><strong>vida<\/strong><\/em> de nuestros ancestros sin siquiera haber vivido la nuestra?<br \/>\nEn \u00e9ste nuevo <em><strong>mundo<\/strong><\/em>, el nuestro, los espectros toman la batuta y danzan en contra del <em><strong>tiempo<\/strong><\/em>.<br \/>\n<iframe loading=\"lazy\" src=\"https:\/\/www.youtube.com\/embed\/v7XtYDKWggA?list=PLwZQ6XqD1w5szI5KRtGAfkpMgAWtyLc4Z\" width=\"560\" height=\"315\" frameborder=\"0\" allowfullscreen=\"allowfullscreen\"><\/iframe><br \/>\nEl material<em><strong> gal\u00e1ctico<\/strong><\/em> que se ha esparcido empieza a interactuar, reacciones que generan una chispa sin igual, una chispa que no necesariamente brilla. Un coraz\u00f3n empieza a latir, la sangre circula por las venas, nuestros ojos se abren poco a poco descubriendo as\u00ed, una verdad que no podemos razonar. Ha comenzado nuestra <em><strong>existencia<\/strong><\/em>.<br \/>\nNo sabemos cual ser\u00e1 el porvenir de nuestro <em><strong>cosmos<\/strong><\/em>. Algunos dicen que habr\u00e1 de comprimirse en un punto, siendo una mir\u00edada de su origen. Otros opinan que dejar\u00e1 de crecer para estancarse en una eterna obviedad. Tambi\u00e9n est\u00e1n los que sostienen que crecer\u00e1 indefinidamente; a su vez, habemos algunos cuantos que opinamos que el universo perder\u00e1 la noci\u00f3n del <em><strong>tiempo<\/strong><\/em>, no teniendo m\u00e1s remedio que parir otro a modo de eco. Un <em><strong>universo<\/strong><\/em> con menos fuerza, pero con un futuro m\u00e1s concreto.<br \/>\n<iframe loading=\"lazy\" src=\"https:\/\/www.youtube.com\/embed\/dRcHTdWY5lU\" width=\"560\" height=\"315\" frameborder=\"0\" allowfullscreen=\"allowfullscreen\"><\/iframe><\/p>\n","protected":false},"template":"","meta":{"_id_youtube":"","_id_vimeo":"","_podcasts_duration":"","_podcasts_url":"","_podcasts_show":"","_prog_horario_dias":"","_prog_hora":"","_prog_duration":""},"class_list":["post-21889","archivo","type-archivo","status-publish","hentry"],"_links":{"self":[{"href":"https:\/\/nofm-radio.com\/index.php?rest_route=\/wp\/v2\/archivo\/21889","targetHints":{"allow":["GET"]}}],"collection":[{"href":"https:\/\/nofm-radio.com\/index.php?rest_route=\/wp\/v2\/archivo"}],"about":[{"href":"https:\/\/nofm-radio.com\/index.php?rest_route=\/wp\/v2\/types\/archivo"}],"wp:attachment":[{"href":"https:\/\/nofm-radio.com\/index.php?rest_route=%2Fwp%2Fv2%2Fmedia&parent=21889"}],"curies":[{"name":"wp","href":"https:\/\/api.w.org\/{rel}","templated":true}]}}

Drakkar XI: Cosmología

<p class="ProfileHeaderCard-screenname u-inlineBlock u-dir" dir="ltr"><span style="font-weight: 400;">por <strong>Vikingo Morales </strong></span><a class="ProfileHeaderCard-screennameLink u-linkComplex js-nav" href="https://twitter.com/vikingomorales">@<span class="u-linkComplex-target">vikingomorales</span></a><span style="font-weight: 400;"> y <strong>Diego Vidal-Cruzprieto </strong></span><a class="ProfileHeaderCard-screennameLink u-linkComplex js-nav" href="https://twitter.com/vidaleando">@<span class="u-linkComplex-target">vidaleando</span></a></p>
<p><em><span style="font-weight: 400;"><strong>Drakkar</strong>: una embarcación de casco trincado que data del período comprendido entre los años 700 y 1000. Fue utilizada por los escandinavos, sajones y vikingos. </span></em><br />
<em><span style="font-weight: 400;">En <strong>NoFM </strong>el <strong>Drakkar </strong>se transforma en un navío sónico que semanalmente zarpará para contar una historia a través de música seleccionada a manera de relieve y la tripulación trazará la cartografía del mar</span></em>.<br />
La <em><strong>creación</strong></em> misma &#8211;<em>El Ginnungagap</em>&#8211; no necesita una introducción. Somos testigos de un traslape en lo que algunos llaman <em><strong>ciencia</strong></em> y otros llaman <em><strong>magia</strong></em>; el plasma primigenio proveniente de la carne de <em>Ymir</em> está constituido por partículas que nuestro entendimiento es incapaz de procesar. La materia y el telar donde se manifiesta surgen de una incógnita que jamás será contestada, durante este momento crecen como gemelos ávidos de realidad.<br />
El único modo de comprender al infinito es a través de la nada, es por ello que la fábrica de la realidad surgió de un punto.<br />
<iframe loading="lazy" src="https://www.youtube.com/embed/qE9Dz0pl5mk" width="560" height="315" frameborder="0" allowfullscreen="allowfullscreen"></iframe><br />
La <em><strong>explosión</strong></em> empieza a coagularse. Deviene en una nube de abejas enjauladas, no tienen salida y chocan entre ellas. El prisionero <em><strong>estelar</strong></em> es el aniquilador de secretos: la<em><strong> luz</strong></em>. Ésta se encuentra enfrascada por su incesante inquietud por no permanecer inmóvil y su necesidad por escapar de su prisión. Finalmente, la <em><strong>temperatura</strong></em> comienza a descender brindando claridad al <em>Yggdrasil</em> liberando a la ninfa del alba. Ella nació de un huracán de fuego cruzado y trae un<em><strong> mensaje</strong></em>: la gran era de oscuridad ha terminado.<br />
<iframe loading="lazy" src="https://www.youtube.com/embed/CbVSFVOJnLU" width="560" height="315" frameborder="0" allowfullscreen="allowfullscreen"></iframe><br />
El <em><strong>enjambre</strong></em> se ha organizado y el momento de construir su <em><strong>colmena</strong></em> ha llegado. El gran <em><strong>árbol</strong></em> cósmico empieza a tender raíces, las cuales están profundamente cimentadas en la fábrica de la <em><strong>realidad</strong></em> a través de los elementos. El enorme herrero <em>Ilmarinen</em> forja los bloques de existencia que han de erigir el templo de nuestros legados: los <em><strong>elementos</strong></em>; valerosos guerreros que han de cuidar los cuatro puntos cardinales del <em><strong>cosmos</strong></em>.<br />
<iframe loading="lazy" src="https://www.youtube.com/embed/qG-Ih8QBw2A" width="560" height="315" frameborder="0" allowfullscreen="allowfullscreen"></iframe><br />
Este violento nacimiento se consuma y empieza a cicatrizar en cuerpos celestes. Las <em><strong>nebulosas</strong></em> pertenecen a los dominios de <em>Freija</em>, la vigorosa madre que con orgullo ha de formar a sus valerosas <em>Valkyrias</em>: las estrellas. Entre ellás tendrá ha lugar un concilio en el cual se reunirán en torno a un <em><strong>hoyo negro</strong></em> supermasivo para congregarse en una <em><strong>galaxia</strong></em>, el mítico batallón celestial.<br />
<iframe loading="lazy" src="https://www.youtube.com/embed/X3W7ch0oLeA" width="560" height="315" frameborder="0" allowfullscreen="allowfullscreen"></iframe><br />
Era claro que<em> Thor</em> iba a reclamar su lugar en el congreso <em><strong>cósmico</strong></em>; se manifiesta como un <em><strong>pulsar</strong></em>, el dínamo sideral cuyas fauces devoran<em><strong> estrellas</strong></em> y su aliento expulsa truenos. Cada golpe del <em>Mjölnir</em> libera una luz cegadora, es el faro de <em>Asgard</em> que llama a los valerosos al <em>Valhalla</em>.<br />
<iframe loading="lazy" src="https://www.youtube.com/embed/iy5BmgWKMcE" width="560" height="315" frameborder="0" allowfullscreen="allowfullscreen"></iframe><br />
Los antiguos son los que más tienen tiempo en este<em><strong> universo</strong></em>, su edad les da el gran talento de saber como devorarlo. Un vórtice que se come a sí mismo destruyendo así, cualquier tipo de ilusión; el mensaje es unívoco, si él habrá de partir, todos lo harán con él. Sin embargo, siempre existe ese rayo de esperanza que nos transporta de un plano a otro. Algunos le llaman el<em> Bifrost</em> y su estela habrá de brillar como nunca en esta espiral de fuego.<br />
<iframe loading="lazy" src="https://www.youtube.com/embed/kAjHuKWh0so" width="560" height="315" frameborder="0" allowfullscreen="allowfullscreen"></iframe><br />
Yo soy la flama infernal y justamente eso es lo que les brindo: fuego. Traigan al toro, al fénix y la mantícora; yo lo he de consumir todo pues mi testamento es la obliteración. Soy un cadáver prodigioso, soy la única prueba de la existencia divina.<br />
Mi llama será observada en los lugares más recónditos del<em><strong> firmamento</strong></em>, es así como consumiré todo lo que se encuentre a mi paso, mi<em><strong> combustión</strong></em> dejará una marca que jamás podrá ser borrada.<br />
<iframe loading="lazy" src="https://www.youtube.com/embed/mS8LvHT_zcQ" width="560" height="315" frameborder="0" allowfullscreen="allowfullscreen"></iframe><br />
Más allá del horizonte místico, nada escapa, ni siquiera la <strong><em>luz</em></strong>; nos rendimos ante la voluntad del vacío, en cuyo centro se encuentra un secreto más fundamental que las runas: la <strong><em>singularidad</em></strong>. La brújula de nuestra nave enloquece, no podemos distinguir si gira en el <em><strong>tiempo</strong></em> o si rota en el <em><strong>espacio</strong></em>; la gargantúa no se doblegará ante nadie, pero encontrará su fin evaporándose en un eco que sacudirá el<em><strong> cosmos</strong></em>.<br />
<iframe loading="lazy" src="https://www.youtube.com/embed/_xFc86tzFG4" width="560" height="315" frameborder="0" allowfullscreen="allowfullscreen"></iframe><br />
La<strong><em> vida</em></strong> se vierte como una cascada en un llanto rojo, el funeral se vuelve un nacimiento de entes sin vida arrojados a este <em><strong>mundo</strong></em> en una punzante explosión blanca. Pareciera que el <em>Ginnungagap</em> fuera clonado en una versión sintetizada. ¿Es así cómo <em>Ymir</em> nos recuerda el día en que dejó de existir? ¿Acaso hemos de pagar la <em><strong>vida</strong></em> de nuestros ancestros sin siquiera haber vivido la nuestra?<br />
En éste nuevo <em><strong>mundo</strong></em>, el nuestro, los espectros toman la batuta y danzan en contra del <em><strong>tiempo</strong></em>.<br />
<iframe loading="lazy" src="https://www.youtube.com/embed/v7XtYDKWggA?list=PLwZQ6XqD1w5szI5KRtGAfkpMgAWtyLc4Z" width="560" height="315" frameborder="0" allowfullscreen="allowfullscreen"></iframe><br />
El material<em><strong> galáctico</strong></em> que se ha esparcido empieza a interactuar, reacciones que generan una chispa sin igual, una chispa que no necesariamente brilla. Un corazón empieza a latir, la sangre circula por las venas, nuestros ojos se abren poco a poco descubriendo así, una verdad que no podemos razonar. Ha comenzado nuestra <em><strong>existencia</strong></em>.<br />
No sabemos cual será el porvenir de nuestro <em><strong>cosmos</strong></em>. Algunos dicen que habrá de comprimirse en un punto, siendo una miríada de su origen. Otros opinan que dejará de crecer para estancarse en una eterna obviedad. También están los que sostienen que crecerá indefinidamente; a su vez, habemos algunos cuantos que opinamos que el universo perderá la noción del <em><strong>tiempo</strong></em>, no teniendo más remedio que parir otro a modo de eco. Un <em><strong>universo</strong></em> con menos fuerza, pero con un futuro más concreto.<br />
<iframe loading="lazy" src="https://www.youtube.com/embed/dRcHTdWY5lU" width="560" height="315" frameborder="0" allowfullscreen="allowfullscreen"></iframe></p>
