{"id":22019,"date":"2017-02-15T14:26:56","date_gmt":"2017-02-15T20:26:56","guid":{"rendered":"http:\/\/nofm-radio.com\/?p=22019"},"modified":"2017-02-15T14:26:56","modified_gmt":"2017-02-15T20:26:56","slug":"8-canciones-de-gloria-trevi-que-demuestran-la-tibieza-del-rock-actual","status":"publish","type":"archivo","link":"https:\/\/nofm-radio.com\/?archivo=8-canciones-de-gloria-trevi-que-demuestran-la-tibieza-del-rock-actual","title":{"rendered":"8 canciones de Gloria Trevi que demuestran la tibieza del rock actual."},"content":{"rendered":"<p>Hoy es el cumplea\u00f1os de <strong>Gloria Trevi<\/strong>, y vaya que debieramos celebrarla. Y s\u00ed, no hemos olvidado (como quisiera la televsi\u00f3n) todo el esc\u00e1ndalo del <strong>clan Trevi-Andrade<\/strong>, la trata de blancas, la condena en Brasil y todo eso. Pero queda claro que una figura como la de <strong>la Trevi<\/strong> se extra\u00f1a en la escena del espect\u00e1culo y la m\u00fasica hoy en d\u00eda. No vamos hablar de lo que hace actualmente, porque aunque de repente nos deschongamos con &#8220;<strong>Todos me miran<\/strong>&#8220;, como dice el maestro Muci\u00f1o, ya es una cantante se\u00f1ora para se\u00f1oras.<br \/>\nEn fin, como les dec\u00edamos, nos hace falta una figura que m\u00e1s all\u00e1 de la<strong> desfachatez<\/strong>, diga de manera ingeniosa e inteligente, cosas que apelen a la gente de a pie. S\u00ed, sabemos que muchas de sus letras hablan de una visi\u00f3n idealizada de las clases trabajadoras, que muchas de ellas tocan temas clasistas y sexistas, y lo hacen para crear controversia. Pero lo cierto es que ya quisieran alguno rockeros de hoy en d\u00eda generar siquiera eso. Por ello, y para celebrar el \u00faltimo a\u00f1o de cuarentona de la Trevi, les dejamos <strong>8 rolas<\/strong>\u00a0que tal vez ahora suenen un tanto ingenuas, pero que cuando salieron movieron al p\u00fablico de una manera monumental, y eso es mucho m\u00e1s de lo que podemos decir de varios repertorios que ahora suenan por todos lados.<br \/>\n<strong>* Los borregos<\/strong><br \/>\nLa escuchamos y la escuchamos y seguimos pregunt\u00e1donos por qu\u00e9 recurrimos a <strong>Molotov<\/strong> para sonorizar movimientos sociales, cuando esto es m\u00e1s simple, primario y bailable.<br \/>\n<iframe loading=\"lazy\" src=\"https:\/\/www.youtube.com\/embed\/rexpPQTa_eQ\" width=\"560\" height=\"315\" frameborder=\"0\" allowfullscreen=\"allowfullscreen\"><\/iframe><br \/>\n<strong>* A gatas<\/strong><br \/>\n&#8220;De salir en portadas\/casada con De la Garza,\/y que sea toda su lana\/ de traficar marihuana&#8230; Prefiero andar a gatas&#8221;. Muestra un tanto rasposa de la dignidad, que hubiera deseado la marcha <strong>#VibrarM\u00e9xico<\/strong>.<br \/>\n<iframe loading=\"lazy\" src=\"https:\/\/www.youtube.com\/embed\/VodzPp1yT6o\" width=\"560\" height=\"315\" frameborder=\"0\" allowfullscreen=\"allowfullscreen\"><\/iframe><br \/>\n<strong>* La acera de enfrente<\/strong><br \/>\nClasismo, desigualdad y una idea de juventud que no acababa de salir a la luz. Un himno a los otros.<br \/>\n<strong><iframe loading=\"lazy\" src=\"https:\/\/www.youtube.com\/embed\/efY_WcPSfm4\" width=\"560\" height=\"315\" frameborder=\"0\" allowfullscreen=\"allowfullscreen\"><\/iframe><\/strong><br \/>\n<strong>*\u00bfQu\u00e9 hago aqu\u00ed?<\/strong><br \/>\nEl primer sencillo de La Trevi que marc\u00f3 en muchos sentidos la l\u00ednea que segur\u00eda su carrera. Y s\u00ed, todos seguimos deseando un mundo llenito de buena gente.<br \/>\n<iframe loading=\"lazy\" src=\"https:\/\/www.youtube.com\/embed\/i-DPX5o1GTU\" width=\"560\" height=\"315\" frameborder=\"0\" allowfullscreen=\"allowfullscreen\"><\/iframe><br \/>\n<strong>* Los perros tristes<\/strong><br \/>\nNo toda la cr\u00edtica pol\u00edtica debe ser solemne, y se puede recurrir a lugares comunes para regalar unos versos ingeniosos sobre algo que, l\u00e1stima, no ha pasado de moda.<br \/>\n<iframe loading=\"lazy\" src=\"https:\/\/www.youtube.com\/embed\/q9O5NNapSdQ\" width=\"560\" height=\"315\" frameborder=\"0\" allowfullscreen=\"allowfullscreen\"><\/iframe><br \/>\n<strong>* Ag\u00e1rrate<\/strong><br \/>\n\u00a1Ag\u00e1rrate porque si no te tiran! Qu\u00e9 sentimieto tan universal y tan vigente en estos tiempos de incertidumbre.<br \/>\n<iframe loading=\"lazy\" src=\"https:\/\/www.youtube.com\/embed\/PPlvsJk2AoM\" width=\"560\" height=\"315\" frameborder=\"0\" allowfullscreen=\"allowfullscreen\"><\/iframe><br \/>\n<strong>* A la madre<\/strong><br \/>\nSi seguimos clavados con <strong>Octavio Paz<\/strong> y los hijos de la chingada, tambi\u00e9n podemos seguir sac\u00e1ndole jugo a nuestros mommy issues.<br \/>\n<iframe loading=\"lazy\" src=\"https:\/\/www.youtube.com\/embed\/Z-goF-o8S9E\" width=\"560\" height=\"315\" frameborder=\"0\" allowfullscreen=\"allowfullscreen\"><\/iframe><br \/>\n<strong>* V\u00edrgen de las v\u00edrgenes<\/strong><br \/>\nUna canci\u00f3n que podr\u00eda abrir ahora un mont\u00f3n de discusiones sobre feminidad, estereotipos y la manera en que las mujeres ejercen su libertad.<br \/>\n<iframe loading=\"lazy\" src=\"https:\/\/www.youtube.com\/embed\/ulmE4bL8G7c\" width=\"560\" height=\"315\" frameborder=\"0\" allowfullscreen=\"allowfullscreen\"><\/iframe><br \/>\n\u00bfSe acordaban de estas rolas? Quiz\u00e1 lo m\u00e1s loco de todo es que algunas de estas rolas hayan salido de la mente macabra de Sergio Andrade, pero lo m\u00e1s sorpendente es que los ba\u00f1os de pureza de algunos rockeros mexicanos de hoy no les permitan ensuciarse lo suficiente para hacerle sentir algo a la banda.<\/p>\n","protected":false},"template":"","meta":{"_id_youtube":"","_id_vimeo":"","_podcasts_duration":"","_podcasts_url":"","_podcasts_show":"","_prog_horario_dias":"","_prog_hora":"","_prog_duration":""},"class_list":["post-22019","archivo","type-archivo","status-publish","hentry"],"_links":{"self":[{"href":"https:\/\/nofm-radio.com\/index.php?rest_route=\/wp\/v2\/archivo\/22019","targetHints":{"allow":["GET"]}}],"collection":[{"href":"https:\/\/nofm-radio.com\/index.php?rest_route=\/wp\/v2\/archivo"}],"about":[{"href":"https:\/\/nofm-radio.com\/index.php?rest_route=\/wp\/v2\/types\/archivo"}],"wp:attachment":[{"href":"https:\/\/nofm-radio.com\/index.php?rest_route=%2Fwp%2Fv2%2Fmedia&parent=22019"}],"curies":[{"name":"wp","href":"https:\/\/api.w.org\/{rel}","templated":true}]}}

<p>Hoy es el cumpleaños de <strong>Gloria Trevi</strong>, y vaya que debieramos celebrarla. Y sí, no hemos olvidado (como quisiera la televsión) todo el escándalo del <strong>clan Trevi-Andrade</strong>, la trata de blancas, la condena en Brasil y todo eso. Pero queda claro que una figura como la de <strong>la Trevi</strong> se extraña en la escena del espectáculo y la música hoy en día. No vamos hablar de lo que hace actualmente, porque aunque de repente nos deschongamos con &#8220;<strong>Todos me miran</strong>&#8220;, como dice el maestro Muciño, ya es una cantante señora para señoras.<br />
En fin, como les decíamos, nos hace falta una figura que más allá de la<strong> desfachatez</strong>, diga de manera ingeniosa e inteligente, cosas que apelen a la gente de a pie. Sí, sabemos que muchas de sus letras hablan de una visión idealizada de las clases trabajadoras, que muchas de ellas tocan temas clasistas y sexistas, y lo hacen para crear controversia. Pero lo cierto es que ya quisieran alguno rockeros de hoy en día generar siquiera eso. Por ello, y para celebrar el último año de cuarentona de la Trevi, les dejamos <strong>8 rolas</strong> que tal vez ahora suenen un tanto ingenuas, pero que cuando salieron movieron al público de una manera monumental, y eso es mucho más de lo que podemos decir de varios repertorios que ahora suenan por todos lados.<br />
<strong>* Los borregos</strong><br />
La escuchamos y la escuchamos y seguimos preguntádonos por qué recurrimos a <strong>Molotov</strong> para sonorizar movimientos sociales, cuando esto es más simple, primario y bailable.<br />
<iframe loading="lazy" src="https://www.youtube.com/embed/rexpPQTa_eQ" width="560" height="315" frameborder="0" allowfullscreen="allowfullscreen"></iframe><br />
<strong>* A gatas</strong><br />
&#8220;De salir en portadas/casada con De la Garza,/y que sea toda su lana/ de traficar marihuana&#8230; Prefiero andar a gatas&#8221;. Muestra un tanto rasposa de la dignidad, que hubiera deseado la marcha <strong>#VibrarMéxico</strong>.<br />
<iframe loading="lazy" src="https://www.youtube.com/embed/VodzPp1yT6o" width="560" height="315" frameborder="0" allowfullscreen="allowfullscreen"></iframe><br />
<strong>* La acera de enfrente</strong><br />
Clasismo, desigualdad y una idea de juventud que no acababa de salir a la luz. Un himno a los otros.<br />
<strong><iframe loading="lazy" src="https://www.youtube.com/embed/efY_WcPSfm4" width="560" height="315" frameborder="0" allowfullscreen="allowfullscreen"></iframe></strong><br />
<strong>*¿Qué hago aquí?</strong><br />
El primer sencillo de La Trevi que marcó en muchos sentidos la línea que seguría su carrera. Y sí, todos seguimos deseando un mundo llenito de buena gente.<br />
<iframe loading="lazy" src="https://www.youtube.com/embed/i-DPX5o1GTU" width="560" height="315" frameborder="0" allowfullscreen="allowfullscreen"></iframe><br />
<strong>* Los perros tristes</strong><br />
No toda la crítica política debe ser solemne, y se puede recurrir a lugares comunes para regalar unos versos ingeniosos sobre algo que, lástima, no ha pasado de moda.<br />
<iframe loading="lazy" src="https://www.youtube.com/embed/q9O5NNapSdQ" width="560" height="315" frameborder="0" allowfullscreen="allowfullscreen"></iframe><br />
<strong>* Agárrate</strong><br />
¡Agárrate porque si no te tiran! Qué sentimieto tan universal y tan vigente en estos tiempos de incertidumbre.<br />
<iframe loading="lazy" src="https://www.youtube.com/embed/PPlvsJk2AoM" width="560" height="315" frameborder="0" allowfullscreen="allowfullscreen"></iframe><br />
<strong>* A la madre</strong><br />
Si seguimos clavados con <strong>Octavio Paz</strong> y los hijos de la chingada, también podemos seguir sacándole jugo a nuestros mommy issues.<br />
<iframe loading="lazy" src="https://www.youtube.com/embed/Z-goF-o8S9E" width="560" height="315" frameborder="0" allowfullscreen="allowfullscreen"></iframe><br />
<strong>* Vírgen de las vírgenes</strong><br />
Una canción que podría abrir ahora un montón de discusiones sobre feminidad, estereotipos y la manera en que las mujeres ejercen su libertad.<br />
<iframe loading="lazy" src="https://www.youtube.com/embed/ulmE4bL8G7c" width="560" height="315" frameborder="0" allowfullscreen="allowfullscreen"></iframe><br />
¿Se acordaban de estas rolas? Quizá lo más loco de todo es que algunas de estas rolas hayan salido de la mente macabra de Sergio Andrade, pero lo más sorpendente es que los baños de pureza de algunos rockeros mexicanos de hoy no les permitan ensuciarse lo suficiente para hacerle sentir algo a la banda.</p>
