{"id":22062,"date":"2017-02-17T10:30:06","date_gmt":"2017-02-17T16:30:06","guid":{"rendered":"http:\/\/nofm-radio.com\/?p=22062"},"modified":"2017-02-17T10:30:06","modified_gmt":"2017-02-17T16:30:06","slug":"postal-90-jardines","status":"publish","type":"archivo","link":"https:\/\/nofm-radio.com\/?archivo=postal-90-jardines","title":{"rendered":"Postal 90. Jardines"},"content":{"rendered":"<p>por <strong>Erika Arroyo<\/strong><br \/>\n<a href=\"https:\/\/twitter.com\/WooWooRancher\" target=\"_blank\" rel=\"noopener noreferrer\">@WooWooRancher<\/a><br \/>\n<iframe loading=\"lazy\" src=\"https:\/\/www.youtube.com\/embed\/8W3Tdgxxp5g\" width=\"560\" height=\"315\" frameborder=\"0\" allowfullscreen=\"allowfullscreen\"><\/iframe><br \/>\nEl ventanal es el marco que contiene las primeras pinceladas del sol, m\u00e1s verdes en <strong>primavera<\/strong> y en verano que en las estaciones m\u00e1s tristes. Puntos anaranjados y puntos rojos van revel\u00e1ndose en una sinfon\u00eda crom\u00e1tica y frutal a la que se suma el canto de los p\u00e1jaros y las pisadas del jardinero que avanza pesadamente entre \u00e1rboles frutales y se arrastra por el pasto para removerlo. Huele a <strong>vida<\/strong> ese paisaje sembrado en los l\u00edmites entre el adentro y el afuera al que muy pocos pueden acceder.<br \/>\nEsta noche los invito a caminar entre rosales y arbustos. Bienvenidos a <strong>Postales<\/strong>.<br \/>\n<iframe loading=\"lazy\" src=\"https:\/\/www.youtube.com\/embed\/MMqC7Wx2-nE\" width=\"560\" height=\"315\" frameborder=\"0\" allowfullscreen=\"allowfullscreen\"><\/iframe><br \/>\nEl tijereteo establece una seria discusi\u00f3n con las ramas necias de un pino, parecen aborrecer esa evangelizaci\u00f3n geom\u00e9trica a la que se ha sometido el resto de los <strong>\u00e1rboles<\/strong>. A veces se nos olvida que la <strong>naturaleza<\/strong> odia la l\u00ednea recta.<br \/>\n<iframe loading=\"lazy\" src=\"https:\/\/www.youtube.com\/embed\/LZvxwBJ2Kv4\" width=\"560\" height=\"315\" frameborder=\"0\" allowfullscreen=\"allowfullscreen\"><\/iframe><br \/>\n<iframe loading=\"lazy\" src=\"https:\/\/www.youtube.com\/embed\/twoO3xYRsz0\" width=\"560\" height=\"315\" frameborder=\"0\" allowfullscreen=\"allowfullscreen\"><\/iframe><br \/>\nAlgunos pintores del siglo XVIII abandonaron la<strong> pintura<\/strong> inspirada en la guerra para hacer del<strong> jard\u00edn<\/strong> un nuevo campo de batalla donde la aristocracia combat\u00eda silenciosamente detr\u00e1s de espect\u00e1culos exagerados y concursos de talento y dem\u00e1s artilugios para participar en las conquistas del amor y la aceptaci\u00f3n. De modelos de la pintura galante, estos <strong>soldados de Afrodita<\/strong>, vieron crecer en sus corazones \u00e1rboles muertos.<br \/>\n<iframe loading=\"lazy\" src=\"https:\/\/www.youtube.com\/embed\/VrtyFmnTa7U\" width=\"560\" height=\"315\" frameborder=\"0\" allowfullscreen=\"allowfullscreen\"><\/iframe><br \/>\n<iframe loading=\"lazy\" src=\"https:\/\/www.youtube.com\/embed\/NEiZNOu3IBw\" width=\"560\" height=\"315\" frameborder=\"0\" allowfullscreen=\"allowfullscreen\"><\/iframe><br \/>\n<strong>John Addison<\/strong> dijo una vez que \u201chay tantos tipos de jardines como de poes\u00eda\u201d, podr\u00edamos perdernos habit\u00e1ndolos, recorri\u00e9ndolos, toc\u00e1ndolos, pasando frente a ellos. Franceses, ingleses, japoneses\u2026 Esos montoncitos de color son tambi\u00e9n y ante todo tipos de <strong>pensamiento<\/strong>.<br \/>\n<iframe loading=\"lazy\" src=\"https:\/\/www.youtube.com\/embed\/3LY3ftiLqmE\" width=\"560\" height=\"315\" frameborder=\"0\" allowfullscreen=\"allowfullscreen\"><\/iframe><br \/>\nEs probable que nos guste tanto el jard\u00edn por ser un lugar que se ha tejido. No tendr\u00eda el mismo encanto proponerse abrir el umbral a un jard\u00edn en medio de un campo abierto, aunque bien podr\u00eda ser este la hoja blanca sobre la cual dibujar otro posible <strong>Ed\u00e9n<\/strong>.<br \/>\nLa tosquedad artificial de algunos<strong> jardines<\/strong> nos hace pensar en todo lo que hemos aprendido pero que nos encargamos de desaprender, somos ese ni\u00f1o al que le ense\u00f1aron a no hablar mientras mastica y sin embargo, lo hace.<br \/>\n<iframe loading=\"lazy\" src=\"https:\/\/www.youtube.com\/embed\/5UBb2SYWAYo\" width=\"560\" height=\"315\" frameborder=\"0\" allowfullscreen=\"allowfullscreen\"><\/iframe><br \/>\nSalvajes, pretendidamente naturales o escondidamente geometrizados, los <strong>jardines<\/strong> son lugares de reposo para el cuerpo y el alma en el d\u00eda con una quietud que se va transformando en inquietud conforme la tarde va disminuyendo la visibilidad. Las fuentes se derraman, las estatuillas se fragmentan, las sombras ponen el dedo \u00edndice en la boca.<br \/>\n<iframe loading=\"lazy\" src=\"https:\/\/www.youtube.com\/embed\/JYfPalNjbDw\" width=\"560\" height=\"315\" frameborder=\"0\" allowfullscreen=\"allowfullscreen\"><\/iframe><br \/>\nDel vapor que emana de un jard\u00edn impregnamos nuestros<strong> sue\u00f1os y pesadillas<\/strong>, los cuales soltamos en sus laberintos vegetales. Los jardines son pasadizos entre nuestros precipicios.<br \/>\n<iframe loading=\"lazy\" src=\"https:\/\/www.youtube.com\/embed\/8YE2BeiQyt0\" width=\"560\" height=\"315\" frameborder=\"0\" allowfullscreen=\"allowfullscreen\"><\/iframe><br \/>\nGracias por acompa\u00f1arnos esta noche de Postales, si en su recorrido decidi\u00f3 quitarse calcetines y zapatos para sentir el pasto h\u00famedo, fresco, y se los volvi\u00f3 a poner pues tuvo miedo de las espinas de los<strong> rosales<\/strong> y los cipreses al anochecer, lo felicito, est\u00e1 usted en condiciones de habitar su propio jard\u00edn.<\/p>\n","protected":false},"template":"","meta":{"_id_youtube":"","_id_vimeo":"","_podcasts_duration":"","_podcasts_url":"","_podcasts_show":"","_prog_horario_dias":"","_prog_hora":"","_prog_duration":""},"class_list":["post-22062","archivo","type-archivo","status-publish","hentry"],"_links":{"self":[{"href":"https:\/\/nofm-radio.com\/index.php?rest_route=\/wp\/v2\/archivo\/22062","targetHints":{"allow":["GET"]}}],"collection":[{"href":"https:\/\/nofm-radio.com\/index.php?rest_route=\/wp\/v2\/archivo"}],"about":[{"href":"https:\/\/nofm-radio.com\/index.php?rest_route=\/wp\/v2\/types\/archivo"}],"wp:attachment":[{"href":"https:\/\/nofm-radio.com\/index.php?rest_route=%2Fwp%2Fv2%2Fmedia&parent=22062"}],"curies":[{"name":"wp","href":"https:\/\/api.w.org\/{rel}","templated":true}]}}

<p>por <strong>Erika Arroyo</strong><br />
<a href="https://twitter.com/WooWooRancher" target="_blank" rel="noopener noreferrer">@WooWooRancher</a><br />
<iframe loading="lazy" src="https://www.youtube.com/embed/8W3Tdgxxp5g" width="560" height="315" frameborder="0" allowfullscreen="allowfullscreen"></iframe><br />
El ventanal es el marco que contiene las primeras pinceladas del sol, más verdes en <strong>primavera</strong> y en verano que en las estaciones más tristes. Puntos anaranjados y puntos rojos van revelándose en una sinfonía cromática y frutal a la que se suma el canto de los pájaros y las pisadas del jardinero que avanza pesadamente entre árboles frutales y se arrastra por el pasto para removerlo. Huele a <strong>vida</strong> ese paisaje sembrado en los límites entre el adentro y el afuera al que muy pocos pueden acceder.<br />
Esta noche los invito a caminar entre rosales y arbustos. Bienvenidos a <strong>Postales</strong>.<br />
<iframe loading="lazy" src="https://www.youtube.com/embed/MMqC7Wx2-nE" width="560" height="315" frameborder="0" allowfullscreen="allowfullscreen"></iframe><br />
El tijereteo establece una seria discusión con las ramas necias de un pino, parecen aborrecer esa evangelización geométrica a la que se ha sometido el resto de los <strong>árboles</strong>. A veces se nos olvida que la <strong>naturaleza</strong> odia la línea recta.<br />
<iframe loading="lazy" src="https://www.youtube.com/embed/LZvxwBJ2Kv4" width="560" height="315" frameborder="0" allowfullscreen="allowfullscreen"></iframe><br />
<iframe loading="lazy" src="https://www.youtube.com/embed/twoO3xYRsz0" width="560" height="315" frameborder="0" allowfullscreen="allowfullscreen"></iframe><br />
Algunos pintores del siglo XVIII abandonaron la<strong> pintura</strong> inspirada en la guerra para hacer del<strong> jardín</strong> un nuevo campo de batalla donde la aristocracia combatía silenciosamente detrás de espectáculos exagerados y concursos de talento y demás artilugios para participar en las conquistas del amor y la aceptación. De modelos de la pintura galante, estos <strong>soldados de Afrodita</strong>, vieron crecer en sus corazones árboles muertos.<br />
<iframe loading="lazy" src="https://www.youtube.com/embed/VrtyFmnTa7U" width="560" height="315" frameborder="0" allowfullscreen="allowfullscreen"></iframe><br />
<iframe loading="lazy" src="https://www.youtube.com/embed/NEiZNOu3IBw" width="560" height="315" frameborder="0" allowfullscreen="allowfullscreen"></iframe><br />
<strong>John Addison</strong> dijo una vez que “hay tantos tipos de jardines como de poesía”, podríamos perdernos habitándolos, recorriéndolos, tocándolos, pasando frente a ellos. Franceses, ingleses, japoneses… Esos montoncitos de color son también y ante todo tipos de <strong>pensamiento</strong>.<br />
<iframe loading="lazy" src="https://www.youtube.com/embed/3LY3ftiLqmE" width="560" height="315" frameborder="0" allowfullscreen="allowfullscreen"></iframe><br />
Es probable que nos guste tanto el jardín por ser un lugar que se ha tejido. No tendría el mismo encanto proponerse abrir el umbral a un jardín en medio de un campo abierto, aunque bien podría ser este la hoja blanca sobre la cual dibujar otro posible <strong>Edén</strong>.<br />
La tosquedad artificial de algunos<strong> jardines</strong> nos hace pensar en todo lo que hemos aprendido pero que nos encargamos de desaprender, somos ese niño al que le enseñaron a no hablar mientras mastica y sin embargo, lo hace.<br />
<iframe loading="lazy" src="https://www.youtube.com/embed/5UBb2SYWAYo" width="560" height="315" frameborder="0" allowfullscreen="allowfullscreen"></iframe><br />
Salvajes, pretendidamente naturales o escondidamente geometrizados, los <strong>jardines</strong> son lugares de reposo para el cuerpo y el alma en el día con una quietud que se va transformando en inquietud conforme la tarde va disminuyendo la visibilidad. Las fuentes se derraman, las estatuillas se fragmentan, las sombras ponen el dedo índice en la boca.<br />
<iframe loading="lazy" src="https://www.youtube.com/embed/JYfPalNjbDw" width="560" height="315" frameborder="0" allowfullscreen="allowfullscreen"></iframe><br />
Del vapor que emana de un jardín impregnamos nuestros<strong> sueños y pesadillas</strong>, los cuales soltamos en sus laberintos vegetales. Los jardines son pasadizos entre nuestros precipicios.<br />
<iframe loading="lazy" src="https://www.youtube.com/embed/8YE2BeiQyt0" width="560" height="315" frameborder="0" allowfullscreen="allowfullscreen"></iframe><br />
Gracias por acompañarnos esta noche de Postales, si en su recorrido decidió quitarse calcetines y zapatos para sentir el pasto húmedo, fresco, y se los volvió a poner pues tuvo miedo de las espinas de los<strong> rosales</strong> y los cipreses al anochecer, lo felicito, está usted en condiciones de habitar su propio jardín.</p>
