{"id":22068,"date":"2017-02-17T12:52:00","date_gmt":"2017-02-17T18:52:00","guid":{"rendered":"http:\/\/nofm-radio.com\/?p=22068"},"modified":"2017-02-17T12:52:00","modified_gmt":"2017-02-17T18:52:00","slug":"que-nos-hace-sentir-seguros-proyeccion-de-cine-participativo-de-deriva-mx","status":"publish","type":"archivo","link":"https:\/\/nofm-radio.com\/?archivo=que-nos-hace-sentir-seguros-proyeccion-de-cine-participativo-de-deriva-mx","title":{"rendered":"\u00bfQu\u00e9 nos hace sentir seguros? Proyecci\u00f3n de cine participativo de DERIVA.MX"},"content":{"rendered":"<p>En medio de una gran discusi\u00f3n sobre la <strong>militarizaci\u00f3n<\/strong> del pa\u00eds, y sobre las fallidas <strong>estrategias de seguridad<\/strong> de los \u00faltimos a\u00f1os en M\u00e9xico, vale la pena no solamente reflexionar y maniestarse en contra de medidas violatorias de los derechos humanos, sino tambi\u00e9n cuestionarse, de una manera m\u00e1s \u00edntima e integral, \u00bfqu\u00e9 nos hace sentir seguros? \u00bfqu\u00e9 concebimos como inseguridad? \u00bfhasta d\u00f3nde podemos llegar para no sentir miedo?<br \/>\nCon el prop\u00f3sito de ampliar las posibilidades de reflexi\u00f3n en torno a las diversas manifestaciones de la violencia en nuestro d\u00eda a d\u00eda y lo que la genera,<strong> DERIVA.MX<\/strong> se suma a las actividades con motivo de la exposici\u00f3n <em><strong>Mexicanizaci\u00f3n: la obra de arte como soberana\u00a0reproducci\u00f3n del castigo<\/strong><\/em> del artista <strong>Christoph Faulhaber<\/strong>, actualmente en exhibici\u00f3n en la <strong>Casa del Lago<\/strong>. Dicha muestra, orientada a explorar la dicotom\u00eda entre <strong>seguridad e inseguridad<\/strong> en algunas \u00e1reas de la Zona Metropolitana del Valle de M\u00e9xico, es el espacio\u00a0propicio para proponer colectivamente acercamientos a estos temas tan recurrentes en conversaciones, noticieros y promesas de campa\u00f1a.<br \/>\nLa exposici\u00f3n podr\u00e1 visitarse hasta el<strong> 26 de febrero<\/strong>, y justo antes de que la retiren se realizar\u00e1 una proyecci\u00f3n de cine participativo el<strong> jueves 23 de febrero<\/strong> a las 19:30 horas en Casa del Lago. La entrada es libre y el p\u00fablico que asista podr\u00e1 expresar sus preocupaciones y puntos de vista en torno a los sentimientos y emociones respecto a los dispositivos, objetos e instituciones creados para brindar seguridad; y mediante un cuestionario web, colaborar\u00e1 en la selecci\u00f3n del material que formar\u00e1 parte de un producto audiovisual donde se habr\u00e1n reunido todas las perspectivas.<br \/>\nPueden conocer m\u00e1s sobre los proyectos de<strong> DERIVA.MX <a href=\"https:\/\/twitter.com\/DERIVA_MX\" target=\"_blank\" rel=\"noopener noreferrer\">aqu\u00ed<\/a>.<\/strong><br \/>\n<a class=\"no-eff img-link lightbox\" href=\"http:\/\/nofm-radio.com\/wp-content\/uploads\/2017\/02\/DERIVA.MX_CasadelLago.jpg\"><img loading=\"lazy\" decoding=\"async\" class=\"alignnone size-full wp-image-22069\" src=\"http:\/\/nofm-radio.com\/wp-content\/uploads\/2017\/02\/DERIVA.MX_CasadelLago.jpg\" alt=\"DERIVA.MX_CasadelLago\" width=\"825\" height=\"1275\" \/><\/a><\/p>\n","protected":false},"template":"","meta":{"_id_youtube":"","_id_vimeo":"","_podcasts_duration":"","_podcasts_url":"","_podcasts_show":"","_prog_horario_dias":"","_prog_hora":"","_prog_duration":""},"class_list":["post-22068","archivo","type-archivo","status-publish","hentry"],"_links":{"self":[{"href":"https:\/\/nofm-radio.com\/index.php?rest_route=\/wp\/v2\/archivo\/22068","targetHints":{"allow":["GET"]}}],"collection":[{"href":"https:\/\/nofm-radio.com\/index.php?rest_route=\/wp\/v2\/archivo"}],"about":[{"href":"https:\/\/nofm-radio.com\/index.php?rest_route=\/wp\/v2\/types\/archivo"}],"wp:attachment":[{"href":"https:\/\/nofm-radio.com\/index.php?rest_route=%2Fwp%2Fv2%2Fmedia&parent=22068"}],"curies":[{"name":"wp","href":"https:\/\/api.w.org\/{rel}","templated":true}]}}

¿Qué nos hace sentir seguros? Proyección de cine participativo de DERIVA.MX

<p>En medio de una gran discusión sobre la <strong>militarización</strong> del país, y sobre las fallidas <strong>estrategias de seguridad</strong> de los últimos años en México, vale la pena no solamente reflexionar y maniestarse en contra de medidas violatorias de los derechos humanos, sino también cuestionarse, de una manera más íntima e integral, ¿qué nos hace sentir seguros? ¿qué concebimos como inseguridad? ¿hasta dónde podemos llegar para no sentir miedo?<br />
Con el propósito de ampliar las posibilidades de reflexión en torno a las diversas manifestaciones de la violencia en nuestro día a día y lo que la genera,<strong> DERIVA.MX</strong> se suma a las actividades con motivo de la exposición <em><strong>Mexicanización: la obra de arte como soberana reproducción del castigo</strong></em> del artista <strong>Christoph Faulhaber</strong>, actualmente en exhibición en la <strong>Casa del Lago</strong>. Dicha muestra, orientada a explorar la dicotomía entre <strong>seguridad e inseguridad</strong> en algunas áreas de la Zona Metropolitana del Valle de México, es el espacio propicio para proponer colectivamente acercamientos a estos temas tan recurrentes en conversaciones, noticieros y promesas de campaña.<br />
La exposición podrá visitarse hasta el<strong> 26 de febrero</strong>, y justo antes de que la retiren se realizará una proyección de cine participativo el<strong> jueves 23 de febrero</strong> a las 19:30 horas en Casa del Lago. La entrada es libre y el público que asista podrá expresar sus preocupaciones y puntos de vista en torno a los sentimientos y emociones respecto a los dispositivos, objetos e instituciones creados para brindar seguridad; y mediante un cuestionario web, colaborará en la selección del material que formará parte de un producto audiovisual donde se habrán reunido todas las perspectivas.<br />
Pueden conocer más sobre los proyectos de<strong> DERIVA.MX <a href="https://twitter.com/DERIVA_MX" target="_blank" rel="noopener noreferrer">aquí</a>.</strong><br />
<a class="no-eff img-link lightbox" href="http://nofm-radio.com/wp-content/uploads/2017/02/DERIVA.MX_CasadelLago.jpg"><img loading="lazy" decoding="async" class="alignnone size-full wp-image-22069" src="http://nofm-radio.com/wp-content/uploads/2017/02/DERIVA.MX_CasadelLago.jpg" alt="DERIVA.MX_CasadelLago" width="825" height="1275" /></a></p>
