{"id":22106,"date":"2017-02-21T14:01:48","date_gmt":"2017-02-21T20:01:48","guid":{"rendered":"http:\/\/nofm-radio.com\/?p=22106"},"modified":"2017-02-21T14:01:48","modified_gmt":"2017-02-21T20:01:48","slug":"las-luces-de-bahidora-fotorreportaje-de-alfredo-padilla-el-padre-de-todo","status":"publish","type":"archivo","link":"https:\/\/nofm-radio.com\/?archivo=las-luces-de-bahidora-fotorreportaje-de-alfredo-padilla-el-padre-de-todo","title":{"rendered":"Las luces de Bahidor\u00e1. Fotorreportaje de Alfredo Padilla, el Padre de Todo"},"content":{"rendered":"<p>por <strong>Alfredo Padilla Barberi<\/strong><br \/>\n<a href=\"https:\/\/twitter.com\/padre_de_todo\" target=\"_blank\" rel=\"noopener noreferrer\">@padre_de_todo<\/a><br \/>\nParte fundamental del ambiente del <strong>Carnaval de Bahidor\u00e1<\/strong> es el color. A todas horas del d\u00eda podemos observar c\u00f3mo los asistentes animan y con sus disfraces se vuelven uno con la bella estampa que el parque naural <strong>Las Estacas<\/strong> nos regala. Sin embargo, una de las partes m\u00e1s esperadas por los asistentes es la noche; el carnaval se ilumina y con la m\u00fasica llegan los actos improvisados (o en algunas ocasiones m\u00e1s que ensayados) que los asistentes nos regalan ya sea a las orillas del escenario, en las albercas, en los pasillos, en las islas, o en cualquier parte en donde la gente est\u00e9 dispuesta a replegarse para que el actor callejero en turno haga su aparici\u00f3n y nos deslumbre con coloridas luces y espectaculares movimientos.<br \/>\nEstas son algunas de las im\u00e1genes que dan cuenta del colorido que se vive en <strong>Bahidor\u00e1<\/strong>.<br \/>\n<strong>Galer\u00eda 1<\/strong><br \/>\n<br \/>\n<strong>Galer\u00eda 2<\/strong><br \/>\n<br \/>\n<strong>Galer\u00eda 3<\/strong><br \/>\n<\/p>\n","protected":false},"template":"","meta":{"_id_youtube":"","_id_vimeo":"","_podcasts_duration":"","_podcasts_url":"","_podcasts_show":"","_prog_horario_dias":"","_prog_hora":"","_prog_duration":""},"class_list":["post-22106","archivo","type-archivo","status-publish","hentry"],"_links":{"self":[{"href":"https:\/\/nofm-radio.com\/index.php?rest_route=\/wp\/v2\/archivo\/22106","targetHints":{"allow":["GET"]}}],"collection":[{"href":"https:\/\/nofm-radio.com\/index.php?rest_route=\/wp\/v2\/archivo"}],"about":[{"href":"https:\/\/nofm-radio.com\/index.php?rest_route=\/wp\/v2\/types\/archivo"}],"wp:attachment":[{"href":"https:\/\/nofm-radio.com\/index.php?rest_route=%2Fwp%2Fv2%2Fmedia&parent=22106"}],"curies":[{"name":"wp","href":"https:\/\/api.w.org\/{rel}","templated":true}]}}

Las luces de Bahidorá. Fotorreportaje de Alfredo Padilla, el Padre de Todo

<p>por <strong>Alfredo Padilla Barberi</strong><br />
<a href="https://twitter.com/padre_de_todo" target="_blank" rel="noopener noreferrer">@padre_de_todo</a><br />
Parte fundamental del ambiente del <strong>Carnaval de Bahidorá</strong> es el color. A todas horas del día podemos observar cómo los asistentes animan y con sus disfraces se vuelven uno con la bella estampa que el parque naural <strong>Las Estacas</strong> nos regala. Sin embargo, una de las partes más esperadas por los asistentes es la noche; el carnaval se ilumina y con la música llegan los actos improvisados (o en algunas ocasiones más que ensayados) que los asistentes nos regalan ya sea a las orillas del escenario, en las albercas, en los pasillos, en las islas, o en cualquier parte en donde la gente esté dispuesta a replegarse para que el actor callejero en turno haga su aparición y nos deslumbre con coloridas luces y espectaculares movimientos.<br />
Estas son algunas de las imágenes que dan cuenta del colorido que se vive en <strong>Bahidorá</strong>.<br />
<strong>Galería 1</strong><br />
<br />
<strong>Galería 2</strong><br />
<br />
<strong>Galería 3</strong><br />
</p>
