{"id":22406,"date":"2017-03-06T17:45:15","date_gmt":"2017-03-06T23:45:15","guid":{"rendered":"http:\/\/nofm-radio.com\/?p=22406"},"modified":"2017-03-06T17:45:15","modified_gmt":"2017-03-06T23:45:15","slug":"festival-eurojazz-2017-el-ultimo-bastion-del-jazz-internacional-en-mexico","status":"publish","type":"archivo","link":"https:\/\/nofm-radio.com\/?archivo=festival-eurojazz-2017-el-ultimo-bastion-del-jazz-internacional-en-mexico","title":{"rendered":"Festival EuroJazz 2017: el \u00faltimo basti\u00f3n del jazz internacional en M\u00e9xico"},"content":{"rendered":"<p>por <strong>Jes\u00fas Arelle<\/strong><br \/>\n<a href=\"https:\/\/twitter.com\/\">@EpigmenioCross<\/a><br \/>\nEn 1998 se presentaron en el <strong>Auditorio Blas Galindo<\/strong> cuatro agrupaciones de <strong>jazz<\/strong> extranjeras, todas provenientes del <strong>Viejo Continente<\/strong>. Llegaron desde Espa\u00f1a, Alemania, Francia y Reino Unido y por primera vez se form\u00f3 el cartel del festival <strong>Eurojazz<\/strong> en M\u00e9xico.<br \/>\n<a class=\"no-eff img-link lightbox\" href=\"http:\/\/nofm-radio.com\/wp-content\/uploads\/2017\/03\/eurojazz_2017_redes_sociales.jpg\"><img loading=\"lazy\" decoding=\"async\" class=\"alignnone size-full wp-image-22410\" src=\"http:\/\/nofm-radio.com\/wp-content\/uploads\/2017\/03\/eurojazz_2017_redes_sociales.jpg\" alt=\"eurojazz_2017_redes_sociales\" width=\"960\" height=\"540\" \/><\/a><br \/>\nDiecinueve a\u00f1os despu\u00e9s, el <strong>Centro Nacional de las Artes<\/strong>, se enorgullece de dar espacio nuevamente a la m\u00fasica y la fiesta intercontinental. El pasado fin de semana, del 3 al 5 de marzo, los jardines del Cenart se llenaron de los estridentes sonidos de los metales y los s\u00f3rdidos pero arm\u00f3nicos tonos de los contrabajos de las distintas agrupaciones que abrieron el festival. Como todos los a\u00f1os, el <strong>Festival Eurojazz<\/strong> se realiz\u00f3 con la fuerte convicci\u00f3n de que una de las expresiones <strong>culturales<\/strong> m\u00e1s importantes es la m\u00fasica y m\u00e1s a\u00fan cuando re\u00fane en un mismo escenario a bandas de diferentes nacionalidades para expresar y dar a conocer su propuestas.<br \/>\n&nbsp;<br \/>\nAun cuando estamos hablando de un g\u00e9nero que vio sus or\u00edgenes en los <strong>Estados Unidos<\/strong> hace casi m\u00e1s de un siglo, el<strong> Eurojazz<\/strong> nos demuestra la <strong>vigencia<\/strong> del g\u00e9nero y nos lleva musicalmente por todas sus distintas variantes e interpretaciones. Este festival inserta en los o\u00eddos de sus asistentes sonidos y notas que son poco comunes en el terreno de la m\u00fasica popular, es un g\u00e9nero mucho m\u00e1s estudiado y complejo a comparaci\u00f3n de lo que estamos acostumbrados a escuchar.<br \/>\n&nbsp;<br \/>\n<br \/>\nLa edici\u00f3n n\u00famero 20 del Festival arranc\u00f3 con la agrupaci\u00f3n espa\u00f1ola <strong>Sumrr\u00e1<\/strong>, que con 17 a\u00f1os de trayectoria y cinco discos editados, se han colocado en la mira como uno de los m\u00e1s frescos referentes del jazz contempor\u00e1neo. En 2014 recibieron el premio a <strong>Mejor Proyecto de Jazz y M\u00fasicas Imporvisadas<\/strong> en los <strong>Premios Mart\u00edn C\u00f3dax de M\u00fasica<\/strong>. Dos a\u00f1os despu\u00e9s, lanzaron su quinto material discogr\u00e1fico, <strong>Summrr\u00e1 V Journeys<\/strong>, bajo el sello neoyorquino <strong>Clermont Music<\/strong>. Sin duda es una banda que vale mucho la pena escuchar.<br \/>\n<iframe loading=\"lazy\" src=\"https:\/\/www.youtube.com\/embed\/6SfHbJD3FNU?ecver=1\" width=\"560\" height=\"315\" frameborder=\"0\" allowfullscreen=\"allowfullscreen\"><\/iframe><br \/>\nPara cerrar el d\u00eda uno del festival, escuchamos la tropa de contrabajos del alem\u00e1n <strong>Sebastian Gramss Bassmasse<\/strong>, que, aunque acostumbra a tocar junto a otros 49 contrabajos, la dificultad de transportar de un continente a otro estos instrumentos tan grandes hizo que, afortunadamente, se abriera un di\u00e1logo entre <strong>Alemania y M\u00e9xico<\/strong>. Ya que fueron, bajo la direcci\u00f3n del argentino <strong>Rodrigo L\u00f3pez Klingenfuss<\/strong>, seis mexicanos contrabajistas los que compartieron el escenario con Sebastian Gramms, entre ellos <strong>David S\u00e1nchez Garc\u00eda.<\/strong><br \/>\n<iframe loading=\"lazy\" src=\"https:\/\/www.youtube.com\/embed\/clapF26lUWI?ecver=1\" width=\"560\" height=\"315\" frameborder=\"0\" allowfullscreen=\"allowfullscreen\"><\/iframe><br \/>\nEl segundo d\u00eda, el m\u00e1s corto de este primer fin de semana de festival, se present\u00f3 en el escenario la <strong>Erik Rothenstein Band<\/strong>, desde la <strong>Rep\u00fablica Eslovaca<\/strong>, quienes mezclando sonidos <strong>\u00e9tnicos<\/strong> de las regiones del Centro, Este y Sur de Europa, nos regala un viaje musical que pasa del blues al <strong>balkan<\/strong>, todo sobre la espuma sonora del jazz, por supuesto.<br \/>\n<iframe loading=\"lazy\" src=\"https:\/\/www.youtube.com\/embed\/r-fMoI2scJA?ecver=1\" width=\"560\" height=\"315\" frameborder=\"0\" allowfullscreen=\"allowfullscreen\"><\/iframe><br \/>\nEl domingo 5, para clausurar la primera parte del festival, escuchamos a <strong>Shake Stew,<\/strong> de <strong>Austria<\/strong>, un grupo en verdad poco convencional que re\u00fane a siete incre\u00edbles m\u00fasicos. Con energ\u00eda gitana, nos envolvi\u00f3 delirantemente entre su secci\u00f3n de tres metales, nos llevaron lejos con sus dos bajos y nos hicieron querer bailar con sus dos bater\u00edas. Una banda en verdad imperdible y venerable que hay que conocer.<br \/>\n<iframe loading=\"lazy\" src=\"https:\/\/www.youtube.com\/embed\/R-Y876AtnWM?ecver=1\" width=\"560\" height=\"315\" frameborder=\"0\" allowfullscreen=\"allowfullscreen\"><\/iframe><br \/>\nPosteriormente, para acabar ese d\u00eda con m\u00e1s Jazz, escuchamos a <strong>Sof\u00eda Ribeiro<\/strong>, quien desde <strong>Portugal<\/strong> nos vino a regalar una tarde de melod\u00edas que seguramente a muchos enamor\u00f3, ya que con su voz logr\u00f3 transmitir las m\u00e1s profundas y alegres emociones, convirtiendo ese domingo en algo m\u00e1s que un d\u00eda para descansar antes del lunes, al introducirnos a este complejo universo sonoro nos damos cuenta de los requisitos para ser parte del Eurojazz a parte de ser europeo: ser innovador y audaz, honesto y profundo. En su \u00faltima entrega discogr\u00e1fica se mezclan temas originales de la cantante y tres <strong>poemas musicalizados<\/strong> que lograr\u00e1n tocar tus fibras m\u00e1s sensibles, no es algo que podamos dejar pasar.<br \/>\n<iframe loading=\"lazy\" src=\"https:\/\/www.youtube.com\/embed\/7TnsISXRuYU?ecver=1\" width=\"560\" height=\"315\" frameborder=\"0\" allowfullscreen=\"allowfullscreen\"><\/iframe><br \/>\nA lo largo de 19 a\u00f1os, en este festival han participado un total de <strong>680<\/strong> m\u00fasicos, se han presentado <strong>180<\/strong> agrupaciones con un total de <strong>122<\/strong> conciertos y se han registrado aproximadamente m\u00e1s de <strong>727,000<\/strong> asistentes. El <strong>Eurojazz<\/strong> es y ser\u00e1 un <strong>basti\u00f3n del Jazz en nuestro pa\u00eds<\/strong>, ya que a pesar de que existen otros festivales de esta \u00edndole a lo largo del territorio nacional, como el <strong>Festival de Jazz de Mazunte<\/strong> o el <strong>Rivera Maya Jazz Festival<\/strong>, ning\u00fan otro ha logrado reunir durante tanto tiempo a m\u00fasicos de hasta ahora <strong>21<\/strong> pa\u00edses diferentes. La importancia de este festival radica en que refleja la esencia misma del Jazz, al ser el resultado de una fusi\u00f3n de culturas y una <strong>herencia universal invaluable<\/strong>. No hay mejor manera de vivir el Jazz que en el presente, en su fugacidad, en la manera en que cada interpretaci\u00f3n se vuelve \u00fanica, as\u00ed como los sentimientos que provocan.<br \/>\nEl Jazz se insert\u00f3 en M\u00e9xico gracias a m\u00fasicos vecinos de la frontera norte, aquellos que convivieron de cerca con este nuevo y complejo lenguaje musical, difundieron sus influencias desde las tempranas d\u00e9cadas del siglo\u00a0pasado. A\u00fan as\u00ed M\u00e9xico se ha quedado rezagado en una concepci\u00f3n muy pobre del Jazz como espect\u00e1culo, c\u00f3mo copia exagerada del formato de las <strong>Big Bands<\/strong> y contraria a la naturaleza misma de este g\u00e9nero: la<strong> constante evoluci\u00f3n<\/strong>.\u00a0El festival Eurojazz nos ense\u00f1a que el Jazz no tiene una s\u00f3la manera de existir, es diverso y radical, est\u00e1 en constante cambio y, dependiendo de d\u00f3nde sea creado, variar\u00e1n sus formas y figuras.<br \/>\nSi te perdiste de estos tres primeros d\u00edas de <strong>Festival Eurojazz<\/strong>, no desesperes, ya que quedan los siguientes dos fines de semana para poder disfrutarlo y festejar la cultura musical del <strong>Viejo Continente<\/strong>. No dejen de ir y de dar oportunidad a ustedes mismos de encontrarse con los que podr\u00edan ser sus pr\u00f3ximos \u00eddolos musicales, es un evento en el que familias y amigos pueden disfrutar y salir de la rutina para conocer nuevas propuestas y romper sus propios <strong>paradigmas musicales<\/strong>.<\/p>\n","protected":false},"template":"","meta":{"_id_youtube":"","_id_vimeo":"","_podcasts_duration":"","_podcasts_url":"","_podcasts_show":"","_prog_horario_dias":"","_prog_hora":"","_prog_duration":""},"class_list":["post-22406","archivo","type-archivo","status-publish","hentry"],"_links":{"self":[{"href":"https:\/\/nofm-radio.com\/index.php?rest_route=\/wp\/v2\/archivo\/22406","targetHints":{"allow":["GET"]}}],"collection":[{"href":"https:\/\/nofm-radio.com\/index.php?rest_route=\/wp\/v2\/archivo"}],"about":[{"href":"https:\/\/nofm-radio.com\/index.php?rest_route=\/wp\/v2\/types\/archivo"}],"wp:attachment":[{"href":"https:\/\/nofm-radio.com\/index.php?rest_route=%2Fwp%2Fv2%2Fmedia&parent=22406"}],"curies":[{"name":"wp","href":"https:\/\/api.w.org\/{rel}","templated":true}]}}

Festival EuroJazz 2017: el último bastión del jazz internacional en México

<p>por <strong>Jesús Arelle</strong><br />
<a href="https://twitter.com/">@EpigmenioCross</a><br />
En 1998 se presentaron en el <strong>Auditorio Blas Galindo</strong> cuatro agrupaciones de <strong>jazz</strong> extranjeras, todas provenientes del <strong>Viejo Continente</strong>. Llegaron desde España, Alemania, Francia y Reino Unido y por primera vez se formó el cartel del festival <strong>Eurojazz</strong> en México.<br />
<a class="no-eff img-link lightbox" href="http://nofm-radio.com/wp-content/uploads/2017/03/eurojazz_2017_redes_sociales.jpg"><img loading="lazy" decoding="async" class="alignnone size-full wp-image-22410" src="http://nofm-radio.com/wp-content/uploads/2017/03/eurojazz_2017_redes_sociales.jpg" alt="eurojazz_2017_redes_sociales" width="960" height="540" /></a><br />
Diecinueve años después, el <strong>Centro Nacional de las Artes</strong>, se enorgullece de dar espacio nuevamente a la música y la fiesta intercontinental. El pasado fin de semana, del 3 al 5 de marzo, los jardines del Cenart se llenaron de los estridentes sonidos de los metales y los sórdidos pero armónicos tonos de los contrabajos de las distintas agrupaciones que abrieron el festival. Como todos los años, el <strong>Festival Eurojazz</strong> se realizó con la fuerte convicción de que una de las expresiones <strong>culturales</strong> más importantes es la música y más aún cuando reúne en un mismo escenario a bandas de diferentes nacionalidades para expresar y dar a conocer su propuestas.<br />
&nbsp;<br />
Aun cuando estamos hablando de un género que vio sus orígenes en los <strong>Estados Unidos</strong> hace casi más de un siglo, el<strong> Eurojazz</strong> nos demuestra la <strong>vigencia</strong> del género y nos lleva musicalmente por todas sus distintas variantes e interpretaciones. Este festival inserta en los oídos de sus asistentes sonidos y notas que son poco comunes en el terreno de la música popular, es un género mucho más estudiado y complejo a comparación de lo que estamos acostumbrados a escuchar.<br />
&nbsp;<br />
<br />
La edición número 20 del Festival arrancó con la agrupación española <strong>Sumrrá</strong>, que con 17 años de trayectoria y cinco discos editados, se han colocado en la mira como uno de los más frescos referentes del jazz contemporáneo. En 2014 recibieron el premio a <strong>Mejor Proyecto de Jazz y Músicas Imporvisadas</strong> en los <strong>Premios Martín Códax de Música</strong>. Dos años después, lanzaron su quinto material discográfico, <strong>Summrrá V Journeys</strong>, bajo el sello neoyorquino <strong>Clermont Music</strong>. Sin duda es una banda que vale mucho la pena escuchar.<br />
<iframe loading="lazy" src="https://www.youtube.com/embed/6SfHbJD3FNU?ecver=1" width="560" height="315" frameborder="0" allowfullscreen="allowfullscreen"></iframe><br />
Para cerrar el día uno del festival, escuchamos la tropa de contrabajos del alemán <strong>Sebastian Gramss Bassmasse</strong>, que, aunque acostumbra a tocar junto a otros 49 contrabajos, la dificultad de transportar de un continente a otro estos instrumentos tan grandes hizo que, afortunadamente, se abriera un diálogo entre <strong>Alemania y México</strong>. Ya que fueron, bajo la dirección del argentino <strong>Rodrigo López Klingenfuss</strong>, seis mexicanos contrabajistas los que compartieron el escenario con Sebastian Gramms, entre ellos <strong>David Sánchez García.</strong><br />
<iframe loading="lazy" src="https://www.youtube.com/embed/clapF26lUWI?ecver=1" width="560" height="315" frameborder="0" allowfullscreen="allowfullscreen"></iframe><br />
El segundo día, el más corto de este primer fin de semana de festival, se presentó en el escenario la <strong>Erik Rothenstein Band</strong>, desde la <strong>República Eslovaca</strong>, quienes mezclando sonidos <strong>étnicos</strong> de las regiones del Centro, Este y Sur de Europa, nos regala un viaje musical que pasa del blues al <strong>balkan</strong>, todo sobre la espuma sonora del jazz, por supuesto.<br />
<iframe loading="lazy" src="https://www.youtube.com/embed/r-fMoI2scJA?ecver=1" width="560" height="315" frameborder="0" allowfullscreen="allowfullscreen"></iframe><br />
El domingo 5, para clausurar la primera parte del festival, escuchamos a <strong>Shake Stew,</strong> de <strong>Austria</strong>, un grupo en verdad poco convencional que reúne a siete increíbles músicos. Con energía gitana, nos envolvió delirantemente entre su sección de tres metales, nos llevaron lejos con sus dos bajos y nos hicieron querer bailar con sus dos baterías. Una banda en verdad imperdible y venerable que hay que conocer.<br />
<iframe loading="lazy" src="https://www.youtube.com/embed/R-Y876AtnWM?ecver=1" width="560" height="315" frameborder="0" allowfullscreen="allowfullscreen"></iframe><br />
Posteriormente, para acabar ese día con más Jazz, escuchamos a <strong>Sofía Ribeiro</strong>, quien desde <strong>Portugal</strong> nos vino a regalar una tarde de melodías que seguramente a muchos enamoró, ya que con su voz logró transmitir las más profundas y alegres emociones, convirtiendo ese domingo en algo más que un día para descansar antes del lunes, al introducirnos a este complejo universo sonoro nos damos cuenta de los requisitos para ser parte del Eurojazz a parte de ser europeo: ser innovador y audaz, honesto y profundo. En su última entrega discográfica se mezclan temas originales de la cantante y tres <strong>poemas musicalizados</strong> que lograrán tocar tus fibras más sensibles, no es algo que podamos dejar pasar.<br />
<iframe loading="lazy" src="https://www.youtube.com/embed/7TnsISXRuYU?ecver=1" width="560" height="315" frameborder="0" allowfullscreen="allowfullscreen"></iframe><br />
A lo largo de 19 años, en este festival han participado un total de <strong>680</strong> músicos, se han presentado <strong>180</strong> agrupaciones con un total de <strong>122</strong> conciertos y se han registrado aproximadamente más de <strong>727,000</strong> asistentes. El <strong>Eurojazz</strong> es y será un <strong>bastión del Jazz en nuestro país</strong>, ya que a pesar de que existen otros festivales de esta índole a lo largo del territorio nacional, como el <strong>Festival de Jazz de Mazunte</strong> o el <strong>Rivera Maya Jazz Festival</strong>, ningún otro ha logrado reunir durante tanto tiempo a músicos de hasta ahora <strong>21</strong> países diferentes. La importancia de este festival radica en que refleja la esencia misma del Jazz, al ser el resultado de una fusión de culturas y una <strong>herencia universal invaluable</strong>. No hay mejor manera de vivir el Jazz que en el presente, en su fugacidad, en la manera en que cada interpretación se vuelve única, así como los sentimientos que provocan.<br />
El Jazz se insertó en México gracias a músicos vecinos de la frontera norte, aquellos que convivieron de cerca con este nuevo y complejo lenguaje musical, difundieron sus influencias desde las tempranas décadas del siglo pasado. Aún así México se ha quedado rezagado en una concepción muy pobre del Jazz como espectáculo, cómo copia exagerada del formato de las <strong>Big Bands</strong> y contraria a la naturaleza misma de este género: la<strong> constante evolución</strong>. El festival Eurojazz nos enseña que el Jazz no tiene una sóla manera de existir, es diverso y radical, está en constante cambio y, dependiendo de dónde sea creado, variarán sus formas y figuras.<br />
Si te perdiste de estos tres primeros días de <strong>Festival Eurojazz</strong>, no desesperes, ya que quedan los siguientes dos fines de semana para poder disfrutarlo y festejar la cultura musical del <strong>Viejo Continente</strong>. No dejen de ir y de dar oportunidad a ustedes mismos de encontrarse con los que podrían ser sus próximos ídolos musicales, es un evento en el que familias y amigos pueden disfrutar y salir de la rutina para conocer nuevas propuestas y romper sus propios <strong>paradigmas musicales</strong>.</p>
