{"id":22432,"date":"2017-03-07T17:13:12","date_gmt":"2017-03-07T23:13:12","guid":{"rendered":"http:\/\/nofm-radio.com\/?p=22432"},"modified":"2017-03-07T17:13:12","modified_gmt":"2017-03-07T23:13:12","slug":"8-textos-para-entender-por-que-nosotrasparamos","status":"publish","type":"archivo","link":"https:\/\/nofm-radio.com\/?archivo=8-textos-para-entender-por-que-nosotrasparamos","title":{"rendered":"8 textos para entender por qu\u00e9 #NosotrasParamos"},"content":{"rendered":"<p>El pr\u00f3ximo <strong>8 de marzo<\/strong> se est\u00e1 convocando a un <strong>paro internacional de mujeres<\/strong> para conmemorar \u00a0el <strong>D\u00eda Internacional de la Mujer<\/strong>. El motivo de esta convocatoria es regresar el caracter combativo a la fecha. Y es que los \u00faltimos a\u00f1os el 8 de marzo se ha convertido en una fecha para recibir felicitaciones, flores y b\u00e1sicamente cosas como \u00e9stas<br \/>\n<a class=\"no-eff img-link lightbox\" href=\"http:\/\/nofm-radio.com\/wp-content\/uploads\/2017\/03\/8M.jpg\"><img loading=\"lazy\" decoding=\"async\" class=\"size-full wp-image-22439 aligncenter\" src=\"http:\/\/nofm-radio.com\/wp-content\/uploads\/2017\/03\/8M.jpg\" alt=\"8M\" width=\"500\" height=\"500\" \/><\/a><br \/>\nY no es que no queramos ser felices, pero para ello necesitamos seguir alzando la voz por <strong>derechos fundamentales<\/strong> y no seguir fortaleciendo esas im\u00e1genes de falsa equidad, o el estereotipo de que la mujer feliz es la que nunca habla. En fin, razones sobran para salir a las calles este mi\u00e9rcoles. Aqu\u00ed les dejamos 8 textos que explican la necesidad de decir <strong>#NosotrasParamos<\/strong>.<br \/>\n<strong>* Yo tambi\u00e9n soy feminista pero de las buenas, de Malena Pichot<\/strong><\/p>\n<blockquote class=\"twitter-video\" data-lang=\"es\">\n<p dir=\"ltr\" lang=\"es\">&#8220;Yo no s\u00e9 qui\u00e9n es Patricia Arcado, ni qu\u00e9 quiere, ni qu\u00e9 busca.&#8221; <a href=\"https:\/\/t.co\/lML6gnOnMS\">pic.twitter.com\/lML6gnOnMS<\/a><\/p>\n<p>\u2014 Sambuka (@samnbk) <a href=\"https:\/\/twitter.com\/samnbk\/status\/838221583046959104\">5 de marzo de 2017<\/a><\/p><\/blockquote>\n<p><script src=\"\/\/platform.twitter.com\/widgets.js\" async=\"\" charset=\"utf-8\"><\/script>*<strong> 8 de marzo: no m\u00e1s dualismos, de Carolina Hern\u00e1ndez-Nieto<\/strong><br \/>\n<em>A pesar de las movilizaciones de miles de mujeres alrededor del mundo, donde las consignas lanzadas exigen igualdad frente a los hombres al ejercer nuestros derechos cualquiera que \u00e9stos sean, este pr\u00f3ximo 8 de marzo, D\u00eda Internacional de la Mujer, la venta de flores y chocolates se incrementar\u00e1 y es que apartarnos de los binarismos entre hombres y mujeres no es tarea sencilla<\/em>. <strong><a href=\"http:\/\/www.animalpolitico.com\/blogueros-verdad-justicia-reparacion\/2017\/03\/06\/8m-no-mas-dualismos\/\" target=\"_blank\" rel=\"noopener noreferrer\">Puedes leer el texto completo publicado por Animal Pol\u00edtico aqu\u00ed<\/a>.<\/strong><br \/>\n<iframe loading=\"lazy\" src=\"https:\/\/embed.theguardian.com\/embed\/video\/global-development\/video\/2016\/oct\/11\/a-girls-life-how-inequality-starts-before-birth-video-international-day-of-the-girl\" width=\"560\" height=\"315\" frameborder=\"0\" allowfullscreen=\"allowfullscreen\"><\/iframe><br \/>\n<strong>* El cuidado es trabajo, de Catalina Ruiz- Navarro<\/strong><br \/>\n<em>Las mujeres gastamos la mayor parte de nuestro tiempo y nuestras energ\u00edas en realizar esos trabajos de cuidado que nadie toma en cuenta. Los realizamos desde que somos ni\u00f1as hasta que somos abuelas, sin pensi\u00f3n, ni prestaciones, ni retiro, salvo la enfermedad incapacitante. Las pocas veces que estos trabajos son pagos se pagan mal, y son realizados, de nuevo, por mujeres, lo que significa que las pocas privilegiadas que podemos zafarnos de estos oficios s\u00f3lo nos liberamos individualmente, delegando en otra mujer los trabajos que \u201cnos tocaban\u201d por nuestro g\u00e9nero. <\/em><strong><a href=\"http:\/\/www.elespectador.com\/opinion\/el-cuidado-es-trabajo-columna-682486\" target=\"_blank\" rel=\"noopener noreferrer\">Puedes leer el texto completo publicado por El Espectador aqu\u00ed<\/a>.<\/strong><br \/>\n<a class=\"no-eff img-link lightbox\" href=\"http:\/\/nofm-radio.com\/wp-content\/uploads\/2017\/03\/feminismo.gif\"><img loading=\"lazy\" decoding=\"async\" class=\"size-full wp-image-22435 aligncenter\" src=\"http:\/\/nofm-radio.com\/wp-content\/uploads\/2017\/03\/feminismo.gif\" alt=\"feminismo\" width=\"500\" height=\"500\" \/><\/a><br \/>\n<strong>* Si ense\u00f1as las tetas no hay feminismo, de Mafer Caballero<\/strong><br \/>\n<em> Los medios y las noticias parecen inundarse con mujeres demostrando todo tipo de inconformidades, columnas pol\u00e9micas \u2013junto con sus respectivas respuestas\u2013 y la discusi\u00f3n permea a niveles cruciales y superficiales: en el gubernamental se discute (a\u00fan) el derecho al aborto, al acceso gratuito de anticonceptivos e incluso, si deben existir los c\u00f3digos de vestimenta con tacones incluidos. En el panorama nacional, el cine mexicano expone una pauta clar\u00edsima de arquetipos femeninos, Caf\u00e9 Tacvba decide no interpretar su famoso \u00e9xito &#8220;La Ingrata&#8221; por &#8220;incitar a la violencia contra la mujer y a un nivel social hay quienes se escandalizan con la certera frase: &#8220;Hoy queda demostrado que ser pobre, mujer e ind\u00edgena no es motivo de verg\u00fcenza&#8221;. <\/em><strong><a href=\"http:\/\/www.huffingtonpost.com.mx\/mafer-caballero\/si-ensenas-las-tetas-no-hay-feminismo\/?utm_hp_ref=mx-dia-de-la-mujer\" target=\"_blank\" rel=\"noopener noreferrer\">Puedes leer el texto completo publicado por Huffington Post<\/a>.<\/strong><br \/>\n<iframe loading=\"lazy\" style=\"border: none; overflow: hidden;\" src=\"https:\/\/www.facebook.com\/plugins\/video.php?href=https%3A%2F%2Fwww.facebook.com%2Fajplusenglish%2Fvideos%2F913827608758747%2F&amp;show_text=0&amp;width=560\" width=\"560\" height=\"315\" frameborder=\"0\" scrolling=\"no\" allowfullscreen=\"allowfullscreen\"><\/iframe><br \/>\n<strong>* \u00bfA ti qui\u00e9n te cuida?, de Estefan\u00eda Vela Barba<\/strong><br \/>\n<em>Parece que es m\u00e1s f\u00e1cil paralizar una f\u00e1brica que una casa con ni\u00f1os. Qu\u00e9 estructural es el asunto del cuidado que la misma protesta pol\u00edtica se revela por lo que es: un privilegio de quienes no tienen que estar pendiente del cuidado de alguien m\u00e1s. Ser un ciudadano activo depende de que no se tengas esas &#8220;preocupaciones&#8221; cotidianas. Qu\u00e9 cabr\u00f3n.<\/em> <strong><a href=\"http:\/\/www.eluniversal.com.mx\/blogs\/estefania-vela-barba\/2017\/03\/1\/ti-quien-te-cuida?utm_content=buffer8d252&amp;utm_medium=social&amp;utm_source=twitter.com&amp;utm_campaign=buffer\" target=\"_blank\" rel=\"noopener noreferrer\">Puedes leer el texto completo publicado por El Universal aqu\u00ed<\/a>.<\/strong><br \/>\n<iframe loading=\"lazy\" src=\"https:\/\/embed.theguardian.com\/embed\/video\/global-development\/video\/2017\/mar\/07\/international-womens-day-how-can-you-support-the-global-strike\" width=\"560\" height=\"315\" frameborder=\"0\" allowfullscreen=\"allowfullscreen\"><\/iframe><br \/>\n<strong>* Feminismo: el radar electoral del Estado de M\u00e9xico, por Mait\u00e9 Azuela<\/strong><br \/>\n<em>El proceso electoral que dar\u00e1 inicio en pr\u00f3ximas fechas en el Estado d* Feminicidio: radar electoral del Estado de M\u00e9xicoe M\u00e9xico, tendr\u00e1 la novedosa figura de dos mujeres contendientes quienes buscar\u00e1n llevar la alternancia pol\u00edtica al sistema de gobierno de los mexiquenses. Si consideramos que el reto no es menor, en tanto que la contienda se desarrollar\u00e1 en el estado de mayor poblaci\u00f3n de toda la Rep\u00fablica, la balanza podr\u00eda estar determinada en cierta medida por las mujeres votantes. El 51 por ciento de la poblaci\u00f3n mexiquense son mujeres. Ello l\u00f3gicamente no implica que vayan a ser votantes o simpatizantes directas de una u otra candidata. Ya las elecciones en Estados Unidos demostraron que inferir un voto autom\u00e1tico por identidad de g\u00e9nero es equivocado. Sin embargo, la capacidad que tengan los diferentes candidatos de visibilizar sin tapujos los feminicidios y proponer estrategias que no resulten simuladoras, seguramente tendr\u00eda un efecto entre las potenciales votantes.<\/em><strong> <a href=\"http:\/\/www.sinembargo.mx\/07-03-2017\/3167059\" target=\"_blank\" rel=\"noopener noreferrer\">Puedes leer el texto completo publicado por Sin Embargo aqu\u00ed.<\/a><\/strong><\/p>\n<blockquote class=\"twitter-video\" data-lang=\"es\"><p>\nLa tierra temblar\u00e1, porque <a href=\"https:\/\/twitter.com\/hashtag\/NosotrasParamos?src=hash\">#NosotrasParamos<\/a> para denunciar los feminicidios y la explotaci\u00f3n econ\u00f3mica a la que somos sometidas diariamente <a href=\"https:\/\/t.co\/KK5c37UFvU\">pic.twitter.com\/KK5c37UFvU<\/a> \u2014 MujeresenMarcha (@Mujeres_Marcha) <a href=\"https:\/\/twitter.com\/Mujeres_Marcha\/status\/839121941676060674\">7 de marzo de 2017<\/a>\n<\/p><\/blockquote>\n<p><script src=\"\/\/platform.twitter.com\/widgets.js\" async=\"\" charset=\"utf-8\"><\/script><br \/>\n<strong>* Cansadas de las zapatillas y de los tacones, de Carmen Mor\u00e1n<\/strong><br \/>\n<em>Periodista, escritora y experta en violencia de g\u00e9nero, Varela (Tur\u00f3n, Asturias, 1967) alza de nuevo la voz para explicar qu\u00e9 es eso de la nueva misoginia, con qu\u00e9 sutileza se est\u00e1 \u201cnegando la desigualdad, disimulando su existencia, metiendo bajo la alfombra las cifras que no acaban de cuadrar, haciendo valer palabras como neutralidad, m\u00e9rito, incluso desde un aparente progresismo, como campan con fuerza los expertos en el negacionismo de la discriminaci\u00f3n\u201d.<\/em> <strong><a href=\"http:\/\/cultura.elpais.com\/cultura\/2017\/03\/06\/actualidad\/1488815860_014794.html\" target=\"_blank\" rel=\"noopener noreferrer\">Puedes leer el texto completo publicado por El Pa\u00eds aqu\u00ed.<\/a><\/strong><\/p>\n<blockquote class=\"twitter-video\" data-lang=\"es\">\n<p dir=\"ltr\" lang=\"es\">&#8220;Yo no soy machista, pero&#8230;&#8221; y otras frases que para decir que no eres machista (y que demuestran lo contrario) <a href=\"https:\/\/twitter.com\/hashtag\/8M?src=hash\">#8M<\/a> <a href=\"https:\/\/t.co\/7DLyTLMaij\">https:\/\/t.co\/7DLyTLMaij<\/a> <a href=\"https:\/\/t.co\/VKobWwmUDt\">pic.twitter.com\/VKobWwmUDt<\/a><\/p>\n<p>\u2014 verne (@verne) <a href=\"https:\/\/twitter.com\/verne\/status\/839204031037779968\">7 de marzo de 2017<\/a><\/p><\/blockquote>\n<p><script src=\"\/\/platform.twitter.com\/widgets.js\" async=\"\" charset=\"utf-8\"><\/script>* <strong>\u00bfPueden por favor parar de decirme que el feminismo es sexy?, entrevista de Emma Brockes a Chimamanda Ngozi Adichie<\/strong><br \/>\n<em>Para m\u00ed, el feminismo es un movimiento cuya meta final es hacerse inecesario. Creo que el feminismo acad\u00e9mico es interesante por el hecho de que nombra las cosas, pero no estoy incre\u00edblemente interesada en debatir t\u00e9rminos. Quiero que los matrimonios de las personas cambien para bien. Quiero ir a una entrevista de trabajo y ser tratada de la misma manera que alguien que tiene pene.<\/em> <strong><a href=\"https:\/\/www.theguardian.com\/books\/2017\/mar\/04\/chimamanda-ngozi-adichie-stop-telling-me-feminism-hot?CMP=fb_a-culture_b-gdnculture\" target=\"_blank\" rel=\"noopener noreferrer\">Puedes leer el texto completo publicado en The Guardian aqu\u00ed.<\/a><\/strong><\/p>\n<blockquote class=\"twitter-video\" data-lang=\"es\"><p>\nMa\u00f1ana ser\u00e1 un d\u00eda grande. <a href=\"https:\/\/twitter.com\/hashtag\/ParoMundialMujeres?src=hash\">#ParoMundialMujeres<\/a><a href=\"https:\/\/twitter.com\/hashtag\/8M?src=hash\">#8M<\/a><a href=\"https:\/\/t.co\/3sCEwOjQlG\">pic.twitter.com\/3sCEwOjQlG<\/a> \u2014 Txaro (@riojavioleta) <a href=\"https:\/\/twitter.com\/riojavioleta\/status\/839243212443234308\">7 de marzo de 2017<\/a>\n<\/p><\/blockquote>\n<p>&nbsp;<br \/>\nAs\u00ed es, muchachas, podemos sumarnos al paro de distintas maneras. Tambi\u00e9n podemos asistir a la<strong> marcha<\/strong> que se realizar\u00e1 en distintas ciudades. Y si no es posible parar o salir a marchar, les dejamos la iniciativa <strong>#Aqu\u00edEstamos<\/strong>, una forma de utilizar las redes sociales para hacernos visibles en esta manifestaci\u00f3n. S\u00f3lo tienen que entrar <strong><a href=\"https:\/\/aqui-estamos.com\/\" target=\"_blank\" rel=\"noopener noreferrer\">aqu\u00ed<\/a><\/strong>. Y para los muchachos, ac\u00e1 un par de sugerencias para solidarizarse con el <strong>#8M.<\/strong><br \/>\n<iframe loading=\"lazy\" style=\"border: none; overflow: hidden;\" src=\"https:\/\/www.facebook.com\/plugins\/post.php?href=https%3A%2F%2Fwww.facebook.com%2Fmircamposar%2Fposts%2F10158312779605023&amp;width=500\" width=\"500\" height=\"224\" frameborder=\"0\" scrolling=\"no\"><\/iframe><script src=\"\/\/platform.twitter.com\/widgets.js\" async=\"\" charset=\"utf-8\"><\/script><\/p>\n","protected":false},"template":"","meta":{"_id_youtube":"","_id_vimeo":"","_podcasts_duration":"","_podcasts_url":"","_podcasts_show":"","_prog_horario_dias":"","_prog_hora":"","_prog_duration":""},"class_list":["post-22432","archivo","type-archivo","status-publish","hentry"],"_links":{"self":[{"href":"https:\/\/nofm-radio.com\/index.php?rest_route=\/wp\/v2\/archivo\/22432","targetHints":{"allow":["GET"]}}],"collection":[{"href":"https:\/\/nofm-radio.com\/index.php?rest_route=\/wp\/v2\/archivo"}],"about":[{"href":"https:\/\/nofm-radio.com\/index.php?rest_route=\/wp\/v2\/types\/archivo"}],"wp:attachment":[{"href":"https:\/\/nofm-radio.com\/index.php?rest_route=%2Fwp%2Fv2%2Fmedia&parent=22432"}],"curies":[{"name":"wp","href":"https:\/\/api.w.org\/{rel}","templated":true}]}}

8 textos para entender por qué #NosotrasParamos

<p>El próximo <strong>8 de marzo</strong> se está convocando a un <strong>paro internacional de mujeres</strong> para conmemorar  el <strong>Día Internacional de la Mujer</strong>. El motivo de esta convocatoria es regresar el caracter combativo a la fecha. Y es que los últimos años el 8 de marzo se ha convertido en una fecha para recibir felicitaciones, flores y básicamente cosas como éstas<br />
<a class="no-eff img-link lightbox" href="http://nofm-radio.com/wp-content/uploads/2017/03/8M.jpg"><img loading="lazy" decoding="async" class="size-full wp-image-22439 aligncenter" src="http://nofm-radio.com/wp-content/uploads/2017/03/8M.jpg" alt="8M" width="500" height="500" /></a><br />
Y no es que no queramos ser felices, pero para ello necesitamos seguir alzando la voz por <strong>derechos fundamentales</strong> y no seguir fortaleciendo esas imágenes de falsa equidad, o el estereotipo de que la mujer feliz es la que nunca habla. En fin, razones sobran para salir a las calles este miércoles. Aquí les dejamos 8 textos que explican la necesidad de decir <strong>#NosotrasParamos</strong>.<br />
<strong>* Yo también soy feminista pero de las buenas, de Malena Pichot</strong></p>
<blockquote class="twitter-video" data-lang="es">
<p dir="ltr" lang="es">&#8220;Yo no sé quién es Patricia Arcado, ni qué quiere, ni qué busca.&#8221; <a href="https://t.co/lML6gnOnMS">pic.twitter.com/lML6gnOnMS</a></p>
<p>— Sambuka (@samnbk) <a href="https://twitter.com/samnbk/status/838221583046959104">5 de marzo de 2017</a></p></blockquote>
<p><script src="//platform.twitter.com/widgets.js" async="" charset="utf-8"></script>*<strong> 8 de marzo: no más dualismos, de Carolina Hernández-Nieto</strong><br />
<em>A pesar de las movilizaciones de miles de mujeres alrededor del mundo, donde las consignas lanzadas exigen igualdad frente a los hombres al ejercer nuestros derechos cualquiera que éstos sean, este próximo 8 de marzo, Día Internacional de la Mujer, la venta de flores y chocolates se incrementará y es que apartarnos de los binarismos entre hombres y mujeres no es tarea sencilla</em>. <strong><a href="http://www.animalpolitico.com/blogueros-verdad-justicia-reparacion/2017/03/06/8m-no-mas-dualismos/" target="_blank" rel="noopener noreferrer">Puedes leer el texto completo publicado por Animal Político aquí</a>.</strong><br />
<iframe loading="lazy" src="https://embed.theguardian.com/embed/video/global-development/video/2016/oct/11/a-girls-life-how-inequality-starts-before-birth-video-international-day-of-the-girl" width="560" height="315" frameborder="0" allowfullscreen="allowfullscreen"></iframe><br />
<strong>* El cuidado es trabajo, de Catalina Ruiz- Navarro</strong><br />
<em>Las mujeres gastamos la mayor parte de nuestro tiempo y nuestras energías en realizar esos trabajos de cuidado que nadie toma en cuenta. Los realizamos desde que somos niñas hasta que somos abuelas, sin pensión, ni prestaciones, ni retiro, salvo la enfermedad incapacitante. Las pocas veces que estos trabajos son pagos se pagan mal, y son realizados, de nuevo, por mujeres, lo que significa que las pocas privilegiadas que podemos zafarnos de estos oficios sólo nos liberamos individualmente, delegando en otra mujer los trabajos que “nos tocaban” por nuestro género. </em><strong><a href="http://www.elespectador.com/opinion/el-cuidado-es-trabajo-columna-682486" target="_blank" rel="noopener noreferrer">Puedes leer el texto completo publicado por El Espectador aquí</a>.</strong><br />
<a class="no-eff img-link lightbox" href="http://nofm-radio.com/wp-content/uploads/2017/03/feminismo.gif"><img loading="lazy" decoding="async" class="size-full wp-image-22435 aligncenter" src="http://nofm-radio.com/wp-content/uploads/2017/03/feminismo.gif" alt="feminismo" width="500" height="500" /></a><br />
<strong>* Si enseñas las tetas no hay feminismo, de Mafer Caballero</strong><br />
<em> Los medios y las noticias parecen inundarse con mujeres demostrando todo tipo de inconformidades, columnas polémicas –junto con sus respectivas respuestas– y la discusión permea a niveles cruciales y superficiales: en el gubernamental se discute (aún) el derecho al aborto, al acceso gratuito de anticonceptivos e incluso, si deben existir los códigos de vestimenta con tacones incluidos. En el panorama nacional, el cine mexicano expone una pauta clarísima de arquetipos femeninos, Café Tacvba decide no interpretar su famoso éxito &#8220;La Ingrata&#8221; por &#8220;incitar a la violencia contra la mujer y a un nivel social hay quienes se escandalizan con la certera frase: &#8220;Hoy queda demostrado que ser pobre, mujer e indígena no es motivo de vergüenza&#8221;. </em><strong><a href="http://www.huffingtonpost.com.mx/mafer-caballero/si-ensenas-las-tetas-no-hay-feminismo/?utm_hp_ref=mx-dia-de-la-mujer" target="_blank" rel="noopener noreferrer">Puedes leer el texto completo publicado por Huffington Post</a>.</strong><br />
<iframe loading="lazy" style="border: none; overflow: hidden;" src="https://www.facebook.com/plugins/video.php?href=https%3A%2F%2Fwww.facebook.com%2Fajplusenglish%2Fvideos%2F913827608758747%2F&amp;show_text=0&amp;width=560" width="560" height="315" frameborder="0" scrolling="no" allowfullscreen="allowfullscreen"></iframe><br />
<strong>* ¿A ti quién te cuida?, de Estefanía Vela Barba</strong><br />
<em>Parece que es más fácil paralizar una fábrica que una casa con niños. Qué estructural es el asunto del cuidado que la misma protesta política se revela por lo que es: un privilegio de quienes no tienen que estar pendiente del cuidado de alguien más. Ser un ciudadano activo depende de que no se tengas esas &#8220;preocupaciones&#8221; cotidianas. Qué cabrón.</em> <strong><a href="http://www.eluniversal.com.mx/blogs/estefania-vela-barba/2017/03/1/ti-quien-te-cuida?utm_content=buffer8d252&amp;utm_medium=social&amp;utm_source=twitter.com&amp;utm_campaign=buffer" target="_blank" rel="noopener noreferrer">Puedes leer el texto completo publicado por El Universal aquí</a>.</strong><br />
<iframe loading="lazy" src="https://embed.theguardian.com/embed/video/global-development/video/2017/mar/07/international-womens-day-how-can-you-support-the-global-strike" width="560" height="315" frameborder="0" allowfullscreen="allowfullscreen"></iframe><br />
<strong>* Feminismo: el radar electoral del Estado de México, por Maité Azuela</strong><br />
<em>El proceso electoral que dará inicio en próximas fechas en el Estado d* Feminicidio: radar electoral del Estado de Méxicoe México, tendrá la novedosa figura de dos mujeres contendientes quienes buscarán llevar la alternancia política al sistema de gobierno de los mexiquenses. Si consideramos que el reto no es menor, en tanto que la contienda se desarrollará en el estado de mayor población de toda la República, la balanza podría estar determinada en cierta medida por las mujeres votantes. El 51 por ciento de la población mexiquense son mujeres. Ello lógicamente no implica que vayan a ser votantes o simpatizantes directas de una u otra candidata. Ya las elecciones en Estados Unidos demostraron que inferir un voto automático por identidad de género es equivocado. Sin embargo, la capacidad que tengan los diferentes candidatos de visibilizar sin tapujos los feminicidios y proponer estrategias que no resulten simuladoras, seguramente tendría un efecto entre las potenciales votantes.</em><strong> <a href="http://www.sinembargo.mx/07-03-2017/3167059" target="_blank" rel="noopener noreferrer">Puedes leer el texto completo publicado por Sin Embargo aquí.</a></strong></p>
<blockquote class="twitter-video" data-lang="es"><p>
La tierra temblará, porque <a href="https://twitter.com/hashtag/NosotrasParamos?src=hash">#NosotrasParamos</a> para denunciar los feminicidios y la explotación económica a la que somos sometidas diariamente <a href="https://t.co/KK5c37UFvU">pic.twitter.com/KK5c37UFvU</a> — MujeresenMarcha (@Mujeres_Marcha) <a href="https://twitter.com/Mujeres_Marcha/status/839121941676060674">7 de marzo de 2017</a>
</p></blockquote>
<p><script src="//platform.twitter.com/widgets.js" async="" charset="utf-8"></script><br />
<strong>* Cansadas de las zapatillas y de los tacones, de Carmen Morán</strong><br />
<em>Periodista, escritora y experta en violencia de género, Varela (Turón, Asturias, 1967) alza de nuevo la voz para explicar qué es eso de la nueva misoginia, con qué sutileza se está “negando la desigualdad, disimulando su existencia, metiendo bajo la alfombra las cifras que no acaban de cuadrar, haciendo valer palabras como neutralidad, mérito, incluso desde un aparente progresismo, como campan con fuerza los expertos en el negacionismo de la discriminación”.</em> <strong><a href="http://cultura.elpais.com/cultura/2017/03/06/actualidad/1488815860_014794.html" target="_blank" rel="noopener noreferrer">Puedes leer el texto completo publicado por El País aquí.</a></strong></p>
<blockquote class="twitter-video" data-lang="es">
<p dir="ltr" lang="es">&#8220;Yo no soy machista, pero&#8230;&#8221; y otras frases que para decir que no eres machista (y que demuestran lo contrario) <a href="https://twitter.com/hashtag/8M?src=hash">#8M</a> <a href="https://t.co/7DLyTLMaij">https://t.co/7DLyTLMaij</a> <a href="https://t.co/VKobWwmUDt">pic.twitter.com/VKobWwmUDt</a></p>
<p>— verne (@verne) <a href="https://twitter.com/verne/status/839204031037779968">7 de marzo de 2017</a></p></blockquote>
<p><script src="//platform.twitter.com/widgets.js" async="" charset="utf-8"></script>* <strong>¿Pueden por favor parar de decirme que el feminismo es sexy?, entrevista de Emma Brockes a Chimamanda Ngozi Adichie</strong><br />
<em>Para mí, el feminismo es un movimiento cuya meta final es hacerse inecesario. Creo que el feminismo académico es interesante por el hecho de que nombra las cosas, pero no estoy increíblemente interesada en debatir términos. Quiero que los matrimonios de las personas cambien para bien. Quiero ir a una entrevista de trabajo y ser tratada de la misma manera que alguien que tiene pene.</em> <strong><a href="https://www.theguardian.com/books/2017/mar/04/chimamanda-ngozi-adichie-stop-telling-me-feminism-hot?CMP=fb_a-culture_b-gdnculture" target="_blank" rel="noopener noreferrer">Puedes leer el texto completo publicado en The Guardian aquí.</a></strong></p>
<blockquote class="twitter-video" data-lang="es"><p>
Mañana será un día grande. <a href="https://twitter.com/hashtag/ParoMundialMujeres?src=hash">#ParoMundialMujeres</a><a href="https://twitter.com/hashtag/8M?src=hash">#8M</a><a href="https://t.co/3sCEwOjQlG">pic.twitter.com/3sCEwOjQlG</a> — Txaro (@riojavioleta) <a href="https://twitter.com/riojavioleta/status/839243212443234308">7 de marzo de 2017</a>
</p></blockquote>
<p>&nbsp;<br />
Así es, muchachas, podemos sumarnos al paro de distintas maneras. También podemos asistir a la<strong> marcha</strong> que se realizará en distintas ciudades. Y si no es posible parar o salir a marchar, les dejamos la iniciativa <strong>#AquíEstamos</strong>, una forma de utilizar las redes sociales para hacernos visibles en esta manifestación. Sólo tienen que entrar <strong><a href="https://aqui-estamos.com/" target="_blank" rel="noopener noreferrer">aquí</a></strong>. Y para los muchachos, acá un par de sugerencias para solidarizarse con el <strong>#8M.</strong><br />
<iframe loading="lazy" style="border: none; overflow: hidden;" src="https://www.facebook.com/plugins/post.php?href=https%3A%2F%2Fwww.facebook.com%2Fmircamposar%2Fposts%2F10158312779605023&amp;width=500" width="500" height="224" frameborder="0" scrolling="no"></iframe><script src="//platform.twitter.com/widgets.js" async="" charset="utf-8"></script></p>
