{"id":22452,"date":"2017-03-07T22:21:37","date_gmt":"2017-03-08T04:21:37","guid":{"rendered":"http:\/\/nofm-radio.com\/?p=22452"},"modified":"2017-03-07T22:21:37","modified_gmt":"2017-03-08T04:21:37","slug":"aqui-puedes-escuchar-el-especial-el-pequeno-priista-que-todos-llevamos-dentro","status":"publish","type":"archivo","link":"https:\/\/nofm-radio.com\/?archivo=aqui-puedes-escuchar-el-especial-el-pequeno-priista-que-todos-llevamos-dentro","title":{"rendered":"Aqu\u00ed puedes escuchar el especial &quot;El peque\u00f1o pri\u00edsta que todos llevamos dentro&quot;"},"content":{"rendered":"<p>El 4 de marzo de 1929 se fund\u00f3 eso que ahora conocemos como el <strong>Partido Revolucionario Institucional<\/strong>. El ente de la <strong>pol\u00edtica mexicana<\/strong> parece ser la fuente de todos nuestros males, pero es tambi\u00e9n el origen del <strong>humor mexicano<\/strong>. Acept\u00e9moslo, la parodia pol\u00edtica, la s\u00e1tira, la caricatura, los chistes, los sketches, y un gran etc\u00e9tera, no existir\u00edan si no existiera el PRI. Tambi\u00e9n hay que aceptar que muchas de los usos y costumbres del Partido est\u00e1n tambi\u00e9n enraizadas en la sociedad mexicana, que a la vez que las condena las ampara y preserva.<br \/>\nEl pasado viernes 3 de marzo, <strong>#EspecialesNoFM y Mel\u00ed Mel\u00f3<\/strong> present\u00f3 el programa <strong>El peque\u00f1o pri\u00edsta que todos llevamos dentro. El partido como fuente del humorismo mexicano<\/strong>. Porque aunque nos pese, hay cosas que no podemos negar, pero s\u00ed nos podemos re\u00edr de ellas, y con ello tratar de desvanecer su aparentemente omnipotencia. Disfruten.<br \/>\n<strong>Parte I<\/strong><br \/>\nMesa con <strong>Diego Mej\u00eda, Juan Pablo San Esteban, Rap\u00e9 e Iv\u00e1n Cruz Osorio<\/strong><br \/>\nEntrevista con <strong>Javier Risco<\/strong><br \/>\n[audio:http:\/\/nofm-radio.com\/podcast\/2017\/El_pequeno_priista_I.mp3]<br \/>\n<strong>Parte II<\/strong><br \/>\nMesa con<strong> Diego Mej\u00eda, M\u00f3nica Moreno, Rap\u00e9 e Iv\u00e1n Cruz Osorio<\/strong><br \/>\nEntrevista con <strong>\u00d3scar Muci\u00f1o<\/strong><br \/>\n[audio:http:\/\/nofm-radio.com\/podcast\/2017\/El_pequeno_priista_II.mp3]<\/p>\n","protected":false},"template":"","meta":{"_id_youtube":"","_id_vimeo":"","_podcasts_duration":"","_podcasts_url":"","_podcasts_show":"","_prog_horario_dias":"","_prog_hora":"","_prog_duration":""},"class_list":["post-22452","archivo","type-archivo","status-publish","hentry"],"_links":{"self":[{"href":"https:\/\/nofm-radio.com\/index.php?rest_route=\/wp\/v2\/archivo\/22452","targetHints":{"allow":["GET"]}}],"collection":[{"href":"https:\/\/nofm-radio.com\/index.php?rest_route=\/wp\/v2\/archivo"}],"about":[{"href":"https:\/\/nofm-radio.com\/index.php?rest_route=\/wp\/v2\/types\/archivo"}],"wp:attachment":[{"href":"https:\/\/nofm-radio.com\/index.php?rest_route=%2Fwp%2Fv2%2Fmedia&parent=22452"}],"curies":[{"name":"wp","href":"https:\/\/api.w.org\/{rel}","templated":true}]}}

Aquí puedes escuchar el especial &quot;El pequeño priísta que todos llevamos dentro&quot;

<p>El 4 de marzo de 1929 se fundó eso que ahora conocemos como el <strong>Partido Revolucionario Institucional</strong>. El ente de la <strong>política mexicana</strong> parece ser la fuente de todos nuestros males, pero es también el origen del <strong>humor mexicano</strong>. Aceptémoslo, la parodia política, la sátira, la caricatura, los chistes, los sketches, y un gran etcétera, no existirían si no existiera el PRI. También hay que aceptar que muchas de los usos y costumbres del Partido están también enraizadas en la sociedad mexicana, que a la vez que las condena las ampara y preserva.<br />
El pasado viernes 3 de marzo, <strong>#EspecialesNoFM y Melí Meló</strong> presentó el programa <strong>El pequeño priísta que todos llevamos dentro. El partido como fuente del humorismo mexicano</strong>. Porque aunque nos pese, hay cosas que no podemos negar, pero sí nos podemos reír de ellas, y con ello tratar de desvanecer su aparentemente omnipotencia. Disfruten.<br />
<strong>Parte I</strong><br />
Mesa con <strong>Diego Mejía, Juan Pablo San Esteban, Rapé e Iván Cruz Osorio</strong><br />
Entrevista con <strong>Javier Risco</strong><br />
[audio:http://nofm-radio.com/podcast/2017/El_pequeno_priista_I.mp3]<br />
<strong>Parte II</strong><br />
Mesa con<strong> Diego Mejía, Mónica Moreno, Rapé e Iván Cruz Osorio</strong><br />
Entrevista con <strong>Óscar Muciño</strong><br />
[audio:http://nofm-radio.com/podcast/2017/El_pequeno_priista_II.mp3]</p>
