{"id":22459,"date":"2017-03-07T22:56:50","date_gmt":"2017-03-08T04:56:50","guid":{"rendered":"http:\/\/nofm-radio.com\/?p=22459"},"modified":"2017-03-07T22:56:50","modified_gmt":"2017-03-08T04:56:50","slug":"nofm-se-une-al-paro-internacional-de-mujeres","status":"publish","type":"archivo","link":"https:\/\/nofm-radio.com\/?archivo=nofm-se-une-al-paro-internacional-de-mujeres","title":{"rendered":"NoFM se une al Paro Internacional de Mujeres"},"content":{"rendered":"<p>En <strong>NoFM<\/strong> somos muchxs, pero no somos machxs\u2026 La verdad a veces s\u00ed lo somos, y mucho (pausa para burlas y sorpresa). Y no es esto un <em>mea culpa<\/em>, es la simple aceptaci\u00f3n de que vivimos en un mundo en que se ha normalizado e interiorizado vivir de una manera que discrimina a m\u00e1s de la mitad de la poblaci\u00f3n mundial. Los <strong>machismos<\/strong> (micros, medianos y enormes) son parte de la vida diaria, por lo que tambi\u00e9n se vuelve necesario identificarlos d\u00eda a d\u00eda. Debemos aceptar que  a veces nos gana la cotidianidad y no controlamos lo machos que somos, pero algo que siempre tenemos presente es que somos muchxs, y de ello nos valemos ahora para expresar nuestra solidaridad.<br \/>\nNos solidarizamos con las mujeres que hoy, y todos los d\u00edas, viven situaciones que la mayor parte de las personas que trabajamos en la estaci\u00f3n no entendemos. Porque, a\u00fan sin propon\u00e9rnoslo, este espacio que hemos ido construyendo sigue siendo todav\u00eda mayoritariamente masculino. Por eso hoy, <strong>8 de marzo<\/strong>, <strong>NoFM<\/strong> se une al <strong>Paro Internacional de Mujeres<\/strong>, y se une cerrando sus micr\u00f3fonos. Paramos porque las voces de nuestras colaboradoras son indispensables para la vida de <strong>NoFM<\/strong>. Paramos porque el silencio a veces es lo m\u00e1s necesario, porque hay que parar para pensar y volver a discutir sobre lo que nos incomoda y nos hiere, sobre lo que no entendemos y queremos cambiar. Paramos porque hoy la discusi\u00f3n tiene que darse en otros espacios que no se reducen a nuestra cabina. Paramos porque estar ante un micr\u00f3fono es un privilegio, como otros tantos, al que decidimos renunciar para escucharnos, para escuchar a otras que no tienen acceso a ellos.<br \/>\nSi <strong>NoFM<\/strong> es <strong>Todo Menos Miedo<\/strong>, <strong>#NosotrxsParamos<\/strong> por una vida con <strong>Todo Menos Miedo<\/strong>.<br \/>\n<a href=\"http:\/\/nofm-radio.com\/wp-content\/uploads\/2017\/03\/NOSOTRAS-PARAMOS-emilia.jpg\" class=\"no-eff img-link lightbox\" ><img loading=\"lazy\" decoding=\"async\" src=\"http:\/\/nofm-radio.com\/wp-content\/uploads\/2017\/03\/NOSOTRAS-PARAMOS-emilia.jpg\" alt=\"NOSOTRAS PARAMOS emilia\" width=\"723\" height=\"960\" class=\"alignnone size-full wp-image-22460\" \/><\/a><\/p>\n","protected":false},"template":"","meta":{"_id_youtube":"","_id_vimeo":"","_podcasts_duration":"","_podcasts_url":"","_podcasts_show":"","_prog_horario_dias":"","_prog_hora":"","_prog_duration":""},"class_list":["post-22459","archivo","type-archivo","status-publish","hentry"],"_links":{"self":[{"href":"https:\/\/nofm-radio.com\/index.php?rest_route=\/wp\/v2\/archivo\/22459","targetHints":{"allow":["GET"]}}],"collection":[{"href":"https:\/\/nofm-radio.com\/index.php?rest_route=\/wp\/v2\/archivo"}],"about":[{"href":"https:\/\/nofm-radio.com\/index.php?rest_route=\/wp\/v2\/types\/archivo"}],"wp:attachment":[{"href":"https:\/\/nofm-radio.com\/index.php?rest_route=%2Fwp%2Fv2%2Fmedia&parent=22459"}],"curies":[{"name":"wp","href":"https:\/\/api.w.org\/{rel}","templated":true}]}}

<p>En <strong>NoFM</strong> somos muchxs, pero no somos machxs… La verdad a veces sí lo somos, y mucho (pausa para burlas y sorpresa). Y no es esto un <em>mea culpa</em>, es la simple aceptación de que vivimos en un mundo en que se ha normalizado e interiorizado vivir de una manera que discrimina a más de la mitad de la población mundial. Los <strong>machismos</strong> (micros, medianos y enormes) son parte de la vida diaria, por lo que también se vuelve necesario identificarlos día a día. Debemos aceptar que  a veces nos gana la cotidianidad y no controlamos lo machos que somos, pero algo que siempre tenemos presente es que somos muchxs, y de ello nos valemos ahora para expresar nuestra solidaridad.<br />
Nos solidarizamos con las mujeres que hoy, y todos los días, viven situaciones que la mayor parte de las personas que trabajamos en la estación no entendemos. Porque, aún sin proponérnoslo, este espacio que hemos ido construyendo sigue siendo todavía mayoritariamente masculino. Por eso hoy, <strong>8 de marzo</strong>, <strong>NoFM</strong> se une al <strong>Paro Internacional de Mujeres</strong>, y se une cerrando sus micrófonos. Paramos porque las voces de nuestras colaboradoras son indispensables para la vida de <strong>NoFM</strong>. Paramos porque el silencio a veces es lo más necesario, porque hay que parar para pensar y volver a discutir sobre lo que nos incomoda y nos hiere, sobre lo que no entendemos y queremos cambiar. Paramos porque hoy la discusión tiene que darse en otros espacios que no se reducen a nuestra cabina. Paramos porque estar ante un micrófono es un privilegio, como otros tantos, al que decidimos renunciar para escucharnos, para escuchar a otras que no tienen acceso a ellos.<br />
Si <strong>NoFM</strong> es <strong>Todo Menos Miedo</strong>, <strong>#NosotrxsParamos</strong> por una vida con <strong>Todo Menos Miedo</strong>.<br />
<a href="http://nofm-radio.com/wp-content/uploads/2017/03/NOSOTRAS-PARAMOS-emilia.jpg" class="no-eff img-link lightbox" ><img loading="lazy" decoding="async" src="http://nofm-radio.com/wp-content/uploads/2017/03/NOSOTRAS-PARAMOS-emilia.jpg" alt="NOSOTRAS PARAMOS emilia" width="723" height="960" class="alignnone size-full wp-image-22460" /></a></p>
