{"id":22609,"date":"2017-03-15T15:15:20","date_gmt":"2017-03-15T21:15:20","guid":{"rendered":"http:\/\/nofm-radio.com\/?p=22609"},"modified":"2017-03-15T15:15:20","modified_gmt":"2017-03-15T21:15:20","slug":"pecessueltos-presenta-los-nakos","status":"publish","type":"archivo","link":"https:\/\/nofm-radio.com\/?archivo=pecessueltos-presenta-los-nakos","title":{"rendered":"#PecesSueltos presenta Los Nakos"},"content":{"rendered":"<p style=\"text-align: right;\"><em>\u201cA Loose-Fish is fair game for anybody who can soonest catch it.\u201d<\/em> Moby Dick<\/p>\n<p><em>Si la m\u00fasica se parece al mar, y lo habitamos todos, hay especies raras, que se ven poco y extra\u00f1a vez son capturadas. Aqu\u00ed surcamos las olas para hacerlos m\u00e1s evidentes.<\/em><\/p>\n<p style=\"text-align: center;\"><strong>Los Nakos<br \/>\n<\/strong><\/p>\n<p>por <strong>\u00d3scar Muci\u00f1o<\/strong><br \/>\n<a href=\"https:\/\/twitter.com\/opmucino\" target=\"_blank\" rel=\"noopener noreferrer\">@opmucino<\/a><br \/>\nReducir el movimiento estudiantil de <strong>1968<\/strong> a la matanza es un <strong>vicio<\/strong> nuestro. Alrededor de la huelga y de sus diferentes <strong>manifestaciones<\/strong> surgieron variadas formas de generar redes de comunicaci\u00f3n y de difusi\u00f3n de informaci\u00f3n. En esos dos meses de movimiento estudiantil ocurrieron la m\u00edtica <strong>manifestaci\u00f3n del silencio<\/strong> del 13 de septiembre, las salidas a <strong>botear<\/strong> donde se integraron muchachas de colegios cat\u00f3licos, la entrega de <strong>volantes<\/strong> que cambi\u00f3 la forma de vestir pues se requer\u00edan prendas c\u00f3modas para <strong>huir<\/strong> de la polic\u00eda, los m\u00edtines rel\u00e1mpago sobre toldos de <strong>camiones<\/strong> que evitaban la presencia de granaderos. De entre estas manifestaciones de <strong>protesta<\/strong> estuvo la canci\u00f3n <strong>par\u00f3dica<\/strong> y de <strong>s\u00e1tira<\/strong> pol\u00edtica.<br \/>\n<strong>Ismael \u201cMailo\u201d Colmenares<\/strong> con su guitarra, junto a <strong>Jos\u00e9 Mart\u00ednez<\/strong>, <strong>Jos\u00e9 Ram\u00f3n Castillo<\/strong> y <strong>Armando V\u00e9lez<\/strong> se juntaban en las \u201cislas\u201d de <strong>Ciudad Universitaria<\/strong> para cantar canciones de moda como <strong>\u201cAnd I love her\u201d<\/strong> de <strong>The Beatles<\/strong>; cuando inici\u00f3 la huelga estos j\u00f3venes decidieron subirse a los caminones que transitaban por avenida <strong>Revoluci\u00f3n<\/strong> y por <strong>Insurgentes<\/strong>, y sub\u00edan a cantar parodias de tonadas de comerciales o canciones conocidas, donde las letras eran cambiadas por l\u00edricas de contenido pol\u00edtico. Por ejemplo, cambiaban la letra de <strong>\u201cLos tres cochinitos\u201d<\/strong> de <strong>Cri Cri<\/strong>, cantando: <em>\u201cTres estudiantes est\u00e1n en la c\u00e1rcel, muchos trancazos les dio D\u00edaz Ordaz\u201d<\/em>. Estos j\u00f3venes notan que sus canciones parodia tienen \u00e9xito con la gente que se transportaba en los camiones y deciden seguir por ese camino.<br \/>\nDeciden nombrarse <strong>Los Nakos<\/strong>. Al respecto dice <strong>Ismael Colmenares<\/strong>:<em>\u201cNos pusimos Los Nakos porque era f\u00e1cil de aprender. Con K para que se viera m\u00e1s naco. Con un sentido pol\u00edtico adem\u00e1s, por toda la gente que llega del campo a la ciudad y a la que se le llama nacos. Siempre que se habla de un naco, uno piensa que es el que est\u00e1 al lado, pero que no se trata de uno. Nosotros lo asumimos y tratamos de amortiguar ese sentido peyorativo que tiene la palabra\u201d<\/em>. No es casualidad que en la d\u00e9cada de los 70 <strong>Francisco Barrios<\/strong> haya pertenecido a la agrupaci\u00f3n, antes de formar parte de esos reinvindicadores del naco es chido que son la <strong>Botellita de Jer\u00e9z<\/strong>.<br \/>\nEl mismo a\u00f1o de 1968 lanzan su primer LP de t\u00edtulo hom\u00f3nimo, esta grabaci\u00f3n abre con el tema <strong>\u201cEl Che no se fue de Cuba\u201d<\/strong>, desde el t\u00edtulo puede colegirse cu\u00e1l es la l\u00ednea tem\u00e1tica de la canci\u00f3n. El track que m\u00e1s arraigo encontr\u00f3 en la gente fue la <strong>\u201cBalada del granadero\u201d<\/strong>, parodia del tema del barcelon\u00e9s <strong>Jos\u00e9 Guardiola \u201cLa balada del vagabundo\u201d<\/strong>.<br \/>\n<iframe loading=\"lazy\" title=\"Los Nakos - La Balada Del Granadero\" width=\"640\" height=\"360\" src=\"https:\/\/www.youtube.com\/embed\/ZlfcdRrEWeA?feature=oembed\" frameborder=\"0\" allow=\"accelerometer; autoplay; clipboard-write; encrypted-media; gyroscope; picture-in-picture; web-share\" referrerpolicy=\"strict-origin-when-cross-origin\" allowfullscreen><\/iframe><br \/>\nAntes hab\u00eda <strong>jingles<\/strong>, canciones emblem\u00e1ticas que diferenciaban un producto de otro (a eso llega la nostalgia, a hacernos a\u00f1orar comerciales), ahora hay sonidos de <strong>notificaciones<\/strong> de nuevos mensajes que distinguen una aplicaci\u00f3n de otra. <strong>Los Nakos<\/strong> aprovecharon esa memoria apoyada en el marketing para que sus composiciones tuvieran un espacio en la mente de las personas, utilizaron una tonada de un comercial de <strong>Coca-Cola<\/strong> para su canci\u00f3n <strong>Droga-Cola<\/strong>.<br \/>\n<iframe loading=\"lazy\" title=\"Los Nakos - Droga Cola\" width=\"640\" height=\"360\" src=\"https:\/\/www.youtube.com\/embed\/5Ey8Goj6Qgg?feature=oembed\" frameborder=\"0\" allow=\"accelerometer; autoplay; clipboard-write; encrypted-media; gyroscope; picture-in-picture; web-share\" referrerpolicy=\"strict-origin-when-cross-origin\" allowfullscreen><\/iframe><br \/>\nYo los descubr\u00ed en un <strong>vinilo<\/strong> propiedad de mi madre, quien al parecer tiene un pasado <strong>rojillo<\/strong> y contestatario que luego, cuando ya fue jefa de familia, cambi\u00f3 por un <strong>desprecio<\/strong> por lo institucional ejecutado desde su puesto de trabajo en el <strong>IMSS<\/strong> y diseminado en mi hermana y en m\u00ed durante las horas de la comida. Las canciones del disco me causaban un <strong>desaz\u00f3n<\/strong> cuando era ni\u00f1o, muchas de las consignas no las entend\u00eda y el sonido me parec\u00eda diferente a todo lo que sonaba en la radio y en mi entorno en ese momento. Una de las que mayor extra\u00f1eza me causaban era <strong>\u201cEl diputado\u201d<\/strong>, una narraci\u00f3n sobre c\u00f3mo un joven ve cumplidas sus ambiciones de ser Diputado del R.I.P. o del P.I.R; las vocalizaciones, las referencias a temas sexuales, las alusiones al gobierno rebotaban causando mucho ruido en mi cerebro infante.<br \/>\n<iframe loading=\"lazy\" title=\"Los Nakos - El Diputado\" width=\"640\" height=\"360\" src=\"https:\/\/www.youtube.com\/embed\/OiSDCr6zFkg?feature=oembed\" frameborder=\"0\" allow=\"accelerometer; autoplay; clipboard-write; encrypted-media; gyroscope; picture-in-picture; web-share\" referrerpolicy=\"strict-origin-when-cross-origin\" allowfullscreen><\/iframe><br \/>\nEn ese disco hab\u00eda tambi\u00e9n espacio para el desenga\u00f1o, en el tema <strong>\u201cHippie\u201d<\/strong> el grupo elabora una canci\u00f3n de dos momentos, uno dulce en el que se reprochan algunos de los ideales de la <strong>juventud<\/strong> que proclamaba el amor y la paz: <em>\u201cDime c\u00f3mo puedo amar al que manda a fusilar\u201d<\/em>, esto se rompe con una parte m\u00e1s dura y r\u00e1pida en la que se interpela ya directamente esos ideales:<em> \u201cSentado ah\u00ed en el caf\u00e9 teniendo fe en lo que dices, mientras el mundo sigue igual\u201d<\/em>.<br \/>\n<iframe loading=\"lazy\" title=\"Los Nakos - Hippie\" width=\"640\" height=\"360\" src=\"https:\/\/www.youtube.com\/embed\/kNLN7_0hIis?feature=oembed\" frameborder=\"0\" allow=\"accelerometer; autoplay; clipboard-write; encrypted-media; gyroscope; picture-in-picture; web-share\" referrerpolicy=\"strict-origin-when-cross-origin\" allowfullscreen><\/iframe><br \/>\nTambi\u00e9n hay una idealizaci\u00f3n del <strong>\u201cindio\u201d<\/strong> y de la gente pobre, como ya antes hab\u00edamos hablado de una santificaci\u00f3n de la figura del <strong>Che Guevara<\/strong>, uno de los clich\u00e9s comunes del discurso sesentero de izquierda. Eran tiempo cercanos al triunfo de la <strong>Revoluci\u00f3n cubana<\/strong>.<br \/>\n<iframe loading=\"lazy\" title=\"Los Nakos - Indios\" width=\"640\" height=\"360\" src=\"https:\/\/www.youtube.com\/embed\/M1ueHv4W6Ew?feature=oembed\" frameborder=\"0\" allow=\"accelerometer; autoplay; clipboard-write; encrypted-media; gyroscope; picture-in-picture; web-share\" referrerpolicy=\"strict-origin-when-cross-origin\" allowfullscreen><\/iframe><br \/>\n<strong>Los Nakos<\/strong> se forman en esa fila de gente que hizo y ha hecho de la canci\u00f3n de protesta su terreno de creaci\u00f3n, se emparentan con la tradici\u00f3n de <strong>Amparo Ochoa<\/strong>, <strong>Judith Reyes<\/strong> o <strong>Le\u00f3n Ch\u00e1vez<\/strong>; su primer disco aparece en el momento justo para ser un brazo m\u00e1s de la<strong> lucha<\/strong> estudiantil, por eso es valioso su discurso, porque ayuda a cercarse a los temas que eran ejes de las protestas del movimiento.<br \/>\nEl grupo tambi\u00e9n admite <strong>influencias<\/strong> de grupos de rock y cantautores folk norteamericanos; si bien su m\u00fasica es completamente folkl\u00f3rica, al parecer no ten\u00edan reparo en escuchar m\u00fasica <strong>\u201cyankee\u201d<\/strong>, separ\u00e1ndose de aquella divis\u00f3n sesentera que retrataba <strong>Federico Arana<\/strong> en su libro <em>Rockeros vs Folkloristas<\/em>.<br \/>\nEn d\u00e9cadas posteriores han publicado m\u00e1s discos, ha cambiado la alineaci\u00f3n del grupo (en los ochenta estaba conformado por <strong>Mailo, Mayra Sebrero y Jorge Silva<\/strong>), pero su discurso no se renov\u00f3, continu\u00f3 anclado a la \u00e9poca que los vio nacer y si algo se lleg\u00f3 a colar fue la canci\u00f3n com\u00fan de tema amoroso. Queden estas l\u00edneas como breve presentaci\u00f3n de su primer trabajo de larga duraci\u00f3n, si quieren entrarle a la discograf\u00eda completa, pueden dar <a href=\"http:\/\/unanotaquecae.blogspot.mx\/search\/label\/Nakos%3B%20Los\" target=\"_blank\" rel=\"noopener noreferrer\"><strong>click aqu\u00ed<\/strong><\/a>.<\/p>\n","protected":false},"template":"","meta":{"_id_youtube":"","_id_vimeo":"","_podcasts_duration":"","_podcasts_url":"","_podcasts_show":"","_prog_horario_dias":"","_prog_hora":"","_prog_duration":""},"class_list":["post-22609","archivo","type-archivo","status-publish","hentry"],"_links":{"self":[{"href":"https:\/\/nofm-radio.com\/index.php?rest_route=\/wp\/v2\/archivo\/22609","targetHints":{"allow":["GET"]}}],"collection":[{"href":"https:\/\/nofm-radio.com\/index.php?rest_route=\/wp\/v2\/archivo"}],"about":[{"href":"https:\/\/nofm-radio.com\/index.php?rest_route=\/wp\/v2\/types\/archivo"}],"wp:attachment":[{"href":"https:\/\/nofm-radio.com\/index.php?rest_route=%2Fwp%2Fv2%2Fmedia&parent=22609"}],"curies":[{"name":"wp","href":"https:\/\/api.w.org\/{rel}","templated":true}]}}

<p style="text-align: right;"><em>“A Loose-Fish is fair game for anybody who can soonest catch it.”</em> Moby Dick</p>
<p><em>Si la música se parece al mar, y lo habitamos todos, hay especies raras, que se ven poco y extraña vez son capturadas. Aquí surcamos las olas para hacerlos más evidentes.</em></p>
<p style="text-align: center;"><strong>Los Nakos<br />
</strong></p>
<p>por <strong>Óscar Muciño</strong><br />
<a href="https://twitter.com/opmucino" target="_blank" rel="noopener noreferrer">@opmucino</a><br />
Reducir el movimiento estudiantil de <strong>1968</strong> a la matanza es un <strong>vicio</strong> nuestro. Alrededor de la huelga y de sus diferentes <strong>manifestaciones</strong> surgieron variadas formas de generar redes de comunicación y de difusión de información. En esos dos meses de movimiento estudiantil ocurrieron la mítica <strong>manifestación del silencio</strong> del 13 de septiembre, las salidas a <strong>botear</strong> donde se integraron muchachas de colegios católicos, la entrega de <strong>volantes</strong> que cambió la forma de vestir pues se requerían prendas cómodas para <strong>huir</strong> de la policía, los mítines relámpago sobre toldos de <strong>camiones</strong> que evitaban la presencia de granaderos. De entre estas manifestaciones de <strong>protesta</strong> estuvo la canción <strong>paródica</strong> y de <strong>sátira</strong> política.<br />
<strong>Ismael “Mailo” Colmenares</strong> con su guitarra, junto a <strong>José Martínez</strong>, <strong>José Ramón Castillo</strong> y <strong>Armando Vélez</strong> se juntaban en las “islas” de <strong>Ciudad Universitaria</strong> para cantar canciones de moda como <strong>“And I love her”</strong> de <strong>The Beatles</strong>; cuando inició la huelga estos jóvenes decidieron subirse a los caminones que transitaban por avenida <strong>Revolución</strong> y por <strong>Insurgentes</strong>, y subían a cantar parodias de tonadas de comerciales o canciones conocidas, donde las letras eran cambiadas por líricas de contenido político. Por ejemplo, cambiaban la letra de <strong>“Los tres cochinitos”</strong> de <strong>Cri Cri</strong>, cantando: <em>“Tres estudiantes están en la cárcel, muchos trancazos les dio Díaz Ordaz”</em>. Estos jóvenes notan que sus canciones parodia tienen éxito con la gente que se transportaba en los camiones y deciden seguir por ese camino.<br />
Deciden nombrarse <strong>Los Nakos</strong>. Al respecto dice <strong>Ismael Colmenares</strong>:<em>“Nos pusimos Los Nakos porque era fácil de aprender. Con K para que se viera más naco. Con un sentido político además, por toda la gente que llega del campo a la ciudad y a la que se le llama nacos. Siempre que se habla de un naco, uno piensa que es el que está al lado, pero que no se trata de uno. Nosotros lo asumimos y tratamos de amortiguar ese sentido peyorativo que tiene la palabra”</em>. No es casualidad que en la década de los 70 <strong>Francisco Barrios</strong> haya pertenecido a la agrupación, antes de formar parte de esos reinvindicadores del naco es chido que son la <strong>Botellita de Jeréz</strong>.<br />
El mismo año de 1968 lanzan su primer LP de título homónimo, esta grabación abre con el tema <strong>“El Che no se fue de Cuba”</strong>, desde el título puede colegirse cuál es la línea temática de la canción. El track que más arraigo encontró en la gente fue la <strong>“Balada del granadero”</strong>, parodia del tema del barcelonés <strong>José Guardiola “La balada del vagabundo”</strong>.<br />
<iframe loading="lazy" title="Los Nakos - La Balada Del Granadero" width="640" height="360" src="https://www.youtube.com/embed/ZlfcdRrEWeA?feature=oembed" frameborder="0" allow="accelerometer; autoplay; clipboard-write; encrypted-media; gyroscope; picture-in-picture; web-share" referrerpolicy="strict-origin-when-cross-origin" allowfullscreen></iframe><br />
Antes había <strong>jingles</strong>, canciones emblemáticas que diferenciaban un producto de otro (a eso llega la nostalgia, a hacernos añorar comerciales), ahora hay sonidos de <strong>notificaciones</strong> de nuevos mensajes que distinguen una aplicación de otra. <strong>Los Nakos</strong> aprovecharon esa memoria apoyada en el marketing para que sus composiciones tuvieran un espacio en la mente de las personas, utilizaron una tonada de un comercial de <strong>Coca-Cola</strong> para su canción <strong>Droga-Cola</strong>.<br />
<iframe loading="lazy" title="Los Nakos - Droga Cola" width="640" height="360" src="https://www.youtube.com/embed/5Ey8Goj6Qgg?feature=oembed" frameborder="0" allow="accelerometer; autoplay; clipboard-write; encrypted-media; gyroscope; picture-in-picture; web-share" referrerpolicy="strict-origin-when-cross-origin" allowfullscreen></iframe><br />
Yo los descubrí en un <strong>vinilo</strong> propiedad de mi madre, quien al parecer tiene un pasado <strong>rojillo</strong> y contestatario que luego, cuando ya fue jefa de familia, cambió por un <strong>desprecio</strong> por lo institucional ejecutado desde su puesto de trabajo en el <strong>IMSS</strong> y diseminado en mi hermana y en mí durante las horas de la comida. Las canciones del disco me causaban un <strong>desazón</strong> cuando era niño, muchas de las consignas no las entendía y el sonido me parecía diferente a todo lo que sonaba en la radio y en mi entorno en ese momento. Una de las que mayor extrañeza me causaban era <strong>“El diputado”</strong>, una narración sobre cómo un joven ve cumplidas sus ambiciones de ser Diputado del R.I.P. o del P.I.R; las vocalizaciones, las referencias a temas sexuales, las alusiones al gobierno rebotaban causando mucho ruido en mi cerebro infante.<br />
<iframe loading="lazy" title="Los Nakos - El Diputado" width="640" height="360" src="https://www.youtube.com/embed/OiSDCr6zFkg?feature=oembed" frameborder="0" allow="accelerometer; autoplay; clipboard-write; encrypted-media; gyroscope; picture-in-picture; web-share" referrerpolicy="strict-origin-when-cross-origin" allowfullscreen></iframe><br />
En ese disco había también espacio para el desengaño, en el tema <strong>“Hippie”</strong> el grupo elabora una canción de dos momentos, uno dulce en el que se reprochan algunos de los ideales de la <strong>juventud</strong> que proclamaba el amor y la paz: <em>“Dime cómo puedo amar al que manda a fusilar”</em>, esto se rompe con una parte más dura y rápida en la que se interpela ya directamente esos ideales:<em> “Sentado ahí en el café teniendo fe en lo que dices, mientras el mundo sigue igual”</em>.<br />
<iframe loading="lazy" title="Los Nakos - Hippie" width="640" height="360" src="https://www.youtube.com/embed/kNLN7_0hIis?feature=oembed" frameborder="0" allow="accelerometer; autoplay; clipboard-write; encrypted-media; gyroscope; picture-in-picture; web-share" referrerpolicy="strict-origin-when-cross-origin" allowfullscreen></iframe><br />
También hay una idealización del <strong>“indio”</strong> y de la gente pobre, como ya antes habíamos hablado de una santificación de la figura del <strong>Che Guevara</strong>, uno de los clichés comunes del discurso sesentero de izquierda. Eran tiempo cercanos al triunfo de la <strong>Revolución cubana</strong>.<br />
<iframe loading="lazy" title="Los Nakos - Indios" width="640" height="360" src="https://www.youtube.com/embed/M1ueHv4W6Ew?feature=oembed" frameborder="0" allow="accelerometer; autoplay; clipboard-write; encrypted-media; gyroscope; picture-in-picture; web-share" referrerpolicy="strict-origin-when-cross-origin" allowfullscreen></iframe><br />
<strong>Los Nakos</strong> se forman en esa fila de gente que hizo y ha hecho de la canción de protesta su terreno de creación, se emparentan con la tradición de <strong>Amparo Ochoa</strong>, <strong>Judith Reyes</strong> o <strong>León Chávez</strong>; su primer disco aparece en el momento justo para ser un brazo más de la<strong> lucha</strong> estudiantil, por eso es valioso su discurso, porque ayuda a cercarse a los temas que eran ejes de las protestas del movimiento.<br />
El grupo también admite <strong>influencias</strong> de grupos de rock y cantautores folk norteamericanos; si bien su música es completamente folklórica, al parecer no tenían reparo en escuchar música <strong>“yankee”</strong>, separándose de aquella divisón sesentera que retrataba <strong>Federico Arana</strong> en su libro <em>Rockeros vs Folkloristas</em>.<br />
En décadas posteriores han publicado más discos, ha cambiado la alineación del grupo (en los ochenta estaba conformado por <strong>Mailo, Mayra Sebrero y Jorge Silva</strong>), pero su discurso no se renovó, continuó anclado a la época que los vio nacer y si algo se llegó a colar fue la canción común de tema amoroso. Queden estas líneas como breve presentación de su primer trabajo de larga duración, si quieren entrarle a la discografía completa, pueden dar <a href="http://unanotaquecae.blogspot.mx/search/label/Nakos%3B%20Los" target="_blank" rel="noopener noreferrer"><strong>click aquí</strong></a>.</p>
