{"id":22726,"date":"2017-03-21T17:18:09","date_gmt":"2017-03-21T23:18:09","guid":{"rendered":"http:\/\/nofm-radio.com\/?p=22726"},"modified":"2017-03-21T17:18:09","modified_gmt":"2017-03-21T23:18:09","slug":"me-llamo-sirene-soy-tia-eurojazz-2017","status":"publish","type":"archivo","link":"https:\/\/nofm-radio.com\/?archivo=me-llamo-sirene-soy-tia-eurojazz-2017","title":{"rendered":"Me llamo Sirene, soy t\u00eda. EUROJAZZ 2017"},"content":{"rendered":"<p>Por <strong>Sirene Heredia<\/strong><br \/>\n<a href=\"https:\/\/www.facebook.com\/sire.heredia\" target=\"_blank\" rel=\"noopener noreferrer\">@_lasire<\/a><br \/>\n\u201c\u00bfQu\u00e9 pasa cuando proh\u00edbes el <strong>jazz<\/strong> en tu propio pa\u00eds? Tu hijo se vuelve un jazzista de primera categor\u00eda. Porque, claro, as\u00ed deben ser las cosas, \u00bfno? Pero bueno, honestamente no creo que a <strong>Benito Mussolini<\/strong> le haya molestado tanto este hecho. En realidad podr\u00eda decir que prohibi\u00f3 el <strong>jazz<\/strong> a rega\u00f1adientes despu\u00e9s de ver que su aliado (\u00bfy amigo?) <strong>Hitler<\/strong> censur\u00f3 este tipo de m\u00fasica en <strong>Alemania<\/strong> despu\u00e9s de caracterizarla como \u201c<strong>de negros y de jud\u00edos<\/strong>\u201d. \u201d<br \/>\nUn <strong>concierto de jazz<\/strong> es siempre una buena noticia. Si adem\u00e1s su contenido es real, asciende a la categor\u00eda de celebraci\u00f3n. Cuando a estos dos hechos se a\u00f1ade la circunstancia de encontrar en un solo lugar y de manera gratuita una decena de bandas que jam\u00e1s cre\u00edste poder ver en vivo, entonces es hora de hablar sobre ese trabajo.<br \/>\nEl <strong>Festival Eurojazz<\/strong> es el \u00fanico en su tipo en <strong>Am\u00e9rica Latina<\/strong>. Del <strong>3 al 19 de marzo<\/strong> se llev\u00f3 a cabo este evento que inici\u00f3 en <strong>1998<\/strong> gracias a la colaboraci\u00f3n entre la <strong>Uni\u00f3n Europea<\/strong> y el <strong>Centro Nacional de las Artes<\/strong> (<strong>Cenart<\/strong>) y que se ha convertido en uno de los acontecimientos culturales y musicales m\u00e1s importantes que ocurren en la <strong>Ciudad de M\u00e9xico<\/strong>, ya que re\u00fane en un mismo escenario a diversas propuestas musicales del <strong>jazz europeo<\/strong> y otros g\u00e9neros de fusi\u00f3n.<br \/>\nPara celebrar su vig\u00e9sima edici\u00f3n, la <strong>Uni\u00f3n Europea<\/strong> y el <strong>Cenart<\/strong> prepararon un banquete de conciertos en los que participaron 12 grupos provenientes de <strong>Espa\u00f1a, Alemania, B\u00e9lgica, Austria, Portugal, Rep\u00fablica Checa, Rep\u00fablica Eslovaca, Polonia, Hungr\u00eda, Finlandia, Italia, B\u00e9lgica<\/strong> y <strong>Francia<\/strong>.<br \/>\n<br \/>\nA este \u00faltimo concierto del festival hemos llegado de manera precipitada, el transporte p\u00fablico de \u00e9sta ya muy primaveral ciudad puede ser el menos eficiente un domingo de puente a medio d\u00eda. Ya en el lugar buscamos entre quienes se encuentran en metamorfosis con el verde pasto un espacio entre cuerpos ansiosos que nos permitiera disfrutar del recital. Me siento nerviosa. Mi compa\u00f1\u00eda es mi adolescente sobrino quien por primera ocasi\u00f3n se acerca al g\u00e9nero musical. Me ha preparado unas horas antes buscando por internet la biograf\u00eda de los exponentes de esta tarde, Santiago no suele ser exigente pero no quiero parecer una tonta si existe alg\u00fan cuestionamiento. Estoy convencida que ser\u00e1 una tarde (la pen\u00faltima que nos regala el casi ausente invierno de esta a\u00f1o) que vamos a recordar.<br \/>\nEl <strong>Eurojazz<\/strong> es toda una experiencia: una fiesta al aire libre y el evento m\u00e1s grande dedicado al <strong>jazz europeo en Am\u00e9rica Latina<\/strong>. S\u00f3lo foros como el de <strong>Montreal<\/strong> \u2013que se lleva a cabo en distintas plazas y recintos cerrados\u2013 llegan a atraer tal cantidad de gente: la pasada edici\u00f3n del <strong>Eurojazz<\/strong> reuni\u00f3 a unas <strong>100 mil personas<\/strong> en total. Algo especial debe cocinarse en los jardines del <strong>Centro Nacional de las Artes<\/strong> cuando tantas personas asisten para conocer a una banda de jazz finland\u00e9s, espa\u00f1ol o polaco que jam\u00e1s hab\u00edan escuchado en su vida, \u00bfno creen?<br \/>\nComo foro cultural cada vez genera m\u00e1s expectaci\u00f3n, no s\u00f3lo en el p\u00fablico mexicano, sino entre los m\u00fasicos j\u00f3venes europeos \u2013y no tan j\u00f3venes\u2013 que han escuchado que en M\u00e9xico hay un festival de jazz en el que una agrupaci\u00f3n que usualmente toca para 50 personas en un club, puede presentarse ante 9 mil en una sola sesi\u00f3n. Como en un concierto de rock.<br \/>\nHay que decir que el \u00e9xito de este festival no se hizo de la noche a la ma\u00f1ana: son ya 20 ediciones. Si bien el creciente gusto por el g\u00e9nero sincopado en M\u00e9xico ha abonado a una mayor afluencia, es necesario reconocerle a esta iniciativa de la <strong>Uni\u00f3n Europea<\/strong> y del <strong>Cenart<\/strong>, que logr\u00f3 hacer un caldo de cultivo para la generaci\u00f3n de nuevos p\u00fablicos.<br \/>\nPero la raz\u00f3n fundamental por la que hay que vivir el <strong>Eurojazz<\/strong> es, obviamente, la m\u00fasica. La M\u00fasica siempre ha estado vinculada con el individuo y su evoluci\u00f3n hist\u00f3rica. Personalmente comunicarme desde, por, la m\u00fasica ha sido algo que desde que participo como locutora en <strong>NoFM<\/strong>  me genera cierta responsabilidad. Esta vez no charlar\u00eda con mis colegas, estar\u00eda frente a un individuo que no espera otra cosa que una tarde de m\u00fasica con quien sabe que lo ama. Sab\u00eda que lograr\u00eda sorprenderlo y fue as\u00ed. Ambos disfrutamos la tertulia.<br \/>\n<br \/>\nMe cost\u00f3 encontrar una hora del d\u00eda adecuada para escribir, lo he hecho a primera hora del lunes feriado, confieso haber llegado al <strong>Cenart<\/strong> sin la misiva de terminar escribiendo una rese\u00f1a, \u00bfqu\u00e9 se puedes escribir sobre esta serie de conciertos que por fortuna son ya un referente cultural-musical de los meses de marzo? En lo personal me he reencontrado con este festival, la he vivido de manera diferente en comparaci\u00f3n con otros a\u00f1os, algunos dir\u00edan que conforme pasa la vida el goce se siente y vibra de manera distinta, creo que es as\u00ed. Es una buena noticia que m\u00e1s y m\u00e1s gente conozca y disfrute la propuesta del <strong>Eurojazz<\/strong>. Es gratificante llevarte del brazo o de la mano a una experiencia que estoy segura querr\u00e1s vivir nuevamente. La m\u00fasica en vivo abriendo es espacio para quien suplica por algo nuevo.<br \/>\nHola a todos, escribo para decirles que la m\u00fasica hay que escucharla en vivo y compartirla con las nuevas generaciones. La felicidad tiene rostro de recital al aire libre. M\u00fasica que re\u00fane multitudes de todas las edades, de cualquier barrio de esta Ciudad. Uno se atreve a vivir sin miedo del futuro que depara a este pa\u00eds.<\/p>\n","protected":false},"template":"","meta":{"_id_youtube":"","_id_vimeo":"","_podcasts_duration":"","_podcasts_url":"","_podcasts_show":"","_prog_horario_dias":"","_prog_hora":"","_prog_duration":""},"class_list":["post-22726","archivo","type-archivo","status-publish","hentry"],"_links":{"self":[{"href":"https:\/\/nofm-radio.com\/index.php?rest_route=\/wp\/v2\/archivo\/22726","targetHints":{"allow":["GET"]}}],"collection":[{"href":"https:\/\/nofm-radio.com\/index.php?rest_route=\/wp\/v2\/archivo"}],"about":[{"href":"https:\/\/nofm-radio.com\/index.php?rest_route=\/wp\/v2\/types\/archivo"}],"wp:attachment":[{"href":"https:\/\/nofm-radio.com\/index.php?rest_route=%2Fwp%2Fv2%2Fmedia&parent=22726"}],"curies":[{"name":"wp","href":"https:\/\/api.w.org\/{rel}","templated":true}]}}

Me llamo Sirene, soy tía. EUROJAZZ 2017

<p>Por <strong>Sirene Heredia</strong><br />
<a href="https://www.facebook.com/sire.heredia" target="_blank" rel="noopener noreferrer">@_lasire</a><br />
“¿Qué pasa cuando prohíbes el <strong>jazz</strong> en tu propio país? Tu hijo se vuelve un jazzista de primera categoría. Porque, claro, así deben ser las cosas, ¿no? Pero bueno, honestamente no creo que a <strong>Benito Mussolini</strong> le haya molestado tanto este hecho. En realidad podría decir que prohibió el <strong>jazz</strong> a regañadientes después de ver que su aliado (¿y amigo?) <strong>Hitler</strong> censuró este tipo de música en <strong>Alemania</strong> después de caracterizarla como “<strong>de negros y de judíos</strong>”. ”<br />
Un <strong>concierto de jazz</strong> es siempre una buena noticia. Si además su contenido es real, asciende a la categoría de celebración. Cuando a estos dos hechos se añade la circunstancia de encontrar en un solo lugar y de manera gratuita una decena de bandas que jamás creíste poder ver en vivo, entonces es hora de hablar sobre ese trabajo.<br />
El <strong>Festival Eurojazz</strong> es el único en su tipo en <strong>América Latina</strong>. Del <strong>3 al 19 de marzo</strong> se llevó a cabo este evento que inició en <strong>1998</strong> gracias a la colaboración entre la <strong>Unión Europea</strong> y el <strong>Centro Nacional de las Artes</strong> (<strong>Cenart</strong>) y que se ha convertido en uno de los acontecimientos culturales y musicales más importantes que ocurren en la <strong>Ciudad de México</strong>, ya que reúne en un mismo escenario a diversas propuestas musicales del <strong>jazz europeo</strong> y otros géneros de fusión.<br />
Para celebrar su vigésima edición, la <strong>Unión Europea</strong> y el <strong>Cenart</strong> prepararon un banquete de conciertos en los que participaron 12 grupos provenientes de <strong>España, Alemania, Bélgica, Austria, Portugal, República Checa, República Eslovaca, Polonia, Hungría, Finlandia, Italia, Bélgica</strong> y <strong>Francia</strong>.<br />
<br />
A este último concierto del festival hemos llegado de manera precipitada, el transporte público de ésta ya muy primaveral ciudad puede ser el menos eficiente un domingo de puente a medio día. Ya en el lugar buscamos entre quienes se encuentran en metamorfosis con el verde pasto un espacio entre cuerpos ansiosos que nos permitiera disfrutar del recital. Me siento nerviosa. Mi compañía es mi adolescente sobrino quien por primera ocasión se acerca al género musical. Me ha preparado unas horas antes buscando por internet la biografía de los exponentes de esta tarde, Santiago no suele ser exigente pero no quiero parecer una tonta si existe algún cuestionamiento. Estoy convencida que será una tarde (la penúltima que nos regala el casi ausente invierno de esta año) que vamos a recordar.<br />
El <strong>Eurojazz</strong> es toda una experiencia: una fiesta al aire libre y el evento más grande dedicado al <strong>jazz europeo en América Latina</strong>. Sólo foros como el de <strong>Montreal</strong> –que se lleva a cabo en distintas plazas y recintos cerrados– llegan a atraer tal cantidad de gente: la pasada edición del <strong>Eurojazz</strong> reunió a unas <strong>100 mil personas</strong> en total. Algo especial debe cocinarse en los jardines del <strong>Centro Nacional de las Artes</strong> cuando tantas personas asisten para conocer a una banda de jazz finlandés, español o polaco que jamás habían escuchado en su vida, ¿no creen?<br />
Como foro cultural cada vez genera más expectación, no sólo en el público mexicano, sino entre los músicos jóvenes europeos –y no tan jóvenes– que han escuchado que en México hay un festival de jazz en el que una agrupación que usualmente toca para 50 personas en un club, puede presentarse ante 9 mil en una sola sesión. Como en un concierto de rock.<br />
Hay que decir que el éxito de este festival no se hizo de la noche a la mañana: son ya 20 ediciones. Si bien el creciente gusto por el género sincopado en México ha abonado a una mayor afluencia, es necesario reconocerle a esta iniciativa de la <strong>Unión Europea</strong> y del <strong>Cenart</strong>, que logró hacer un caldo de cultivo para la generación de nuevos públicos.<br />
Pero la razón fundamental por la que hay que vivir el <strong>Eurojazz</strong> es, obviamente, la música. La Música siempre ha estado vinculada con el individuo y su evolución histórica. Personalmente comunicarme desde, por, la música ha sido algo que desde que participo como locutora en <strong>NoFM</strong>  me genera cierta responsabilidad. Esta vez no charlaría con mis colegas, estaría frente a un individuo que no espera otra cosa que una tarde de música con quien sabe que lo ama. Sabía que lograría sorprenderlo y fue así. Ambos disfrutamos la tertulia.<br />
<br />
Me costó encontrar una hora del día adecuada para escribir, lo he hecho a primera hora del lunes feriado, confieso haber llegado al <strong>Cenart</strong> sin la misiva de terminar escribiendo una reseña, ¿qué se puedes escribir sobre esta serie de conciertos que por fortuna son ya un referente cultural-musical de los meses de marzo? En lo personal me he reencontrado con este festival, la he vivido de manera diferente en comparación con otros años, algunos dirían que conforme pasa la vida el goce se siente y vibra de manera distinta, creo que es así. Es una buena noticia que más y más gente conozca y disfrute la propuesta del <strong>Eurojazz</strong>. Es gratificante llevarte del brazo o de la mano a una experiencia que estoy segura querrás vivir nuevamente. La música en vivo abriendo es espacio para quien suplica por algo nuevo.<br />
Hola a todos, escribo para decirles que la música hay que escucharla en vivo y compartirla con las nuevas generaciones. La felicidad tiene rostro de recital al aire libre. Música que reúne multitudes de todas las edades, de cualquier barrio de esta Ciudad. Uno se atreve a vivir sin miedo del futuro que depara a este país.</p>
