{"id":22795,"date":"2017-03-24T13:57:44","date_gmt":"2017-03-24T19:57:44","guid":{"rendered":"http:\/\/nofm-radio.com\/?p=22795"},"modified":"2017-03-24T13:57:44","modified_gmt":"2017-03-24T19:57:44","slug":"tras-el-estreno-de-nuevo-material-gorillaz-anuncia-su-separacion","status":"publish","type":"archivo","link":"https:\/\/nofm-radio.com\/?archivo=tras-el-estreno-de-nuevo-material-gorillaz-anuncia-su-separacion","title":{"rendered":"Tras el estreno de nuevo material, GORILLAZ anuncia su separaci\u00f3n"},"content":{"rendered":"<p>El d\u00eda de ayer una de las bandas m\u00e1s importantes del momento estren\u00f3 una serie de videos y canciones que despert\u00f3 la excitaci\u00f3n de su enorme base de seguidores. <strong>Damon Albarn<\/strong> logr\u00f3 empatar su cumplea\u00f1os con estos estrenos volviendo el <strong>23 de marzo<\/strong> su d\u00eda completamente. Ac\u00e1 abajo pueden ver el video.<br \/>\n<iframe loading=\"lazy\" width=\"560\" height=\"315\" src=\"https:\/\/www.youtube.com\/embed\/5qJp6xlKEug\" frameborder=\"0\" allowfullscreen><\/iframe><br \/>\nO vivirlo en <strong>360 grados<\/strong>:<br \/>\n<iframe loading=\"lazy\" width=\"560\" height=\"315\" src=\"https:\/\/www.youtube.com\/embed\/lVaBvyzuypw\" frameborder=\"0\" allowfullscreen><\/iframe><br \/>\nY claro que no se van a separar. \u00bfSeparar qu\u00e9? No mamen. De hecho la rola es s\u00faper lo mismo de siempre. En fin. No nos importa <strong>Gorillaz<\/strong> la neta, y no entendemos el inter\u00e9s de todos. Pero lo respetamos. Lo que no entendemos es que no se est\u00e9n arrancando los pelos por la <strong>Ley De Seguridad Interior<\/strong>. T\u00edldenos de <em>caza clicks<\/em>, pero es que no mamen. Estamos a d\u00edas de que el <em>ej\u00e9rcito<\/em> viva su propia ley y nunca salga de las calles. \u00bfNo saben de qu\u00e9 hablamos? Abran el siguiente link por lo que m\u00e1s quieran.<br \/>\n<strong><a href=\"http:\/\/nofm-radio.com\/2017\/02\/altiro-8-puntos-para-conocer-una-de-las-leyes-mas-peligrosas-para-el-futuro-del-pais\/\" target=\"_blank\" rel=\"noopener noreferrer\">CONFIESO QUE LEO BIEN POCO. PERO ME PREOCUPA MI FUTURO Y NO QUIERO AL EJ\u00c9RCITO EN LAS CALLES PORQUE SE LLEGAN A PASAR DE VERGA. LA SOLUCI\u00d3N ES OTRA.<\/a><\/strong><br \/>\nTambi\u00e9n les hablamos de la iniciativa <strong>#SeguridadSinGuerra<\/strong>, y tambi\u00e9n les ha valido madres. De verdad da miedo el grado de sordera al que podemos llegar. \u00bf<strong>QU\u00c9 MIERDAS IMPORTA GORILLAZ<\/strong>? Abran el siguiente link por favor.<br \/>\n<strong><a href=\"http:\/\/nofm-radio.com\/2017\/03\/seguridadsinguerra-cifras-y-testimonios-que-comprueban-que-la-ley-de-seguridad-interior-no-es-el-camino\/\" target=\"_blank\" rel=\"noopener noreferrer\">YA NO ME HABLEN FEO. ME HA DADO HUEVA. ME ASUSTA EL TEMA. PERO PROMETO DEFENDERNOS COMO COMUNIDAD Y GENERACI\u00d3N.<\/a><\/strong><br \/>\nEs momento de pensar por todos amigos y dejar el mame un rato. Se est\u00e1 discutiendo una de las cosas m\u00e1s densas en la <strong>historia de M\u00e9xico<\/strong> y parece que no hay gente usando la cabeza o el coraz\u00f3n. Hoy por m\u00ed, ma\u00f1ana por ti dicen. <strong>Practiquemos la conciencia, la libertad<\/strong>. Dejemos el <strong>RT<\/strong> por apariencia. Eduqu\u00e9monos, inform\u00e9monos y actuemos. No somos una generaci\u00f3n perdida y sin voz. Es hora de hacernos escuchar.<br \/>\n<a href=\"http:\/\/nofm-radio.com\/wp-content\/uploads\/2017\/03\/ejercito.jpg\" class=\"no-eff img-link lightbox\" ><img loading=\"lazy\" decoding=\"async\" src=\"http:\/\/nofm-radio.com\/wp-content\/uploads\/2017\/03\/ejercito.jpg\" alt=\"ejercito\" width=\"2350\" height=\"1624\" class=\"alignnone size-full wp-image-22803\" \/><\/a><\/p>\n","protected":false},"template":"","meta":{"_id_youtube":"","_id_vimeo":"","_podcasts_duration":"","_podcasts_url":"","_podcasts_show":"","_prog_horario_dias":"","_prog_hora":"","_prog_duration":""},"class_list":["post-22795","archivo","type-archivo","status-publish","hentry"],"_links":{"self":[{"href":"https:\/\/nofm-radio.com\/index.php?rest_route=\/wp\/v2\/archivo\/22795","targetHints":{"allow":["GET"]}}],"collection":[{"href":"https:\/\/nofm-radio.com\/index.php?rest_route=\/wp\/v2\/archivo"}],"about":[{"href":"https:\/\/nofm-radio.com\/index.php?rest_route=\/wp\/v2\/types\/archivo"}],"wp:attachment":[{"href":"https:\/\/nofm-radio.com\/index.php?rest_route=%2Fwp%2Fv2%2Fmedia&parent=22795"}],"curies":[{"name":"wp","href":"https:\/\/api.w.org\/{rel}","templated":true}]}}

Tras el estreno de nuevo material, GORILLAZ anuncia su separación

<p>El día de ayer una de las bandas más importantes del momento estrenó una serie de videos y canciones que despertó la excitación de su enorme base de seguidores. <strong>Damon Albarn</strong> logró empatar su cumpleaños con estos estrenos volviendo el <strong>23 de marzo</strong> su día completamente. Acá abajo pueden ver el video.<br />
<iframe loading="lazy" width="560" height="315" src="https://www.youtube.com/embed/5qJp6xlKEug" frameborder="0" allowfullscreen></iframe><br />
O vivirlo en <strong>360 grados</strong>:<br />
<iframe loading="lazy" width="560" height="315" src="https://www.youtube.com/embed/lVaBvyzuypw" frameborder="0" allowfullscreen></iframe><br />
Y claro que no se van a separar. ¿Separar qué? No mamen. De hecho la rola es súper lo mismo de siempre. En fin. No nos importa <strong>Gorillaz</strong> la neta, y no entendemos el interés de todos. Pero lo respetamos. Lo que no entendemos es que no se estén arrancando los pelos por la <strong>Ley De Seguridad Interior</strong>. Tíldenos de <em>caza clicks</em>, pero es que no mamen. Estamos a días de que el <em>ejército</em> viva su propia ley y nunca salga de las calles. ¿No saben de qué hablamos? Abran el siguiente link por lo que más quieran.<br />
<strong><a href="http://nofm-radio.com/2017/02/altiro-8-puntos-para-conocer-una-de-las-leyes-mas-peligrosas-para-el-futuro-del-pais/" target="_blank" rel="noopener noreferrer">CONFIESO QUE LEO BIEN POCO. PERO ME PREOCUPA MI FUTURO Y NO QUIERO AL EJÉRCITO EN LAS CALLES PORQUE SE LLEGAN A PASAR DE VERGA. LA SOLUCIÓN ES OTRA.</a></strong><br />
También les hablamos de la iniciativa <strong>#SeguridadSinGuerra</strong>, y también les ha valido madres. De verdad da miedo el grado de sordera al que podemos llegar. ¿<strong>QUÉ MIERDAS IMPORTA GORILLAZ</strong>? Abran el siguiente link por favor.<br />
<strong><a href="http://nofm-radio.com/2017/03/seguridadsinguerra-cifras-y-testimonios-que-comprueban-que-la-ley-de-seguridad-interior-no-es-el-camino/" target="_blank" rel="noopener noreferrer">YA NO ME HABLEN FEO. ME HA DADO HUEVA. ME ASUSTA EL TEMA. PERO PROMETO DEFENDERNOS COMO COMUNIDAD Y GENERACIÓN.</a></strong><br />
Es momento de pensar por todos amigos y dejar el mame un rato. Se está discutiendo una de las cosas más densas en la <strong>historia de México</strong> y parece que no hay gente usando la cabeza o el corazón. Hoy por mí, mañana por ti dicen. <strong>Practiquemos la conciencia, la libertad</strong>. Dejemos el <strong>RT</strong> por apariencia. Eduquémonos, informémonos y actuemos. No somos una generación perdida y sin voz. Es hora de hacernos escuchar.<br />
<a href="http://nofm-radio.com/wp-content/uploads/2017/03/ejercito.jpg" class="no-eff img-link lightbox" ><img loading="lazy" decoding="async" src="http://nofm-radio.com/wp-content/uploads/2017/03/ejercito.jpg" alt="ejercito" width="2350" height="1624" class="alignnone size-full wp-image-22803" /></a></p>
