{"id":22809,"date":"2017-03-24T16:13:14","date_gmt":"2017-03-24T22:13:14","guid":{"rendered":"http:\/\/nofm-radio.com\/?p=22809"},"modified":"2017-03-24T16:13:14","modified_gmt":"2017-03-24T22:13:14","slug":"laprimeravez-que-vi-el-mar","status":"publish","type":"archivo","link":"https:\/\/nofm-radio.com\/?archivo=laprimeravez-que-vi-el-mar","title":{"rendered":"#LaPrimeraVez que vi el mar"},"content":{"rendered":"<p>por <strong>\u00d3scar Muci\u00f1o<\/strong><br \/>\n<a href=\"https:\/\/twitter.com\/opmucino\" target=\"_blank\" rel=\"noopener noreferrer\">@opmucino<\/a><br \/>\nParece que no termina y tiene sabor a sal, as\u00ed me describ\u00eda mi padre <strong>el mar<\/strong> antes de ir a visitarlo. Me emocionaba el viaje que har\u00edamos para conocerlo.<br \/>\nSalimos de noche de la <strong>Central camionera del Sur<\/strong>. Llegamos a\u00fan de noche al puerto de <strong>Acapulco<\/strong>. Nos hospedamos en un hotel que pertenec\u00eda al <strong>sindicato de trabajadores del IMSS<\/strong>. El pago del alojamiento se le descontar\u00eda a mis padres puntualmente cada 15 d\u00edas. El Hotel del IMSS estaba al lado del Hotel Ritz. Yo no ten\u00eda m\u00e1s de 10 a\u00f1os.<br \/>\nLa oscuridad no me permiti\u00f3 verificar de inmediato los dichos de mi padre. S\u00f3lo el sonido duro e incesante. El sonido era suficiente para imaginar su presencia. La atm\u00f3sfera h\u00fameda y tibia. Era el <strong>oc\u00e9ano Pac\u00edfico<\/strong>, el m\u00e1s grande del planeta, con su marea y sus olas.<br \/>\nMe acerqu\u00e9 a la arena. Me descalc\u00e9 para pisarla. Sent\u00ed su consistencia. Segu\u00eda oy\u00e9ndolo con asombro. Vi las continuas olas. Casi inmediatamente tuvimos que pasar a la habitaci\u00f3n y dormir unas horas.<br \/>\nAmaneci\u00f3. Despert\u00e9. El sonido segu\u00eda ah\u00ed. Ahora acompa\u00f1ado de claridad. No corr\u00ed escaleras abajo para salir a la <strong>playa<\/strong>. Abr\u00ed las persianas del cuarto. Desde el balc\u00f3n lo vi. Parec\u00eda que no terminaba. Grande y azul, con las crestas de sus olas en color blanco. Era un falso infinito, pero algo cercano a \u00e9l. Era un <strong>falso cielo<\/strong>. Ante mi vista parec\u00eda que en un punto cielo y mar se hac\u00edan uno.<br \/>\nTraje de ba\u00f1o puesto. Salvavidas del <strong>Mundial del 86<\/strong> inflado y en el brazo. Listo para salir a la playa. Antes tomamos posesi\u00f3n de una silla al lado de la alberca. Nad\u00e9 un poco. Sal\u00ed a la playa. La arena quemaba, el aire tambi\u00e9n. Contempl\u00e9 la hilera de olas. Me acerqu\u00e9 hasta que me golpearon. Sent\u00ed su sabor a sal. Sent\u00ed ardor en los ojos. Sent\u00ed su fuerza, me tiraron, me arrastraron un poco. Sent\u00ed miedo combinado con respeto.<br \/>\nEl viaje tuvo varias visitas. Una al <strong>Parque papagayo<\/strong>, otra a la <strong>Quebrada<\/strong>. Una caminata por la costera. De esta primera visita a <strong>Acapulco<\/strong> conservo el recuerdo de mi hermana durmiendo sobre la mesa de un puesto de tacos. Nadar es cansado. De ni\u00f1o no me percat\u00e9, uno vacaciona y ya. Ahora me vengo a enterar que en ese puesto s\u00f3lo comimos mis hermanas y yo. Mis padres nos ve\u00edan esperando que dej\u00e1ramos algo para poder comerlo. Ya no hab\u00eda dinero para todos.<br \/>\nNo s\u00e9 qu\u00e9 signifique <strong>ser padre<\/strong>. Tal vez nunca lo sepa. Una forma, entre tantas, con la que trato de explic\u00e1rmelo es poniendo en su justa dimensi\u00f3n actos de mis padres que de ni\u00f1o yo no percib\u00eda. Como ese: aguantar hambre con la intenci\u00f3n que tus hijos conozcan algo que, t\u00fa con tu experiencia, sabes que los marcar\u00e1 de por vida. Hambre con tal de que en ellos, viendo el mar, quede un recuerdo que genere la idea de que el mundo, a veces, no es un lugar de mierda.<\/p>\n","protected":false},"template":"","meta":{"_id_youtube":"","_id_vimeo":"","_podcasts_duration":"","_podcasts_url":"","_podcasts_show":"","_prog_horario_dias":"","_prog_hora":"","_prog_duration":""},"class_list":["post-22809","archivo","type-archivo","status-publish","hentry"],"_links":{"self":[{"href":"https:\/\/nofm-radio.com\/index.php?rest_route=\/wp\/v2\/archivo\/22809","targetHints":{"allow":["GET"]}}],"collection":[{"href":"https:\/\/nofm-radio.com\/index.php?rest_route=\/wp\/v2\/archivo"}],"about":[{"href":"https:\/\/nofm-radio.com\/index.php?rest_route=\/wp\/v2\/types\/archivo"}],"wp:attachment":[{"href":"https:\/\/nofm-radio.com\/index.php?rest_route=%2Fwp%2Fv2%2Fmedia&parent=22809"}],"curies":[{"name":"wp","href":"https:\/\/api.w.org\/{rel}","templated":true}]}}

<p>por <strong>Óscar Muciño</strong><br />
<a href="https://twitter.com/opmucino" target="_blank" rel="noopener noreferrer">@opmucino</a><br />
Parece que no termina y tiene sabor a sal, así me describía mi padre <strong>el mar</strong> antes de ir a visitarlo. Me emocionaba el viaje que haríamos para conocerlo.<br />
Salimos de noche de la <strong>Central camionera del Sur</strong>. Llegamos aún de noche al puerto de <strong>Acapulco</strong>. Nos hospedamos en un hotel que pertenecía al <strong>sindicato de trabajadores del IMSS</strong>. El pago del alojamiento se le descontaría a mis padres puntualmente cada 15 días. El Hotel del IMSS estaba al lado del Hotel Ritz. Yo no tenía más de 10 años.<br />
La oscuridad no me permitió verificar de inmediato los dichos de mi padre. Sólo el sonido duro e incesante. El sonido era suficiente para imaginar su presencia. La atmósfera húmeda y tibia. Era el <strong>océano Pacífico</strong>, el más grande del planeta, con su marea y sus olas.<br />
Me acerqué a la arena. Me descalcé para pisarla. Sentí su consistencia. Seguía oyéndolo con asombro. Vi las continuas olas. Casi inmediatamente tuvimos que pasar a la habitación y dormir unas horas.<br />
Amaneció. Desperté. El sonido seguía ahí. Ahora acompañado de claridad. No corrí escaleras abajo para salir a la <strong>playa</strong>. Abrí las persianas del cuarto. Desde el balcón lo vi. Parecía que no terminaba. Grande y azul, con las crestas de sus olas en color blanco. Era un falso infinito, pero algo cercano a él. Era un <strong>falso cielo</strong>. Ante mi vista parecía que en un punto cielo y mar se hacían uno.<br />
Traje de baño puesto. Salvavidas del <strong>Mundial del 86</strong> inflado y en el brazo. Listo para salir a la playa. Antes tomamos posesión de una silla al lado de la alberca. Nadé un poco. Salí a la playa. La arena quemaba, el aire también. Contemplé la hilera de olas. Me acerqué hasta que me golpearon. Sentí su sabor a sal. Sentí ardor en los ojos. Sentí su fuerza, me tiraron, me arrastraron un poco. Sentí miedo combinado con respeto.<br />
El viaje tuvo varias visitas. Una al <strong>Parque papagayo</strong>, otra a la <strong>Quebrada</strong>. Una caminata por la costera. De esta primera visita a <strong>Acapulco</strong> conservo el recuerdo de mi hermana durmiendo sobre la mesa de un puesto de tacos. Nadar es cansado. De niño no me percaté, uno vacaciona y ya. Ahora me vengo a enterar que en ese puesto sólo comimos mis hermanas y yo. Mis padres nos veían esperando que dejáramos algo para poder comerlo. Ya no había dinero para todos.<br />
No sé qué signifique <strong>ser padre</strong>. Tal vez nunca lo sepa. Una forma, entre tantas, con la que trato de explicármelo es poniendo en su justa dimensión actos de mis padres que de niño yo no percibía. Como ese: aguantar hambre con la intención que tus hijos conozcan algo que, tú con tu experiencia, sabes que los marcará de por vida. Hambre con tal de que en ellos, viendo el mar, quede un recuerdo que genere la idea de que el mundo, a veces, no es un lugar de mierda.</p>
