{"id":22888,"date":"2017-03-31T14:20:33","date_gmt":"2017-03-31T20:20:33","guid":{"rendered":"http:\/\/nofm-radio.com\/?p=22888"},"modified":"2017-03-31T14:20:33","modified_gmt":"2017-03-31T20:20:33","slug":"el-cni-wikipolitica-y-ahora-la-irrupcion-imposible","status":"publish","type":"archivo","link":"https:\/\/nofm-radio.com\/?archivo=el-cni-wikipolitica-y-ahora-la-irrupcion-imposible","title":{"rendered":"El CNI, Wikipol\u00edtica y Ahora: \u00bfLa irrupci\u00f3n imposible?"},"content":{"rendered":"<p>por <strong>Juan Yves Palomar<\/strong><br \/>\n<a href=\"https:\/\/twitter.com\/JuanYvesPalomar\" target=\"_blank\" rel=\"noopener noreferrer\">@JuanYvesPalomar<\/a><br \/>\nA pesar de las grandes disparidades, la diferencia de caracter\u00edsticas y de contextos, tanto el<strong> Consejo Nacional Ind\u00edgena<\/strong>, como <strong>Wikipol\u00edtica<\/strong>, as\u00ed como la nueva plataforma <strong>Ahora<\/strong>, comparten una intenci\u00f3n en com\u00fan: irrumpir desde la colectividad y sin partidos pol\u00edticos en las instituciones a trav\u00e9s de la competencia electoral en 2018. \u00bfPor qu\u00e9 existe esta coincidencia en el diagnostico?<br \/>\nEn primer lugar las tres organizaciones mencionadas comparten un par de caracter\u00edsticas, han planteado su origen fuera del circuito institucional y lejos de la influencia de los<strong> partidos pol\u00edticos<\/strong> sin que esto represente renunciar a disputarles el discurso, los s\u00edmbolos, los recursos (nuestros recursos) y nuestra<strong> representaci\u00f3n<\/strong>. Estas organizaciones tambi\u00e9n coinciden en que existe en el pa\u00eds una <strong>clase pol\u00edtica<\/strong>, una elite pol\u00edtico-empresarial, una nata gestora de la realidad nacional, que vive en la impunidad disociada de lo que sucede con el resto de las personas que sufren de la desigualdad, la discriminaci\u00f3n, la violencia y la falta de oportunidades y que se favorecen de esta inequidad para alimentar sus intereses.<br \/>\nHasta aqu\u00ed, algunas coincidencias, ahora algunos contrastes:<br \/>\n<a class=\"no-eff img-link lightbox\" href=\"http:\/\/nofm-radio.com\/wp-content\/uploads\/2017\/03\/CNI_siglas.jpg\"><img loading=\"lazy\" decoding=\"async\" class=\"alignleft wp-image-22889 size-medium\" src=\"http:\/\/nofm-radio.com\/wp-content\/uploads\/2017\/03\/CNI_siglas-250x226.jpg\" alt=\"CNI_siglas\" width=\"250\" height=\"226\" \/><\/a><br \/>\nPor un lado el <strong>CNI<\/strong> coloca como tema de primera relevancia la <strong>plurinacionalidad<\/strong> y la<strong> desigualdad<\/strong>, agendas hist\u00f3ricamente relegadas de la discusi\u00f3n de los grandes medios nacionales y por tanto de la agenda legislativa del Congreso de la Uni\u00f3n. Tiene como una de sus principales fortalezas su gran capacidad de cr\u00edtica al estado actual de las cosas en M\u00e9xico, al <strong>neoliberalismo<\/strong> y la <strong>globalizaci\u00f3n<\/strong>. Adem\u00e1s un elemento central es que perfila como candidata a una mujer, una se\u00f1al interesante, notoria y progresista desde un sector ind\u00edgena que tampoco ha pasado libre del machismo. El CNI, los impulsores de los <strong>Acuerdos de San Andr\u00e9s<\/strong> y los adherentes a la sexta declaraci\u00f3n de la selva Lacandona encuentran su base social de manera importanteen zonas rurales de M\u00e9xico, principalmente en el sureste y se han curtido en un proceso de largo aliento con una por momentos distante relaci\u00f3n con las grandes ciudades como Monterrey, Guadalajara y la propia <strong>Ciudad de M\u00e9xico<\/strong>.<br \/>\nPor su parte <strong>Wikipol\u00edtica<\/strong> es una organizaci\u00f3n nueva, mayoritariamente de j\u00f3venes, heredera de las formas de movilizaci\u00f3n de <strong>#YoSoy132<\/strong> que ha encontrado en la participaci\u00f3n social su principal fortaleza y eje discursivo. Su gran merito ha sido inyectar de esperanza y vencer la resignaci\u00f3n que fuertemente se inculcaa los estudiantes y j\u00f3venes de las principales ciudades del pa\u00eds. Su potencia para repensar la pol\u00edtica ha quedado comprobada con la exitosa campa\u00f1a de <strong>Pedro Kumamoto<\/strong> en las elecciones de 2015 en Jalisco, as\u00ed como con la iniciativa de <a href=\"http:\/\/sinvotonohaydinero.mx\/\" target=\"_blank\" rel=\"noopener noreferrer\"><strong>#SinVotoNoHayDinero<\/strong> <\/a>que cuenta con un amplio apoyo social y que en estas semanas se discute en la c\u00e1mara de diputados. Sin embargo, la Wikipolitica que se hace fuerte en<strong> redes sociales<\/strong> como Facebook, Twitter e Instagram y que es capaz de colocar su agenda frente y a trav\u00e9s de los grandes medios de comunicaci\u00f3n tiene como una de sus principales debilidades su escasa relaci\u00f3n y capacidad de interpelaci\u00f3n con sectores rurales y populares como el que representa el<strong> Consejo Nacional Ind\u00edgena<\/strong>.<br \/>\nPor \u00faltimo,<strong> Ahora<\/strong> es una plataforma apartidista que se ha presentado a finales de febrero de 2017 para intentar articular un movimiento pol\u00edtico electoral que acabe con lo que <strong>Edgardo Buscaglia<\/strong> ha denominado como\u201cel pacto de impunidad\u201d. Esta alternativa es respaldada por defensores de derechos humanos, activistas y acad\u00e9micos. Se presenta como heredera de luchas tan importantes como el <strong>movimiento estudiantil de 1968<\/strong> y el movimiento por la paz. Y genera su diagnostico a partir de casos de violaciones a los derechos humanos como el caso <strong>Ayotzinapa<\/strong>. En sus filas tambi\u00e9n militan ex participantes de #Yosoy132. La principal aportaci\u00f3n de Ahora podr\u00eda estar en la ampliaci\u00f3n del debate sobre los derechos humanos por la experiencia y preparaci\u00f3n de muchos de sus participantes. Sus principales retos ser\u00e1n demostrar que no es una alternativa elitista para gente desencantada de la Ciudad de M\u00e9xico, as\u00ed como justificar su participaci\u00f3n en la contienda un a\u00f1o antes de ella, cosa que ha parecido disgustar tanto a la izquierda como a la derecha.<\/p>\n<blockquote class=\"twitter-video\" data-lang=\"es\">\n<p lang=\"es\" dir=\"ltr\">\u00a1Somos AHORA! <a href=\"https:\/\/t.co\/rcow3aHZyX\">https:\/\/t.co\/rcow3aHZyX<\/a> <a href=\"https:\/\/t.co\/thJM1Hv9aj\">pic.twitter.com\/thJM1Hv9aj<\/a><\/p>\n<p>&mdash; Ahora (@ahora_mx) <a href=\"https:\/\/twitter.com\/ahora_mx\/status\/836031207229935616\">27 de febrero de 2017<\/a><\/p><\/blockquote>\n<p><script async src=\"\/\/platform.twitter.com\/widgets.js\" charset=\"utf-8\"><\/script><br \/>\nAs\u00ed pues, como se puede deducir despu\u00e9s de leer estas l\u00edneas las tres organizaciones tienen puntos fuertes, coincidencias, discrepancias y debilidades. Las tres buscan impactar el<strong> escenario electoral en 2018<\/strong> combatiendo de frente a los viejos partidos. Se antoja muy dif\u00edcil el reto y m\u00e1s si la sociedad mantiene su incapacidad de articular desde la diferencia. Sera imposible si no hay di\u00e1logo entre las disidencias del campo y la ciudad. Es por eso que surge la interrogante, \u00bfes posible disputar las <strong>elecciones<\/strong> desde la dispersi\u00f3n? \u00bfPor qu\u00e9 no plantear un proceso de articulaci\u00f3n en donde la plurinacionalidad, la desigualdad, las <strong>violaciones a los derechos humanos<\/strong> y la participaci\u00f3n ciudadana sean la agenda a reivindicar frente al deterioro nacional? Con la experiencia previa de hace 6 a\u00f1os en donde la articulaci\u00f3n, la dispersi\u00f3n, la protesta frontal y los intentos de boicot culminaron en un panorama muy diferente al que todos deseabamos, en este momento tenemos la oportunidad para ganar el futuro y no repetir la historia.<\/p>\n","protected":false},"template":"","meta":{"_id_youtube":"","_id_vimeo":"","_podcasts_duration":"","_podcasts_url":"","_podcasts_show":"","_prog_horario_dias":"","_prog_hora":"","_prog_duration":""},"class_list":["post-22888","archivo","type-archivo","status-publish","hentry"],"_links":{"self":[{"href":"https:\/\/nofm-radio.com\/index.php?rest_route=\/wp\/v2\/archivo\/22888","targetHints":{"allow":["GET"]}}],"collection":[{"href":"https:\/\/nofm-radio.com\/index.php?rest_route=\/wp\/v2\/archivo"}],"about":[{"href":"https:\/\/nofm-radio.com\/index.php?rest_route=\/wp\/v2\/types\/archivo"}],"wp:attachment":[{"href":"https:\/\/nofm-radio.com\/index.php?rest_route=%2Fwp%2Fv2%2Fmedia&parent=22888"}],"curies":[{"name":"wp","href":"https:\/\/api.w.org\/{rel}","templated":true}]}}

El CNI, Wikipolítica y Ahora: ¿La irrupción imposible?

<p>por <strong>Juan Yves Palomar</strong><br />
<a href="https://twitter.com/JuanYvesPalomar" target="_blank" rel="noopener noreferrer">@JuanYvesPalomar</a><br />
A pesar de las grandes disparidades, la diferencia de características y de contextos, tanto el<strong> Consejo Nacional Indígena</strong>, como <strong>Wikipolítica</strong>, así como la nueva plataforma <strong>Ahora</strong>, comparten una intención en común: irrumpir desde la colectividad y sin partidos políticos en las instituciones a través de la competencia electoral en 2018. ¿Por qué existe esta coincidencia en el diagnostico?<br />
En primer lugar las tres organizaciones mencionadas comparten un par de características, han planteado su origen fuera del circuito institucional y lejos de la influencia de los<strong> partidos políticos</strong> sin que esto represente renunciar a disputarles el discurso, los símbolos, los recursos (nuestros recursos) y nuestra<strong> representación</strong>. Estas organizaciones también coinciden en que existe en el país una <strong>clase política</strong>, una elite político-empresarial, una nata gestora de la realidad nacional, que vive en la impunidad disociada de lo que sucede con el resto de las personas que sufren de la desigualdad, la discriminación, la violencia y la falta de oportunidades y que se favorecen de esta inequidad para alimentar sus intereses.<br />
Hasta aquí, algunas coincidencias, ahora algunos contrastes:<br />
<a class="no-eff img-link lightbox" href="http://nofm-radio.com/wp-content/uploads/2017/03/CNI_siglas.jpg"><img loading="lazy" decoding="async" class="alignleft wp-image-22889 size-medium" src="http://nofm-radio.com/wp-content/uploads/2017/03/CNI_siglas-250x226.jpg" alt="CNI_siglas" width="250" height="226" /></a><br />
Por un lado el <strong>CNI</strong> coloca como tema de primera relevancia la <strong>plurinacionalidad</strong> y la<strong> desigualdad</strong>, agendas históricamente relegadas de la discusión de los grandes medios nacionales y por tanto de la agenda legislativa del Congreso de la Unión. Tiene como una de sus principales fortalezas su gran capacidad de crítica al estado actual de las cosas en México, al <strong>neoliberalismo</strong> y la <strong>globalización</strong>. Además un elemento central es que perfila como candidata a una mujer, una señal interesante, notoria y progresista desde un sector indígena que tampoco ha pasado libre del machismo. El CNI, los impulsores de los <strong>Acuerdos de San Andrés</strong> y los adherentes a la sexta declaración de la selva Lacandona encuentran su base social de manera importanteen zonas rurales de México, principalmente en el sureste y se han curtido en un proceso de largo aliento con una por momentos distante relación con las grandes ciudades como Monterrey, Guadalajara y la propia <strong>Ciudad de México</strong>.<br />
Por su parte <strong>Wikipolítica</strong> es una organización nueva, mayoritariamente de jóvenes, heredera de las formas de movilización de <strong>#YoSoy132</strong> que ha encontrado en la participación social su principal fortaleza y eje discursivo. Su gran merito ha sido inyectar de esperanza y vencer la resignación que fuertemente se inculcaa los estudiantes y jóvenes de las principales ciudades del país. Su potencia para repensar la política ha quedado comprobada con la exitosa campaña de <strong>Pedro Kumamoto</strong> en las elecciones de 2015 en Jalisco, así como con la iniciativa de <a href="http://sinvotonohaydinero.mx/" target="_blank" rel="noopener noreferrer"><strong>#SinVotoNoHayDinero</strong> </a>que cuenta con un amplio apoyo social y que en estas semanas se discute en la cámara de diputados. Sin embargo, la Wikipolitica que se hace fuerte en<strong> redes sociales</strong> como Facebook, Twitter e Instagram y que es capaz de colocar su agenda frente y a través de los grandes medios de comunicación tiene como una de sus principales debilidades su escasa relación y capacidad de interpelación con sectores rurales y populares como el que representa el<strong> Consejo Nacional Indígena</strong>.<br />
Por último,<strong> Ahora</strong> es una plataforma apartidista que se ha presentado a finales de febrero de 2017 para intentar articular un movimiento político electoral que acabe con lo que <strong>Edgardo Buscaglia</strong> ha denominado como“el pacto de impunidad”. Esta alternativa es respaldada por defensores de derechos humanos, activistas y académicos. Se presenta como heredera de luchas tan importantes como el <strong>movimiento estudiantil de 1968</strong> y el movimiento por la paz. Y genera su diagnostico a partir de casos de violaciones a los derechos humanos como el caso <strong>Ayotzinapa</strong>. En sus filas también militan ex participantes de #Yosoy132. La principal aportación de Ahora podría estar en la ampliación del debate sobre los derechos humanos por la experiencia y preparación de muchos de sus participantes. Sus principales retos serán demostrar que no es una alternativa elitista para gente desencantada de la Ciudad de México, así como justificar su participación en la contienda un año antes de ella, cosa que ha parecido disgustar tanto a la izquierda como a la derecha.</p>
<blockquote class="twitter-video" data-lang="es">
<p lang="es" dir="ltr">¡Somos AHORA! <a href="https://t.co/rcow3aHZyX">https://t.co/rcow3aHZyX</a> <a href="https://t.co/thJM1Hv9aj">pic.twitter.com/thJM1Hv9aj</a></p>
<p>&mdash; Ahora (@ahora_mx) <a href="https://twitter.com/ahora_mx/status/836031207229935616">27 de febrero de 2017</a></p></blockquote>
<p><script async src="//platform.twitter.com/widgets.js" charset="utf-8"></script><br />
Así pues, como se puede deducir después de leer estas líneas las tres organizaciones tienen puntos fuertes, coincidencias, discrepancias y debilidades. Las tres buscan impactar el<strong> escenario electoral en 2018</strong> combatiendo de frente a los viejos partidos. Se antoja muy difícil el reto y más si la sociedad mantiene su incapacidad de articular desde la diferencia. Sera imposible si no hay diálogo entre las disidencias del campo y la ciudad. Es por eso que surge la interrogante, ¿es posible disputar las <strong>elecciones</strong> desde la dispersión? ¿Por qué no plantear un proceso de articulación en donde la plurinacionalidad, la desigualdad, las <strong>violaciones a los derechos humanos</strong> y la participación ciudadana sean la agenda a reivindicar frente al deterioro nacional? Con la experiencia previa de hace 6 años en donde la articulación, la dispersión, la protesta frontal y los intentos de boicot culminaron en un panorama muy diferente al que todos deseabamos, en este momento tenemos la oportunidad para ganar el futuro y no repetir la historia.</p>
