{"id":23077,"date":"2017-04-10T19:24:02","date_gmt":"2017-04-11T00:24:02","guid":{"rendered":"http:\/\/nofm-radio.com\/?p=23077"},"modified":"2017-04-10T19:24:02","modified_gmt":"2017-04-11T00:24:02","slug":"aqui-puedes-escuchar-el-programa-especial-justiciaparadaphne","status":"publish","type":"archivo","link":"https:\/\/nofm-radio.com\/?archivo=aqui-puedes-escuchar-el-programa-especial-justiciaparadaphne","title":{"rendered":"Aqu\u00ed puedes escuchar el programa especial #JusticiaParaDaphne"},"content":{"rendered":"<p>El caso de <strong>Daphne Fern\u00e1ndez<\/strong>, como pocos, ha destapado la cloaca de la poca preparaci\u00f3n de la <strong>justicia mexicana<\/strong> para enfrentar la <strong>violencia de g\u00e9nero<\/strong>. De los muchos abusos que hemos conocido \u00faltimamente, casi todos por medio de las redes sociales, el de Daphne ha sido un ominoso paradigma de impunidad, privilegio, insensibilidad y<strong> revictimizaci\u00f3n<\/strong>. Entre los miles de casos fruto de la inequidad de g\u00e9nero, partimos de este caso que ha atrapado la atenci\u00f3n p\u00fablica para plantearnos para d\u00f3nde tenemos que avanzar. El tercer programa de <strong>#EspecialesNoFM<\/strong> y <strong>Mel\u00ed Mel\u00f3<\/strong> se concentr\u00f3 en debatir sobre las preguntas \u00bfc\u00f3mo obtener justicia para Daphne y para las miles de mujeres v\u00edctimas de violencia? \u00bfQu\u00e9 exigir a las fiscal\u00edas y al <strong>Poder Judicial de la Federaci\u00f3n<\/strong>?<br \/>\nIgualmente, reflexionamos alrededor de los <strong>juicios paralelos<\/strong> que el mal funcionamiento de la justicia mexicana ha generado: las redes sociales y los medios de comunicaci\u00f3n como herramienta para presionar a las autoridades, pero tambi\u00e9n como un mundo que con la misma fuerza que defiende a las v\u00edctimas, las somete a una nueva ola de agravios. Con todo, parece que los medios masivos se han convertido en el refugio de las v\u00edctimas que encuentran o\u00eddos sordos en cada servidor p\u00fablico.<br \/>\n<strong>Diego Mej\u00eda, M\u00f3nica Moreno y Juan Pablo San Esteban<\/strong> hicieron el recorrido desde la publicaci\u00f3n del caso Daphne en Veracruz, hasta la preparaci\u00f3n de los abogados que se encargan de defender y emitir sentencias en uno de los pa\u00edses m\u00e1s peligrosos para ser mujer.<br \/>\nLes dejamos completo el programa especial #JusticiaParaDaphne: ley incidental, impunidad lasciva.<br \/>\n<strong>#EspecialesNoFM y Mel\u00ed Mel\u00f3 presentan #JusticiaParaDaphne: ley incidental, impunidad lasciva. PARTE I<\/strong><br \/>\nEntrevista con <strong>Sandra Segura<\/strong>, reportera veracruzana y columnista de <strong>Notiver<\/strong>, primera periodista en sacar a la luz los casos de abusos sexuales a adolescentes.<br \/>\nEntrevista a <strong>Ana Pamela Romero<\/strong>, investigadora del <strong>Instituto Nacional de Ciencias Penales<\/strong>, sobre la<strong> Justicia con perspectiva de g\u00e9nero<\/strong>, \u00bfqu\u00e9 es y c\u00f3mo lograrla?<br \/>\n[audio:http:\/\/nofm-radio.com\/podcast\/2017\/EspecialesNoFM_JusticiaParaDaphne_I.mp3]<br \/>\n<strong>#EspecialesNoFM y Mel\u00ed Mel\u00f3 presentan #JusticiaParaDaphne: ley incidental, impunidad lasciva. PARTE II<\/strong><br \/>\nEntrevistas con<strong> Valeria Hamel <\/strong>y <strong>Daniel Quintanilla<\/strong>, abogados del ITAM, sobre la funci\u00f3n de los juicios paralelos y el fracaso del m\u00e9todo punitivo para enfrentar la violencia de g\u00e9nero.<br \/>\n[audio:http:\/\/nofm-radio.com\/podcast\/2017\/EspecialesNoFM_JusticiaParaDaphne_II.mp3]<\/p>\n","protected":false},"template":"","meta":{"_id_youtube":"","_id_vimeo":"","_podcasts_duration":"","_podcasts_url":"","_podcasts_show":"","_prog_horario_dias":"","_prog_hora":"","_prog_duration":""},"class_list":["post-23077","archivo","type-archivo","status-publish","hentry"],"_links":{"self":[{"href":"https:\/\/nofm-radio.com\/index.php?rest_route=\/wp\/v2\/archivo\/23077","targetHints":{"allow":["GET"]}}],"collection":[{"href":"https:\/\/nofm-radio.com\/index.php?rest_route=\/wp\/v2\/archivo"}],"about":[{"href":"https:\/\/nofm-radio.com\/index.php?rest_route=\/wp\/v2\/types\/archivo"}],"wp:attachment":[{"href":"https:\/\/nofm-radio.com\/index.php?rest_route=%2Fwp%2Fv2%2Fmedia&parent=23077"}],"curies":[{"name":"wp","href":"https:\/\/api.w.org\/{rel}","templated":true}]}}

Aquí puedes escuchar el programa especial #JusticiaParaDaphne

<p>El caso de <strong>Daphne Fernández</strong>, como pocos, ha destapado la cloaca de la poca preparación de la <strong>justicia mexicana</strong> para enfrentar la <strong>violencia de género</strong>. De los muchos abusos que hemos conocido últimamente, casi todos por medio de las redes sociales, el de Daphne ha sido un ominoso paradigma de impunidad, privilegio, insensibilidad y<strong> revictimización</strong>. Entre los miles de casos fruto de la inequidad de género, partimos de este caso que ha atrapado la atención pública para plantearnos para dónde tenemos que avanzar. El tercer programa de <strong>#EspecialesNoFM</strong> y <strong>Melí Meló</strong> se concentró en debatir sobre las preguntas ¿cómo obtener justicia para Daphne y para las miles de mujeres víctimas de violencia? ¿Qué exigir a las fiscalías y al <strong>Poder Judicial de la Federación</strong>?<br />
Igualmente, reflexionamos alrededor de los <strong>juicios paralelos</strong> que el mal funcionamiento de la justicia mexicana ha generado: las redes sociales y los medios de comunicación como herramienta para presionar a las autoridades, pero también como un mundo que con la misma fuerza que defiende a las víctimas, las somete a una nueva ola de agravios. Con todo, parece que los medios masivos se han convertido en el refugio de las víctimas que encuentran oídos sordos en cada servidor público.<br />
<strong>Diego Mejía, Mónica Moreno y Juan Pablo San Esteban</strong> hicieron el recorrido desde la publicación del caso Daphne en Veracruz, hasta la preparación de los abogados que se encargan de defender y emitir sentencias en uno de los países más peligrosos para ser mujer.<br />
Les dejamos completo el programa especial #JusticiaParaDaphne: ley incidental, impunidad lasciva.<br />
<strong>#EspecialesNoFM y Melí Meló presentan #JusticiaParaDaphne: ley incidental, impunidad lasciva. PARTE I</strong><br />
Entrevista con <strong>Sandra Segura</strong>, reportera veracruzana y columnista de <strong>Notiver</strong>, primera periodista en sacar a la luz los casos de abusos sexuales a adolescentes.<br />
Entrevista a <strong>Ana Pamela Romero</strong>, investigadora del <strong>Instituto Nacional de Ciencias Penales</strong>, sobre la<strong> Justicia con perspectiva de género</strong>, ¿qué es y cómo lograrla?<br />
[audio:http://nofm-radio.com/podcast/2017/EspecialesNoFM_JusticiaParaDaphne_I.mp3]<br />
<strong>#EspecialesNoFM y Melí Meló presentan #JusticiaParaDaphne: ley incidental, impunidad lasciva. PARTE II</strong><br />
Entrevistas con<strong> Valeria Hamel </strong>y <strong>Daniel Quintanilla</strong>, abogados del ITAM, sobre la función de los juicios paralelos y el fracaso del método punitivo para enfrentar la violencia de género.<br />
[audio:http://nofm-radio.com/podcast/2017/EspecialesNoFM_JusticiaParaDaphne_II.mp3]</p>
