{"id":23122,"date":"2017-04-17T14:29:39","date_gmt":"2017-04-17T19:29:39","guid":{"rendered":"http:\/\/nofm-radio.com\/?p=23122"},"modified":"2017-04-17T14:29:39","modified_gmt":"2017-04-17T19:29:39","slug":"timelapse-mexico-ver-a-los-ojos-al-angel-de-la-independencia","status":"publish","type":"archivo","link":"https:\/\/nofm-radio.com\/?archivo=timelapse-mexico-ver-a-los-ojos-al-angel-de-la-independencia","title":{"rendered":"Timelapse M\u00e9xico: ver a los ojos al \u00c1ngel de la Independencia"},"content":{"rendered":"<p>Si algo nos gusta a los mexicanos es mostrar la belleza de nuestro pa\u00eds. Ca\u00f3tica, diversa, a veces absurda, pero siempre muy bella, la <strong>Ciudad de M\u00e9xico<\/strong> no deja de ser el m\u00e1s fiel ejemplo de lo mucho que tenemos por mostrar. Nuestros amigos de <strong>Timelapse M\u00e9xico<\/strong> se dieron a la tarea de mostrarnos, de lejos y de muy cerca, una de las zonas que todos los mexicanos tenemos como referente: <strong>Paseo de la Reforma<\/strong>. Desde drones y desde c\u00e1maras a ras de suelo, les dejamos estas im\u00e1genes para comprobar de nuevo que qu\u00e9 bonito es lo bonito.<br \/>\nPara estar al pendiente del material que estrena <strong>Timelapse M\u00e9xico<\/strong>, no dejen de seguiirlos en sus redes sociales: <strong><a href=\"https:\/\/www.facebook.com\/timelapsesmexico\" target=\"_blank\" rel=\"noopener noreferrer\">https:\/\/www.facebook.com\/timelapsesmexico<\/a><\/strong><br \/>\n<iframe loading=\"lazy\" src=\"https:\/\/player.vimeo.com\/video\/212974250\" width=\"640\" height=\"360\" frameborder=\"0\" allowfullscreen=\"allowfullscreen\"><\/iframe><\/p>\n","protected":false},"template":"","meta":{"_id_youtube":"","_id_vimeo":"","_podcasts_duration":"","_podcasts_url":"","_podcasts_show":"","_prog_horario_dias":"","_prog_hora":"","_prog_duration":""},"class_list":["post-23122","archivo","type-archivo","status-publish","hentry"],"_links":{"self":[{"href":"https:\/\/nofm-radio.com\/index.php?rest_route=\/wp\/v2\/archivo\/23122","targetHints":{"allow":["GET"]}}],"collection":[{"href":"https:\/\/nofm-radio.com\/index.php?rest_route=\/wp\/v2\/archivo"}],"about":[{"href":"https:\/\/nofm-radio.com\/index.php?rest_route=\/wp\/v2\/types\/archivo"}],"wp:attachment":[{"href":"https:\/\/nofm-radio.com\/index.php?rest_route=%2Fwp%2Fv2%2Fmedia&parent=23122"}],"curies":[{"name":"wp","href":"https:\/\/api.w.org\/{rel}","templated":true}]}}

Timelapse México: ver a los ojos al Ángel de la Independencia

<p>Si algo nos gusta a los mexicanos es mostrar la belleza de nuestro país. Caótica, diversa, a veces absurda, pero siempre muy bella, la <strong>Ciudad de México</strong> no deja de ser el más fiel ejemplo de lo mucho que tenemos por mostrar. Nuestros amigos de <strong>Timelapse México</strong> se dieron a la tarea de mostrarnos, de lejos y de muy cerca, una de las zonas que todos los mexicanos tenemos como referente: <strong>Paseo de la Reforma</strong>. Desde drones y desde cámaras a ras de suelo, les dejamos estas imágenes para comprobar de nuevo que qué bonito es lo bonito.<br />
Para estar al pendiente del material que estrena <strong>Timelapse México</strong>, no dejen de seguiirlos en sus redes sociales: <strong><a href="https://www.facebook.com/timelapsesmexico" target="_blank" rel="noopener noreferrer">https://www.facebook.com/timelapsesmexico</a></strong><br />
<iframe loading="lazy" src="https://player.vimeo.com/video/212974250" width="640" height="360" frameborder="0" allowfullscreen="allowfullscreen"></iframe></p>
