{"id":23285,"date":"2017-04-28T17:40:07","date_gmt":"2017-04-28T22:40:07","guid":{"rendered":"http:\/\/nofm-radio.com\/?p=23285"},"modified":"2017-04-28T17:40:07","modified_gmt":"2017-04-28T22:40:07","slug":"laprimeravez-que-una-cancion-me-llego","status":"publish","type":"archivo","link":"https:\/\/nofm-radio.com\/?archivo=laprimeravez-que-una-cancion-me-llego","title":{"rendered":"#LaPrimeraVez que una canci\u00f3n \u201cme lleg\u00f3\u201d"},"content":{"rendered":"<p>por<strong> \u00d3scar Muci\u00f1o<\/strong><br \/>\n<a href=\"https:\/\/twitter.com\/opmucino\" target=\"_blank\" rel=\"noopener noreferrer\">@opmucino<\/a><br \/>\nEstas son \u00e9pocas gelatinosas, en las que afortunado es lo que cuaja, y en las que si algo cuaja s\u00f3lo basta un tantito a la intemperie para que se vuelva l\u00edquido y se evapore. A esto no se escapa la <strong>m\u00fasica<\/strong>. Antes, los <strong>temas<\/strong> permanec\u00edan sonando por todos lados por casi a\u00f1os, se incrustaban como espinas de cardenche, se pegaban como las moscas a las cintas adhesivas.<br \/>\nHablando de las canciones, \u00e9stas, la mayor parte del tiempo nos confunden y nos bombardean con est\u00edmulos an\u00edmicos. Cuando se es ni\u00f1o nos ponen ideas y sentimientos que a\u00fan no comprendemos, y con esas ideas empezamos a creernos que ciertas emociones deben sentirse y exteriorizarse de una manera particular.<br \/>\nMe veo a m\u00ed mismo en cuarto de primaria haciendo m\u00edas esas palabras del bolero <strong>&#8220;<\/strong><strong>Usted&#8221;<\/strong>, compuesto por <strong>Gabriel Ruiz Galindo y Jos\u00e9 Antonio Zorrilla<\/strong>, la parte de: <em>Y hasta la vida diera por perder el miedo de besarla a usted<\/em>. La imagen de un ni\u00f1o emocionado por esa l\u00ednea tiene muchas aristas, puede ser tierna, puede ser grotesca y hasta rid\u00edcula, cada quien que le ponga adjetivos.<br \/>\nDe lo que s\u00ed tengo certeza es que al cantarla pensaba en una ni\u00f1a llamada<strong> Brenda<\/strong>, ni\u00f1a de la que <a href=\"http:\/\/nofm-radio.com\/2016\/04\/brenda\/\" target=\"_blank\" rel=\"noopener noreferrer\">ya escrib\u00ed en alguna otra ocasi\u00f3n<\/a>. Sin embargo, en ese entonces cantarla ten\u00eda mucho de impostado, de imitaci\u00f3n; en realidad ni sent\u00eda a plenitud aquella parte, quer\u00eda besar a Brenda s\u00ed, pero tal vez me hubiera conformado, a lo mucho, con tomarla de la mano y comer al lado de ella en el recreo.<br \/>\nCrec\u00ed y sigui\u00f3 ella conmigo en la escuela. Y ah\u00ed s\u00ed, uno llega a exagerarse, a tomar como propias cosas que no nos corresponden o que no est\u00e1n en consonancia con nosotros. Nos gusta regodearnos en <strong>palabras<\/strong> que poco expresan lo que ocurre en nuestro interior pero que nos permiten dar a entender a los otros m\u00e1s o menos por d\u00f3nde va la cosa.<br \/>\nCuando iba en sexto comenz\u00f3 a ponerse de moda una bachata, g\u00e9nero que francamente importaba poco de d\u00f3nde proven\u00eda, el tema era <strong>&#8220;Coraz\u00f3n culpable (Me enamor\u00e9)&#8221;<\/strong> de <strong>Antony Santos, \u201cEl Mayimbe\u201d<\/strong>. La canci\u00f3n empieza diciendo: <em>Si fracaso mam\u00e1, t\u00fa no tienes la culpa\u2026<\/em><br \/>\nYo ten\u00eda una mam\u00e1 y, desde entonces, una inclinaci\u00f3n a pensar que fracasar\u00eda. Fue f\u00e1cil identificarme, adem\u00e1s que en ese entonces empezaba a tener m\u00e1s nociones de que, cuando uno ve a alguien que le gusta con alguien m\u00e1s, se siente \u201cculerillo\u201d. Y as\u00ed pasaba entonces, Brenda ya estaba prendada de otro.<br \/>\nLa canci\u00f3n pasaba en el<strong> radio<\/strong> y la \u00fanica forma para conseguirla fue grabarla en un <strong>cassette<\/strong> cuando son\u00f3 en alguna estaci\u00f3n del FM. Ya con el tema grabado lo siguiente fue escucharla repetidamente, lo cual era un ejercicio distinto a los de ahora, terminada la canci\u00f3n hab\u00eda que rebobinar para volver a empezar, no bastaba un clic. Y as\u00ed lo hac\u00eda, una y otra vez, hasta que me aprend\u00ed la letra (la cual a\u00fan me s\u00e9).<br \/>\nHablando de ideas falsas, el coraz\u00f3n no era el culpable, nunca lo es. La culpable es la cabeza y su propensi\u00f3n a obsesionarse y tragarse cualquier discurso haci\u00e9ndolo suyo.<br \/>\nDe aquel amor s\u00f3lo queda el concepto, el ponerla a ella en mi <strong>mitolog\u00eda<\/strong> como el s\u00edmbolo de mi primera frustraci\u00f3n emocional, de mi primera cosquilla, de mi primer nervio y mi primera<strong> tristeza amorosa<\/strong>. Lo dicho, nos enga\u00f1amos. Qued\u00f3 m\u00e1s firme la canci\u00f3n, la cual me remonta a aquellos a\u00f1os de Boing de tri\u00e1ngulo y que, adem\u00e1s, es una rolota que no le pide nada a nadie para emocionar.<br \/>\nhttps:\/\/www.youtube.com\/watch?v=QaXNazCvhrY<\/p>\n","protected":false},"template":"","meta":{"_id_youtube":"","_id_vimeo":"","_podcasts_duration":"","_podcasts_url":"","_podcasts_show":"","_prog_horario_dias":"","_prog_hora":"","_prog_duration":""},"class_list":["post-23285","archivo","type-archivo","status-publish","hentry"],"_links":{"self":[{"href":"https:\/\/nofm-radio.com\/index.php?rest_route=\/wp\/v2\/archivo\/23285","targetHints":{"allow":["GET"]}}],"collection":[{"href":"https:\/\/nofm-radio.com\/index.php?rest_route=\/wp\/v2\/archivo"}],"about":[{"href":"https:\/\/nofm-radio.com\/index.php?rest_route=\/wp\/v2\/types\/archivo"}],"wp:attachment":[{"href":"https:\/\/nofm-radio.com\/index.php?rest_route=%2Fwp%2Fv2%2Fmedia&parent=23285"}],"curies":[{"name":"wp","href":"https:\/\/api.w.org\/{rel}","templated":true}]}}

#LaPrimeraVez que una canción “me llegó”

<p>por<strong> Óscar Muciño</strong><br />
<a href="https://twitter.com/opmucino" target="_blank" rel="noopener noreferrer">@opmucino</a><br />
Estas son épocas gelatinosas, en las que afortunado es lo que cuaja, y en las que si algo cuaja sólo basta un tantito a la intemperie para que se vuelva líquido y se evapore. A esto no se escapa la <strong>música</strong>. Antes, los <strong>temas</strong> permanecían sonando por todos lados por casi años, se incrustaban como espinas de cardenche, se pegaban como las moscas a las cintas adhesivas.<br />
Hablando de las canciones, éstas, la mayor parte del tiempo nos confunden y nos bombardean con estímulos anímicos. Cuando se es niño nos ponen ideas y sentimientos que aún no comprendemos, y con esas ideas empezamos a creernos que ciertas emociones deben sentirse y exteriorizarse de una manera particular.<br />
Me veo a mí mismo en cuarto de primaria haciendo mías esas palabras del bolero <strong>&#8220;</strong><strong>Usted&#8221;</strong>, compuesto por <strong>Gabriel Ruiz Galindo y José Antonio Zorrilla</strong>, la parte de: <em>Y hasta la vida diera por perder el miedo de besarla a usted</em>. La imagen de un niño emocionado por esa línea tiene muchas aristas, puede ser tierna, puede ser grotesca y hasta ridícula, cada quien que le ponga adjetivos.<br />
De lo que sí tengo certeza es que al cantarla pensaba en una niña llamada<strong> Brenda</strong>, niña de la que <a href="http://nofm-radio.com/2016/04/brenda/" target="_blank" rel="noopener noreferrer">ya escribí en alguna otra ocasión</a>. Sin embargo, en ese entonces cantarla tenía mucho de impostado, de imitación; en realidad ni sentía a plenitud aquella parte, quería besar a Brenda sí, pero tal vez me hubiera conformado, a lo mucho, con tomarla de la mano y comer al lado de ella en el recreo.<br />
Crecí y siguió ella conmigo en la escuela. Y ahí sí, uno llega a exagerarse, a tomar como propias cosas que no nos corresponden o que no están en consonancia con nosotros. Nos gusta regodearnos en <strong>palabras</strong> que poco expresan lo que ocurre en nuestro interior pero que nos permiten dar a entender a los otros más o menos por dónde va la cosa.<br />
Cuando iba en sexto comenzó a ponerse de moda una bachata, género que francamente importaba poco de dónde provenía, el tema era <strong>&#8220;Corazón culpable (Me enamoré)&#8221;</strong> de <strong>Antony Santos, “El Mayimbe”</strong>. La canción empieza diciendo: <em>Si fracaso mamá, tú no tienes la culpa…</em><br />
Yo tenía una mamá y, desde entonces, una inclinación a pensar que fracasaría. Fue fácil identificarme, además que en ese entonces empezaba a tener más nociones de que, cuando uno ve a alguien que le gusta con alguien más, se siente “culerillo”. Y así pasaba entonces, Brenda ya estaba prendada de otro.<br />
La canción pasaba en el<strong> radio</strong> y la única forma para conseguirla fue grabarla en un <strong>cassette</strong> cuando sonó en alguna estación del FM. Ya con el tema grabado lo siguiente fue escucharla repetidamente, lo cual era un ejercicio distinto a los de ahora, terminada la canción había que rebobinar para volver a empezar, no bastaba un clic. Y así lo hacía, una y otra vez, hasta que me aprendí la letra (la cual aún me sé).<br />
Hablando de ideas falsas, el corazón no era el culpable, nunca lo es. La culpable es la cabeza y su propensión a obsesionarse y tragarse cualquier discurso haciéndolo suyo.<br />
De aquel amor sólo queda el concepto, el ponerla a ella en mi <strong>mitología</strong> como el símbolo de mi primera frustración emocional, de mi primera cosquilla, de mi primer nervio y mi primera<strong> tristeza amorosa</strong>. Lo dicho, nos engañamos. Quedó más firme la canción, la cual me remonta a aquellos años de Boing de triángulo y que, además, es una rolota que no le pide nada a nadie para emocionar.<br />
https://www.youtube.com/watch?v=QaXNazCvhrY</p>
