{"id":23323,"date":"2017-05-03T10:00:26","date_gmt":"2017-05-03T15:00:26","guid":{"rendered":"http:\/\/nofm-radio.com\/?p=23323"},"modified":"2017-05-03T10:00:26","modified_gmt":"2017-05-03T15:00:26","slug":"la-guerra-retorica-venezolana-reporte-desde-caracas","status":"publish","type":"archivo","link":"https:\/\/nofm-radio.com\/?archivo=la-guerra-retorica-venezolana-reporte-desde-caracas","title":{"rendered":"La \u201cGuerra Ret\u00f3rica\u201d venezolana. Reporte desde Caracas"},"content":{"rendered":"<p>texto y fotos de <strong>Rodrigo Gonz\u00e1lez Olivares<\/strong><br \/>\n<a href=\"https:\/\/twitter.com\/Eneas\" target=\"_blank\" rel=\"noopener noreferrer\">@Eneas<\/a><br \/>\nLo que est\u00e1 ocurriendo en <strong>Venezuela<\/strong> es, en esencia, una \u201c<strong>guerra ret\u00f3rica<\/strong>\u201d: es la oposici\u00f3n intentando convencer al mundo de que esto es una <strong>dictadura<\/strong> y, por otro lado, el gobierno queriendo caricaturizar a los opositores como <strong>terroristas<\/strong>. Ninguna de las dos narraciones es totalmente cierta.<br \/>\nEl objetivo opositor es obligar al gobierno a que realice<strong> elecciones generales<\/strong> anticipadas (es decir, no quieren que <strong>Nicol\u00e1s Maduro<\/strong> termine su mandato constitucional) y que liberen a los \u201cpresos pol\u00edticos\u201d (sobre todo a <strong>Leopoldo L\u00f3pez<\/strong>, el autor intelectual de las \u201c<strong>guarimbas<\/strong>\u201d de 2014 que dejaron m\u00e1s de 40 personas muertas). Esto se pretende porque estiman que el<strong> chavismo<\/strong> est\u00e1 debilitado \u2013despu\u00e9s de una guerra econ\u00f3mica que comenzaron cuando Hugo Ch\u00e1vez lleg\u00f3 a la presidencia&#8211; y podr\u00edan hacerse con el control del gobierno \u201cpor la v\u00eda democr\u00e1tica\u201d, para terminar con el proyecto de la <strong>Revoluci\u00f3n Bolivariana<\/strong>.<br \/>\n<figure id=\"attachment_23339\" aria-describedby=\"caption-attachment-23339\" style=\"width: 2000px\" class=\"wp-caption alignnone\"><a class=\"no-eff img-link lightbox\" href=\"http:\/\/nofm-radio.com\/wp-content\/uploads\/2017\/05\/NoFM-1.jpg\"><img loading=\"lazy\" decoding=\"async\" class=\"wp-image-23339 size-full\" src=\"http:\/\/nofm-radio.com\/wp-content\/uploads\/2017\/05\/NoFM-1.jpg\" alt=\"NoFM (1)\" width=\"2000\" height=\"1335\" \/><\/a><figcaption id=\"caption-attachment-23339\" class=\"wp-caption-text\">Opositores de Voluntad Popular marchan en Caracas<\/figcaption><\/figure><br \/>\nPor su parte, el gobierno llama terroristas a la parte opositora para restarle legitimidad a sus<strong> protestas<\/strong>. Es verdad que la oposici\u00f3n, cuando marcha, cae en actos vand\u00e1licos (llegaron a quemar, incluso, un edificio del <strong>Tribunal Superior de Justicia<\/strong>) que ya han cobrado algunas vidas. Sin embargo, la violencia no ha llegado a los mismos niveles que en 2014 (las guarimbas) o al intento de <strong>golpe de estado de 2002<\/strong> que organizaron contra Ch\u00e1vez. La diferencia es que ahora los medios digitales maximizan la percepci\u00f3n de la violencia y, coordinados con medios de todo el mundo, han logrado generar la matriz de opini\u00f3n de que <strong>Venezuela<\/strong> es una feroz dictadura.<br \/>\nLa <strong>manifestaci\u00f3n<\/strong> m\u00e1s grande que ha organizado<strong> la oposici\u00f3n<\/strong> ha sido de unas 10 o 15 mil personas (en una ciudad de algo m\u00e1s de 2 millones de habitantes), en su mayor\u00eda circunscritas a la zona Este de la <strong>Caracas<\/strong> (Chacao, Altamira) con brotes en otras zonas. Aqu\u00ed vale la pena anotar que Caracas est\u00e1 tan polarizada como la sociedad: la zona Este, en donde habitan las clases medias\/altas y las zonas Centro y Poniente, en donde habita la mayor parte de la poblaci\u00f3n de medios y bajos recursos. De hecho, existe una plaza que sirve como divisi\u00f3n geogr\u00e1fica de ambas zonas, la <strong>Plaza Venezuela<\/strong>. Estas dos zonas de la ciudad tienen una visi\u00f3n tan diferente del rumbo del pa\u00eds que, si llegaran a encontrarse manifestaciones opuestas, s\u00ed que se armar\u00eda una desgracia: si se ven, se matan (ya existe un antecedente de que esto ocurre, en el 2002, con el famoso episodio de<strong> Puente Llaguno<\/strong>).<br \/>\n<figure id=\"attachment_23341\" aria-describedby=\"caption-attachment-23341\" style=\"width: 2000px\" class=\"wp-caption alignnone\"><a class=\"no-eff img-link lightbox\" href=\"http:\/\/nofm-radio.com\/wp-content\/uploads\/2017\/05\/NoFM-4.jpg\"><img loading=\"lazy\" decoding=\"async\" class=\"wp-image-23341 size-full\" src=\"http:\/\/nofm-radio.com\/wp-content\/uploads\/2017\/05\/NoFM-4.jpg\" alt=\"NoFM (4)\" width=\"2000\" height=\"1241\" \/><\/a><figcaption id=\"caption-attachment-23341\" class=\"wp-caption-text\">Una simpatizante presume la figurita de Ch\u00e1vez que ella misma hizo<\/figcaption><\/figure><br \/>\nMaduro se preguntaba hace unas semanas: \u201c\u00bfQu\u00e9 puedo hacer? Si permitimos que su marcha llegue al centro de la ciudad, \u00bfse imaginan qu\u00e9 pasar\u00eda?\u201d Por eso la polic\u00eda se ha concentrado en no permitir que la manifestaci\u00f3n opositora pase \u201cde este lado\u201d, para evitar la\u00a0<strong>violencia<\/strong> \u2013no estoy c\u00f3modo defendiendo a la polic\u00eda en alg\u00fan contexto, pero s\u00ed reconozco que sin esas acciones, esto ya habr\u00eda acabado en masacre hace rato. La gente opositora, al sentir que no puede cumplir los objetivos de la marcha, ataca a la polic\u00eda y ah\u00ed es en donde se arma el relajo que tanta visibilidad ha tenido en los<strong> medios internacionales<\/strong>.<br \/>\nEsta situaci\u00f3n ha visto incrementada su intensidad por la andanada de la <strong>Organizaci\u00f3n de los Estados Americanos<\/strong>\u00a0en contra de Venezuela. Lo que se busca en ese \u201cring\u201d es propiciar una<strong> intervenci\u00f3n extranjera<\/strong> en el pa\u00eds. Por eso la canciller <strong>Delcy Rodr\u00edguez<\/strong> anunci\u00f3 el retiro de Venezuela del \u201c<strong>Ministerio de las Colonias<\/strong>\u201d (como le llaman a la OEA), pues consideran que esa organizaci\u00f3n s\u00f3lo le sirve a los fines geoestrat\u00e9gicos de <strong>Estados Unidos<\/strong>.<br \/>\n<figure id=\"attachment_23340\" aria-describedby=\"caption-attachment-23340\" style=\"width: 1837px\" class=\"wp-caption alignnone\"><a class=\"no-eff img-link lightbox\" href=\"http:\/\/nofm-radio.com\/wp-content\/uploads\/2017\/05\/NoFM-3.jpg\"><img loading=\"lazy\" decoding=\"async\" class=\"wp-image-23340 size-full\" src=\"http:\/\/nofm-radio.com\/wp-content\/uploads\/2017\/05\/NoFM-3.jpg\" alt=\"NoFM (3)\" width=\"1837\" height=\"2000\" \/><\/a><figcaption id=\"caption-attachment-23340\" class=\"wp-caption-text\">Henrique Capriles Radonski: gobernador, empresairo, l\u00edder opositor<\/figcaption><\/figure><br \/>\nAs\u00ed las cosas van marchando. Es importante notar que en Venezuelalos, los \u00a0medios los tiene la oposici\u00f3n: el gobierno tiene algunos <strong>canales de televisi\u00f3n<\/strong> y peri\u00f3dicos, pero el dinero y los medios internacionales est\u00e1n de parte de la <strong>oposici\u00f3n<\/strong> (incluso medios de \u201cizquierda\u201d como <em><strong>The Guardian<\/strong> <\/em>o <em><strong>Aristegui<\/strong> <\/em>han contribu\u00eddo al fuego).<br \/>\nEn Venezuela se juega el todo por el todo de una v\u00eda econ\u00f3mica y social alternativa al capitalismo en <strong>Am\u00e9rica Latina<\/strong>. Si cae Venezuela, cae el modelo en <strong>Bolivia<\/strong> y <strong>Ecuador<\/strong>. Esto lo saben muy bien los opositores y por eso le est\u00e1n metiendo todo lo que tienen a esta nueva intentona.<br \/>\n&nbsp;<br \/>\n<figure id=\"attachment_23344\" aria-describedby=\"caption-attachment-23344\" style=\"width: 2000px\" class=\"wp-caption alignnone\"><a class=\"no-eff img-link lightbox\" href=\"http:\/\/nofm-radio.com\/wp-content\/uploads\/2017\/05\/NoFM-10.jpg\"><img loading=\"lazy\" decoding=\"async\" class=\"size-full wp-image-23344\" src=\"http:\/\/nofm-radio.com\/wp-content\/uploads\/2017\/05\/NoFM-10.jpg\" alt=\"Marcha chavista en la Avenida Bol\u00edvar en apoyo a Nicol\u00e1s Maduro\" width=\"2000\" height=\"1335\" \/><\/a><figcaption id=\"caption-attachment-23344\" class=\"wp-caption-text\">Marcha chavista en la Avenida Bol\u00edvar en apoyo a Nicol\u00e1s Maduro<\/figcaption><\/figure><br \/>\n&nbsp;<\/p>\n","protected":false},"template":"","meta":{"_id_youtube":"","_id_vimeo":"","_podcasts_duration":"","_podcasts_url":"","_podcasts_show":"","_prog_horario_dias":"","_prog_hora":"","_prog_duration":""},"class_list":["post-23323","archivo","type-archivo","status-publish","hentry"],"_links":{"self":[{"href":"https:\/\/nofm-radio.com\/index.php?rest_route=\/wp\/v2\/archivo\/23323","targetHints":{"allow":["GET"]}}],"collection":[{"href":"https:\/\/nofm-radio.com\/index.php?rest_route=\/wp\/v2\/archivo"}],"about":[{"href":"https:\/\/nofm-radio.com\/index.php?rest_route=\/wp\/v2\/types\/archivo"}],"wp:attachment":[{"href":"https:\/\/nofm-radio.com\/index.php?rest_route=%2Fwp%2Fv2%2Fmedia&parent=23323"}],"curies":[{"name":"wp","href":"https:\/\/api.w.org\/{rel}","templated":true}]}}

La “Guerra Retórica” venezolana. Reporte desde Caracas

<p>texto y fotos de <strong>Rodrigo González Olivares</strong><br />
<a href="https://twitter.com/Eneas" target="_blank" rel="noopener noreferrer">@Eneas</a><br />
Lo que está ocurriendo en <strong>Venezuela</strong> es, en esencia, una “<strong>guerra retórica</strong>”: es la oposición intentando convencer al mundo de que esto es una <strong>dictadura</strong> y, por otro lado, el gobierno queriendo caricaturizar a los opositores como <strong>terroristas</strong>. Ninguna de las dos narraciones es totalmente cierta.<br />
El objetivo opositor es obligar al gobierno a que realice<strong> elecciones generales</strong> anticipadas (es decir, no quieren que <strong>Nicolás Maduro</strong> termine su mandato constitucional) y que liberen a los “presos políticos” (sobre todo a <strong>Leopoldo López</strong>, el autor intelectual de las “<strong>guarimbas</strong>” de 2014 que dejaron más de 40 personas muertas). Esto se pretende porque estiman que el<strong> chavismo</strong> está debilitado –después de una guerra económica que comenzaron cuando Hugo Chávez llegó a la presidencia&#8211; y podrían hacerse con el control del gobierno “por la vía democrática”, para terminar con el proyecto de la <strong>Revolución Bolivariana</strong>.<br />
<figure id="attachment_23339" aria-describedby="caption-attachment-23339" style="width: 2000px" class="wp-caption alignnone"><a class="no-eff img-link lightbox" href="http://nofm-radio.com/wp-content/uploads/2017/05/NoFM-1.jpg"><img loading="lazy" decoding="async" class="wp-image-23339 size-full" src="http://nofm-radio.com/wp-content/uploads/2017/05/NoFM-1.jpg" alt="NoFM (1)" width="2000" height="1335" /></a><figcaption id="caption-attachment-23339" class="wp-caption-text">Opositores de Voluntad Popular marchan en Caracas</figcaption></figure><br />
Por su parte, el gobierno llama terroristas a la parte opositora para restarle legitimidad a sus<strong> protestas</strong>. Es verdad que la oposición, cuando marcha, cae en actos vandálicos (llegaron a quemar, incluso, un edificio del <strong>Tribunal Superior de Justicia</strong>) que ya han cobrado algunas vidas. Sin embargo, la violencia no ha llegado a los mismos niveles que en 2014 (las guarimbas) o al intento de <strong>golpe de estado de 2002</strong> que organizaron contra Chávez. La diferencia es que ahora los medios digitales maximizan la percepción de la violencia y, coordinados con medios de todo el mundo, han logrado generar la matriz de opinión de que <strong>Venezuela</strong> es una feroz dictadura.<br />
La <strong>manifestación</strong> más grande que ha organizado<strong> la oposición</strong> ha sido de unas 10 o 15 mil personas (en una ciudad de algo más de 2 millones de habitantes), en su mayoría circunscritas a la zona Este de la <strong>Caracas</strong> (Chacao, Altamira) con brotes en otras zonas. Aquí vale la pena anotar que Caracas está tan polarizada como la sociedad: la zona Este, en donde habitan las clases medias/altas y las zonas Centro y Poniente, en donde habita la mayor parte de la población de medios y bajos recursos. De hecho, existe una plaza que sirve como división geográfica de ambas zonas, la <strong>Plaza Venezuela</strong>. Estas dos zonas de la ciudad tienen una visión tan diferente del rumbo del país que, si llegaran a encontrarse manifestaciones opuestas, sí que se armaría una desgracia: si se ven, se matan (ya existe un antecedente de que esto ocurre, en el 2002, con el famoso episodio de<strong> Puente Llaguno</strong>).<br />
<figure id="attachment_23341" aria-describedby="caption-attachment-23341" style="width: 2000px" class="wp-caption alignnone"><a class="no-eff img-link lightbox" href="http://nofm-radio.com/wp-content/uploads/2017/05/NoFM-4.jpg"><img loading="lazy" decoding="async" class="wp-image-23341 size-full" src="http://nofm-radio.com/wp-content/uploads/2017/05/NoFM-4.jpg" alt="NoFM (4)" width="2000" height="1241" /></a><figcaption id="caption-attachment-23341" class="wp-caption-text">Una simpatizante presume la figurita de Chávez que ella misma hizo</figcaption></figure><br />
Maduro se preguntaba hace unas semanas: “¿Qué puedo hacer? Si permitimos que su marcha llegue al centro de la ciudad, ¿se imaginan qué pasaría?” Por eso la policía se ha concentrado en no permitir que la manifestación opositora pase “de este lado”, para evitar la <strong>violencia</strong> –no estoy cómodo defendiendo a la policía en algún contexto, pero sí reconozco que sin esas acciones, esto ya habría acabado en masacre hace rato. La gente opositora, al sentir que no puede cumplir los objetivos de la marcha, ataca a la policía y ahí es en donde se arma el relajo que tanta visibilidad ha tenido en los<strong> medios internacionales</strong>.<br />
Esta situación ha visto incrementada su intensidad por la andanada de la <strong>Organización de los Estados Americanos</strong> en contra de Venezuela. Lo que se busca en ese “ring” es propiciar una<strong> intervención extranjera</strong> en el país. Por eso la canciller <strong>Delcy Rodríguez</strong> anunció el retiro de Venezuela del “<strong>Ministerio de las Colonias</strong>” (como le llaman a la OEA), pues consideran que esa organización sólo le sirve a los fines geoestratégicos de <strong>Estados Unidos</strong>.<br />
<figure id="attachment_23340" aria-describedby="caption-attachment-23340" style="width: 1837px" class="wp-caption alignnone"><a class="no-eff img-link lightbox" href="http://nofm-radio.com/wp-content/uploads/2017/05/NoFM-3.jpg"><img loading="lazy" decoding="async" class="wp-image-23340 size-full" src="http://nofm-radio.com/wp-content/uploads/2017/05/NoFM-3.jpg" alt="NoFM (3)" width="1837" height="2000" /></a><figcaption id="caption-attachment-23340" class="wp-caption-text">Henrique Capriles Radonski: gobernador, empresairo, líder opositor</figcaption></figure><br />
Así las cosas van marchando. Es importante notar que en Venezuelalos, los  medios los tiene la oposición: el gobierno tiene algunos <strong>canales de televisión</strong> y periódicos, pero el dinero y los medios internacionales están de parte de la <strong>oposición</strong> (incluso medios de “izquierda” como <em><strong>The Guardian</strong> </em>o <em><strong>Aristegui</strong> </em>han contribuído al fuego).<br />
En Venezuela se juega el todo por el todo de una vía económica y social alternativa al capitalismo en <strong>América Latina</strong>. Si cae Venezuela, cae el modelo en <strong>Bolivia</strong> y <strong>Ecuador</strong>. Esto lo saben muy bien los opositores y por eso le están metiendo todo lo que tienen a esta nueva intentona.<br />
&nbsp;<br />
<figure id="attachment_23344" aria-describedby="caption-attachment-23344" style="width: 2000px" class="wp-caption alignnone"><a class="no-eff img-link lightbox" href="http://nofm-radio.com/wp-content/uploads/2017/05/NoFM-10.jpg"><img loading="lazy" decoding="async" class="size-full wp-image-23344" src="http://nofm-radio.com/wp-content/uploads/2017/05/NoFM-10.jpg" alt="Marcha chavista en la Avenida Bolívar en apoyo a Nicolás Maduro" width="2000" height="1335" /></a><figcaption id="caption-attachment-23344" class="wp-caption-text">Marcha chavista en la Avenida Bolívar en apoyo a Nicolás Maduro</figcaption></figure><br />
&nbsp;</p>
