{"id":23371,"date":"2017-05-04T14:29:07","date_gmt":"2017-05-04T19:29:07","guid":{"rendered":"http:\/\/nofm-radio.com\/?p=23371"},"modified":"2017-05-04T14:29:07","modified_gmt":"2017-05-04T19:29:07","slug":"usar-el-pan-como-arma-reporte-desde-venezuela","status":"publish","type":"archivo","link":"https:\/\/nofm-radio.com\/?archivo=usar-el-pan-como-arma-reporte-desde-venezuela","title":{"rendered":"Usar el pan como arma. Reporte desde Venezuela"},"content":{"rendered":"<p>texto y fotos de <strong>Rodrigo Gonz\u00e1lez Olivares<\/strong><br \/>\n<a href=\"https:\/\/twitter.com\/Eneas\" target=\"_blank\" rel=\"noopener noreferrer\">@Eneas<\/a><br \/>\nUno de los grandes problemas de <strong>Venezuela<\/strong> es su dependencia al \u201c<strong>rentismo petrolero<\/strong>\u201d. Durante la d\u00e9cada de los 50, el pa\u00eds se volvi\u00f3 loco: abandonaron pr\u00e1cticamente el campo para volcarse a las ciudades a trabajar en la<strong> industria petrolera<\/strong> y los servicios relacionados con esa <em>commodity<\/em>. Fue la \u00e9poca de la \u201c<strong>Venezuela Saud\u00ed<\/strong>\u201d: creaci\u00f3n muy acelerada de infraestructura (aqu\u00ed es cuando Caracas se desarroll\u00f3 m\u00e1s y se construyeron los edificios emblem\u00e1ticos de la ciudad, los megabloques del 23 de Enero, las Torres del Silencio, la Universidad Central, edificios de bancos, etc); se dice que m\u00e1s del 80% de la poblaci\u00f3n venezolana se mud\u00f3 a las ciudades.<br \/>\nAl parejo de este <strong>hiper desarrollo<\/strong>, comenz\u00f3 a crearse una <strong>desigualdad<\/strong> impresionante (a los mexicanos esto les suena conocido, de seguro). Esto continu\u00f3 durante d\u00e9cadas y se crearon y cimentaron los grandes <strong>poderes econ\u00f3micos<\/strong> que persisten hasta hoy en d\u00eda (apellidos como <strong>Capriles, Radonski, Mendoza<\/strong>, o la familia de <strong>Leopoldo L\u00f3pez<\/strong>, pose\u00edan gran parte de las industrias en Venezuela).<br \/>\nEl <strong>campo venezolano<\/strong> se muri\u00f3: importaban casi todos sus alimentos, gracias al poder\u00edo del petr\u00f3leo, y los procesaban y distribu\u00edan los due\u00f1os de los medios.<br \/>\n<figure id=\"attachment_23375\" aria-describedby=\"caption-attachment-23375\" style=\"width: 2000px\" class=\"wp-caption alignnone\"><a class=\"no-eff img-link lightbox\" href=\"http:\/\/nofm-radio.com\/wp-content\/uploads\/2017\/05\/NoFM-8.jpg\"><img loading=\"lazy\" decoding=\"async\" class=\"size-full wp-image-23375\" src=\"http:\/\/nofm-radio.com\/wp-content\/uploads\/2017\/05\/NoFM-8.jpg\" alt=\"La panader\u00eda &quot;La Minka&quot; produce m\u00e1s de 4 mil piezas al d\u00eda\" width=\"2000\" height=\"1125\" \/><\/a><figcaption id=\"caption-attachment-23375\" class=\"wp-caption-text\">La panader\u00eda &#8220;La Minka&#8221; produce m\u00e1s de 4 mil piezas al d\u00eda<\/figcaption><\/figure><br \/>\nEn el 89 hubo una crisis del modelo y ocurri\u00f3 \u201c<strong>el carazaco<\/strong>\u201d que, eventualmente, llevar\u00eda al triunfo electoral de <strong>Hugo<\/strong>\u00a0<strong>Ch\u00e1vez<\/strong> y al inici\u00f3 de la Revoluci\u00f3n. Este l\u00edder inmediatamente identific\u00f3 que el problema era la dependencia a poderes externos e intent\u00f3 crear medios de distribuci\u00f3n alternativos (<strong>El Mercal<\/strong> \u2013el walmart socialista&#8211;, los mercados bicentenario \u2013los Shopping Malls socialistas&#8211;, son dos grandes ejemplos) y, al mismo tiempo, insuflarle nueva vida al campo.<br \/>\nObviamente, los poderes econ\u00f3micos comenzaron una<strong> guerra econ\u00f3mica<\/strong> (a\u00fan en curso) contra el gobierno, impidiendo que el proceso de soberan\u00eda alimentaria avanzara con la profundidad necesaria.<br \/>\nLuego comenzaron los <strong>bloqueos econ\u00f3micos<\/strong> (de facto, no anunciados), creando un escenario bien raro: <strong>Venezuela<\/strong>, la naci\u00f3n con m\u00e1s petr\u00f3leo del mundo, no pod\u00eda comprar los alimentos suficientes porque nadie se los vend\u00eda. Comenzaron a utilizar, efectivamente, \u201cel pan como arma\u201d.<br \/>\n<figure id=\"attachment_23377\" aria-describedby=\"caption-attachment-23377\" style=\"width: 2000px\" class=\"wp-caption alignnone\"><a class=\"no-eff img-link lightbox\" href=\"http:\/\/nofm-radio.com\/wp-content\/uploads\/2017\/05\/NoFM-111.jpg\"><img loading=\"lazy\" decoding=\"async\" class=\"size-full wp-image-23377\" src=\"http:\/\/nofm-radio.com\/wp-content\/uploads\/2017\/05\/NoFM-111.jpg\" alt=\"Marcha opositora en la autopista Fajardo, Chacao\" width=\"2000\" height=\"1125\" \/><\/a><figcaption id=\"caption-attachment-23377\" class=\"wp-caption-text\">Marcha opositora en la autopista Fajardo, Chacao<\/figcaption><\/figure><br \/>\nCuando muere<strong> Ch\u00e1vez<\/strong>, el proceso estaba a la mitad, a<strong> Maduro<\/strong> le toca continuarlo. Pero la disminuci\u00f3n de los precios del petr\u00f3leo y la intensificaci\u00f3n de la guerra econ\u00f3mica han hecho que no se pueda avanzar con la rapidez necesaria: Venezuela sigue dependiendo de materia prima externa (sobre todo trigo y ma\u00edz para la fabricaci\u00f3n de harinas) y los medios de distribuci\u00f3n siguen en manos de los poderes econ\u00f3micos (notablemente,<strong> Industrias Polar<\/strong>, de Lorenzo Mendoza \u201cel Donald Trump venezolano\u201d). Fue famoso el caso de un barco cargado de alimentos que no pod\u00eda entrar porque Venezuela no pod\u00eda pagarlo en d\u00f3lares pues no hab\u00eda organismo internacional \u00a1que valorara las divisas venezolanas! Un barco lleno de comida pudri\u00e9ndose en el mar.<br \/>\nLas panader\u00edas tambi\u00e9n est\u00e1n en manos de estos poderes econ\u00f3micos: venden el pan muy caro, muy poco y a capricho\u2026 eso es lo que provoca las largas filas que la oposici\u00f3n exhibe a diario por <strong>redes sociales<\/strong>.\u00a0Todo esto de usar la alimentaci\u00f3n como arma se hace con el fin de debilitar al <strong>chavismo<\/strong>, fomentando la <strong>inconformidad social<\/strong>\u00a0y quieran un cambio radical.<br \/>\n&nbsp;<br \/>\n<figure id=\"attachment_23373\" aria-describedby=\"caption-attachment-23373\" style=\"width: 2000px\" class=\"wp-caption alignnone\"><a class=\"no-eff img-link lightbox\" href=\"http:\/\/nofm-radio.com\/wp-content\/uploads\/2017\/05\/NoFM-6.jpg\"><img loading=\"lazy\" decoding=\"async\" class=\"size-full wp-image-23373\" src=\"http:\/\/nofm-radio.com\/wp-content\/uploads\/2017\/05\/NoFM-6.jpg\" alt=\"Asamblea popular en la parroquia de Catia, Caracas\" width=\"2000\" height=\"1328\" \/><\/a><figcaption id=\"caption-attachment-23373\" class=\"wp-caption-text\">Asamblea popular en la parroquia de Catia, Caracas<\/figcaption><\/figure><br \/>\nUna consecuencia buena de esto es que por todos estos problemas de distribuci\u00f3n, muchos venezolanos se est\u00e1n organizando en<strong> comit\u00e9s locales de abastecimiento<\/strong> <strong>y producci\u00f3n<\/strong>: ellos mismos est\u00e1n produciendo. Si el modelo resulta exitoso, ser\u00e1n un ejemplo a nivel mundial de c\u00f3mo \u201cla producci\u00f3n y consumo locales\u201d son la respuesta al modelo de la globalizaci\u00f3n (que muchos piensan es la \u00fanica v\u00eda). Ya se ver\u00e1\u2026 si es que queda tiempo.<br \/>\n<figure id=\"attachment_23374\" aria-describedby=\"caption-attachment-23374\" style=\"width: 1961px\" class=\"wp-caption alignnone\"><img loading=\"lazy\" decoding=\"async\" class=\"wp-image-23374 size-full\" src=\"http:\/\/nofm-radio.com\/wp-content\/uploads\/2017\/05\/NoFM-7.jpg\" alt=\"\" width=\"1961\" height=\"2000\" \/><figcaption id=\"caption-attachment-23374\" class=\"wp-caption-text\">Abuela y nieta participan en uno de los huertos urbanos de abastecimiento<\/figcaption><\/figure><\/p>\n","protected":false},"template":"","meta":{"_id_youtube":"","_id_vimeo":"","_podcasts_duration":"","_podcasts_url":"","_podcasts_show":"","_prog_horario_dias":"","_prog_hora":"","_prog_duration":""},"class_list":["post-23371","archivo","type-archivo","status-publish","hentry"],"_links":{"self":[{"href":"https:\/\/nofm-radio.com\/index.php?rest_route=\/wp\/v2\/archivo\/23371","targetHints":{"allow":["GET"]}}],"collection":[{"href":"https:\/\/nofm-radio.com\/index.php?rest_route=\/wp\/v2\/archivo"}],"about":[{"href":"https:\/\/nofm-radio.com\/index.php?rest_route=\/wp\/v2\/types\/archivo"}],"wp:attachment":[{"href":"https:\/\/nofm-radio.com\/index.php?rest_route=%2Fwp%2Fv2%2Fmedia&parent=23371"}],"curies":[{"name":"wp","href":"https:\/\/api.w.org\/{rel}","templated":true}]}}

<p>texto y fotos de <strong>Rodrigo González Olivares</strong><br />
<a href="https://twitter.com/Eneas" target="_blank" rel="noopener noreferrer">@Eneas</a><br />
Uno de los grandes problemas de <strong>Venezuela</strong> es su dependencia al “<strong>rentismo petrolero</strong>”. Durante la década de los 50, el país se volvió loco: abandonaron prácticamente el campo para volcarse a las ciudades a trabajar en la<strong> industria petrolera</strong> y los servicios relacionados con esa <em>commodity</em>. Fue la época de la “<strong>Venezuela Saudí</strong>”: creación muy acelerada de infraestructura (aquí es cuando Caracas se desarrolló más y se construyeron los edificios emblemáticos de la ciudad, los megabloques del 23 de Enero, las Torres del Silencio, la Universidad Central, edificios de bancos, etc); se dice que más del 80% de la población venezolana se mudó a las ciudades.<br />
Al parejo de este <strong>hiper desarrollo</strong>, comenzó a crearse una <strong>desigualdad</strong> impresionante (a los mexicanos esto les suena conocido, de seguro). Esto continuó durante décadas y se crearon y cimentaron los grandes <strong>poderes económicos</strong> que persisten hasta hoy en día (apellidos como <strong>Capriles, Radonski, Mendoza</strong>, o la familia de <strong>Leopoldo López</strong>, poseían gran parte de las industrias en Venezuela).<br />
El <strong>campo venezolano</strong> se murió: importaban casi todos sus alimentos, gracias al poderío del petróleo, y los procesaban y distribuían los dueños de los medios.<br />
<figure id="attachment_23375" aria-describedby="caption-attachment-23375" style="width: 2000px" class="wp-caption alignnone"><a class="no-eff img-link lightbox" href="http://nofm-radio.com/wp-content/uploads/2017/05/NoFM-8.jpg"><img loading="lazy" decoding="async" class="size-full wp-image-23375" src="http://nofm-radio.com/wp-content/uploads/2017/05/NoFM-8.jpg" alt="La panadería &quot;La Minka&quot; produce más de 4 mil piezas al día" width="2000" height="1125" /></a><figcaption id="caption-attachment-23375" class="wp-caption-text">La panadería &#8220;La Minka&#8221; produce más de 4 mil piezas al día</figcaption></figure><br />
En el 89 hubo una crisis del modelo y ocurrió “<strong>el carazaco</strong>” que, eventualmente, llevaría al triunfo electoral de <strong>Hugo</strong> <strong>Chávez</strong> y al inició de la Revolución. Este líder inmediatamente identificó que el problema era la dependencia a poderes externos e intentó crear medios de distribución alternativos (<strong>El Mercal</strong> –el walmart socialista&#8211;, los mercados bicentenario –los Shopping Malls socialistas&#8211;, son dos grandes ejemplos) y, al mismo tiempo, insuflarle nueva vida al campo.<br />
Obviamente, los poderes económicos comenzaron una<strong> guerra económica</strong> (aún en curso) contra el gobierno, impidiendo que el proceso de soberanía alimentaria avanzara con la profundidad necesaria.<br />
Luego comenzaron los <strong>bloqueos económicos</strong> (de facto, no anunciados), creando un escenario bien raro: <strong>Venezuela</strong>, la nación con más petróleo del mundo, no podía comprar los alimentos suficientes porque nadie se los vendía. Comenzaron a utilizar, efectivamente, “el pan como arma”.<br />
<figure id="attachment_23377" aria-describedby="caption-attachment-23377" style="width: 2000px" class="wp-caption alignnone"><a class="no-eff img-link lightbox" href="http://nofm-radio.com/wp-content/uploads/2017/05/NoFM-111.jpg"><img loading="lazy" decoding="async" class="size-full wp-image-23377" src="http://nofm-radio.com/wp-content/uploads/2017/05/NoFM-111.jpg" alt="Marcha opositora en la autopista Fajardo, Chacao" width="2000" height="1125" /></a><figcaption id="caption-attachment-23377" class="wp-caption-text">Marcha opositora en la autopista Fajardo, Chacao</figcaption></figure><br />
Cuando muere<strong> Chávez</strong>, el proceso estaba a la mitad, a<strong> Maduro</strong> le toca continuarlo. Pero la disminución de los precios del petróleo y la intensificación de la guerra económica han hecho que no se pueda avanzar con la rapidez necesaria: Venezuela sigue dependiendo de materia prima externa (sobre todo trigo y maíz para la fabricación de harinas) y los medios de distribución siguen en manos de los poderes económicos (notablemente,<strong> Industrias Polar</strong>, de Lorenzo Mendoza “el Donald Trump venezolano”). Fue famoso el caso de un barco cargado de alimentos que no podía entrar porque Venezuela no podía pagarlo en dólares pues no había organismo internacional ¡que valorara las divisas venezolanas! Un barco lleno de comida pudriéndose en el mar.<br />
Las panaderías también están en manos de estos poderes económicos: venden el pan muy caro, muy poco y a capricho… eso es lo que provoca las largas filas que la oposición exhibe a diario por <strong>redes sociales</strong>. Todo esto de usar la alimentación como arma se hace con el fin de debilitar al <strong>chavismo</strong>, fomentando la <strong>inconformidad social</strong> y quieran un cambio radical.<br />
&nbsp;<br />
<figure id="attachment_23373" aria-describedby="caption-attachment-23373" style="width: 2000px" class="wp-caption alignnone"><a class="no-eff img-link lightbox" href="http://nofm-radio.com/wp-content/uploads/2017/05/NoFM-6.jpg"><img loading="lazy" decoding="async" class="size-full wp-image-23373" src="http://nofm-radio.com/wp-content/uploads/2017/05/NoFM-6.jpg" alt="Asamblea popular en la parroquia de Catia, Caracas" width="2000" height="1328" /></a><figcaption id="caption-attachment-23373" class="wp-caption-text">Asamblea popular en la parroquia de Catia, Caracas</figcaption></figure><br />
Una consecuencia buena de esto es que por todos estos problemas de distribución, muchos venezolanos se están organizando en<strong> comités locales de abastecimiento</strong> <strong>y producción</strong>: ellos mismos están produciendo. Si el modelo resulta exitoso, serán un ejemplo a nivel mundial de cómo “la producción y consumo locales” son la respuesta al modelo de la globalización (que muchos piensan es la única vía). Ya se verá… si es que queda tiempo.<br />
<figure id="attachment_23374" aria-describedby="caption-attachment-23374" style="width: 1961px" class="wp-caption alignnone"><img loading="lazy" decoding="async" class="wp-image-23374 size-full" src="http://nofm-radio.com/wp-content/uploads/2017/05/NoFM-7.jpg" alt="" width="1961" height="2000" /><figcaption id="caption-attachment-23374" class="wp-caption-text">Abuela y nieta participan en uno de los huertos urbanos de abastecimiento</figcaption></figure></p>
