{"id":23380,"date":"2017-05-04T17:26:52","date_gmt":"2017-05-04T22:26:52","guid":{"rendered":"http:\/\/nofm-radio.com\/?p=23380"},"modified":"2017-05-04T17:26:52","modified_gmt":"2017-05-04T22:26:52","slug":"cuestionarionofm-yiru-de-acidandali","status":"publish","type":"archivo","link":"https:\/\/nofm-radio.com\/?archivo=cuestionarionofm-yiru-de-acidandali","title":{"rendered":"#CuestionarioNoFM. Yiru de Acidandali"},"content":{"rendered":"<p><em>Para comprender la coreograf\u00eda del momento, es necesario conocer a sus participantes. Por lo mismo presentamos el\u00a0<strong>#CuestionarioNoFM<\/strong>, un veh\u00edculo para acercarnos de otra manera a los protagonistas que con su trabajo est\u00e1n marcando el ritmo con el cual se est\u00e1 bailando.<\/em><\/p>\n<p style=\"text-align: center;\"><strong>Yiru, de Acidandali<\/strong><br \/>\n<a href=\"https:\/\/twitter.com\/yiruim\" target=\"_blank\" rel=\"noopener noreferrer\">@yiruim<\/a><\/p>\n<p>Si us\u00e1ramos un radar perfectamente bien calibrado que nos pudiera dar las coordenadas para encontrar a algunas de las bandas m\u00e1s interesantes y propositivas del panorama nacional, inmediatamente comenzar\u00eda a vibrar al reconocer en la cercan\u00eda a <strong>Acidandali<\/strong>.<br \/>\nY claro, <strong>Acidandali<\/strong> existe por muchas razones, principalmente por intervenci\u00f3n divina seg\u00fan nosotros. Pero otra muy grande e importante se llama <strong>Yiru<\/strong>.<br \/>\nEl gran <strong>Yiru<\/strong> lleva pocos a\u00f1os en los escenarios, pero su peso ha sido tal y su visi\u00f3n s\u00f3nica tan explosiva, que se siente que llevamos escuch\u00e1ndolo toda la vida. No nos cabe duda que el <strong>Acidandali<\/strong> ya agriet\u00f3 todo lo que se ha puesto en su paso, y con <strong>Yiru<\/strong> nos quedamos para que toque hasta en nuestro funeral.<br \/>\n<a href=\"http:\/\/nofm-radio.com\/wp-content\/uploads\/2017\/05\/Acidandali.jpg\" class=\"no-eff img-link lightbox\" ><img loading=\"lazy\" decoding=\"async\" src=\"http:\/\/nofm-radio.com\/wp-content\/uploads\/2017\/05\/Acidandali.jpg\" alt=\"Acidandali\" width=\"741\" height=\"486\" class=\"alignnone size-full wp-image-23381\" \/><\/a><br \/>\n<strong>1. \u00bfQu\u00e9 nos puedes decir de tus abuelos?<\/strong><br \/>\nMi abuelo materno ha sido lo m\u00e1s importante de mi vida, era un aventurero, seguro sigue viajando a todos lados. \u00c9l fue una piedra angular en mi vida y en lo que soy ahora, mis otros abuelos son como todos los abuelos: cari\u00f1osos, sabios, viejos (en el buen sentido de la palabra). Van bien en su camino.<br \/>\n<strong>2. \u00bfQu\u00e9 nos puedes decir de tus padres?<\/strong><br \/>\nEst\u00e1n demasiado acostumbrados a ellos mismos, los amo y admiro demasiado la paciencia que me han tenido.<br \/>\n<strong>3. \u00bfQui\u00e9n tuvo o tiene la voz m\u00e1s importante de tu vida?<\/strong><br \/>\nMi abuelo, <strong>Jorge Gavi\u00f1o<\/strong>, se\u00f1or de historias y amor infinito, siempre que lo recuerdo me dan ganas de llorar, de hecho ya estoy llorando. Gracias, eh.<br \/>\n<iframe loading=\"lazy\" width=\"560\" height=\"315\" src=\"https:\/\/www.youtube.com\/embed\/tu580Ssz6B8\" frameborder=\"0\" allowfullscreen><\/iframe><br \/>\n<strong>4. Considerando que no elegimos d\u00f3nde nacer, \u00bfd\u00f3nde s\u00ed elegiste nacer?<\/strong><br \/>\nEleg\u00ed nacer en una pradera con subidas y bajadas, donde se ve a lo lejos una ciudad enorme y atestada de gente que visito de vez en cuando<br \/>\n<strong>5. Para ti \u00bfqui\u00e9nes son ellos y qui\u00e9nes nosotros?<\/strong><br \/>\nNosotros somos lo que ellos necesitan, y viceversa.<br \/>\n<strong>6. \u00bfQu\u00e9 verbo define lo que haces y por qu\u00e9?<\/strong><br \/>\nValent\u00eda, porque me convert\u00ed en un ser m\u00e1s feliz al dejar de tener miedo.<br \/>\n<strong>7. \u00bfCu\u00e1l es tu materia prima?<\/strong><br \/>\nDeseo, amor, ruido.<br \/>\n<iframe loading=\"lazy\" width=\"560\" height=\"315\" src=\"https:\/\/www.youtube.com\/embed\/TgM6yczGyQk\" frameborder=\"0\" allowfullscreen><\/iframe><br \/>\n<strong>8. Completa la frase<\/strong><br \/>\n<em><strong>Y cuando muera&#8230; ah\u00ed junto a mi cruz tan s\u00f3lo quiero&#8230;<\/strong><\/em> que quiten esa cruz, y hagan algo \u00fatil con ella, convi\u00e9rtanla en un instrumento, un juguete, un amigo, una canci\u00f3n, algo que les de placer.<br \/>\n<em><strong>Y si vivo cien a\u00f1os&#8230;<\/strong><\/em> que no pase un s\u00f3lo d\u00eda sin que pueda hacer feliz a alguien.<br \/>\n<em><strong>All we are saying&#8230;<\/strong> <\/em>good night and good luck.<br \/>\n<strong><em>El d\u00eda que me quieras&#8230;<\/em><\/strong> me dices.<br \/>\n<em><strong>Si nos dejan&#8230;<\/strong><\/em> les mandamos un mensaje y les avisamos que nos fuimos por otro lado.<br \/>\n<em><strong>Si yo fuera mujer&#8230;<\/strong><\/em> contestar\u00eda este cuestionario.<br \/>\n<strong>9. \u00bfQu\u00e9 pregunta le falta siempre a las entrevistas?<\/strong><br \/>\n\u00bfCual es tu peor miedo o forma de morir mas horrible que te imaginas?<br \/>\n<strong>10. \u00bfLa distorsi\u00f3n es ruido, silencio o sonido invisible? \u00bfPor qu\u00e9?<\/strong><br \/>\nLa distorsi\u00f3n es modificar algo, hacerlo impuro, llegar a un punto de impureza tan cabr\u00f3n que se convierta en algo totalmente nuevo, totalmente puro.<br \/>\n<a href=\"http:\/\/nofm-radio.com\/wp-content\/uploads\/2017\/05\/Acidandali2.jpg\" class=\"no-eff img-link lightbox\" ><img loading=\"lazy\" decoding=\"async\" src=\"http:\/\/nofm-radio.com\/wp-content\/uploads\/2017\/05\/Acidandali2.jpg\" alt=\"Acidandali2\" width=\"1440\" height=\"809\" class=\"alignnone size-full wp-image-23383\" \/><\/a><\/p>\n","protected":false},"template":"","meta":{"_id_youtube":"","_id_vimeo":"","_podcasts_duration":"","_podcasts_url":"","_podcasts_show":"","_prog_horario_dias":"","_prog_hora":"","_prog_duration":""},"class_list":["post-23380","archivo","type-archivo","status-publish","hentry"],"_links":{"self":[{"href":"https:\/\/nofm-radio.com\/index.php?rest_route=\/wp\/v2\/archivo\/23380","targetHints":{"allow":["GET"]}}],"collection":[{"href":"https:\/\/nofm-radio.com\/index.php?rest_route=\/wp\/v2\/archivo"}],"about":[{"href":"https:\/\/nofm-radio.com\/index.php?rest_route=\/wp\/v2\/types\/archivo"}],"wp:attachment":[{"href":"https:\/\/nofm-radio.com\/index.php?rest_route=%2Fwp%2Fv2%2Fmedia&parent=23380"}],"curies":[{"name":"wp","href":"https:\/\/api.w.org\/{rel}","templated":true}]}}

<p><em>Para comprender la coreografía del momento, es necesario conocer a sus participantes. Por lo mismo presentamos el <strong>#CuestionarioNoFM</strong>, un vehículo para acercarnos de otra manera a los protagonistas que con su trabajo están marcando el ritmo con el cual se está bailando.</em></p>
<p style="text-align: center;"><strong>Yiru, de Acidandali</strong><br />
<a href="https://twitter.com/yiruim" target="_blank" rel="noopener noreferrer">@yiruim</a></p>
<p>Si usáramos un radar perfectamente bien calibrado que nos pudiera dar las coordenadas para encontrar a algunas de las bandas más interesantes y propositivas del panorama nacional, inmediatamente comenzaría a vibrar al reconocer en la cercanía a <strong>Acidandali</strong>.<br />
Y claro, <strong>Acidandali</strong> existe por muchas razones, principalmente por intervención divina según nosotros. Pero otra muy grande e importante se llama <strong>Yiru</strong>.<br />
El gran <strong>Yiru</strong> lleva pocos años en los escenarios, pero su peso ha sido tal y su visión sónica tan explosiva, que se siente que llevamos escuchándolo toda la vida. No nos cabe duda que el <strong>Acidandali</strong> ya agrietó todo lo que se ha puesto en su paso, y con <strong>Yiru</strong> nos quedamos para que toque hasta en nuestro funeral.<br />
<a href="http://nofm-radio.com/wp-content/uploads/2017/05/Acidandali.jpg" class="no-eff img-link lightbox" ><img loading="lazy" decoding="async" src="http://nofm-radio.com/wp-content/uploads/2017/05/Acidandali.jpg" alt="Acidandali" width="741" height="486" class="alignnone size-full wp-image-23381" /></a><br />
<strong>1. ¿Qué nos puedes decir de tus abuelos?</strong><br />
Mi abuelo materno ha sido lo más importante de mi vida, era un aventurero, seguro sigue viajando a todos lados. Él fue una piedra angular en mi vida y en lo que soy ahora, mis otros abuelos son como todos los abuelos: cariñosos, sabios, viejos (en el buen sentido de la palabra). Van bien en su camino.<br />
<strong>2. ¿Qué nos puedes decir de tus padres?</strong><br />
Están demasiado acostumbrados a ellos mismos, los amo y admiro demasiado la paciencia que me han tenido.<br />
<strong>3. ¿Quién tuvo o tiene la voz más importante de tu vida?</strong><br />
Mi abuelo, <strong>Jorge Gaviño</strong>, señor de historias y amor infinito, siempre que lo recuerdo me dan ganas de llorar, de hecho ya estoy llorando. Gracias, eh.<br />
<iframe loading="lazy" width="560" height="315" src="https://www.youtube.com/embed/tu580Ssz6B8" frameborder="0" allowfullscreen></iframe><br />
<strong>4. Considerando que no elegimos dónde nacer, ¿dónde sí elegiste nacer?</strong><br />
Elegí nacer en una pradera con subidas y bajadas, donde se ve a lo lejos una ciudad enorme y atestada de gente que visito de vez en cuando<br />
<strong>5. Para ti ¿quiénes son ellos y quiénes nosotros?</strong><br />
Nosotros somos lo que ellos necesitan, y viceversa.<br />
<strong>6. ¿Qué verbo define lo que haces y por qué?</strong><br />
Valentía, porque me convertí en un ser más feliz al dejar de tener miedo.<br />
<strong>7. ¿Cuál es tu materia prima?</strong><br />
Deseo, amor, ruido.<br />
<iframe loading="lazy" width="560" height="315" src="https://www.youtube.com/embed/TgM6yczGyQk" frameborder="0" allowfullscreen></iframe><br />
<strong>8. Completa la frase</strong><br />
<em><strong>Y cuando muera&#8230; ahí junto a mi cruz tan sólo quiero&#8230;</strong></em> que quiten esa cruz, y hagan algo útil con ella, conviértanla en un instrumento, un juguete, un amigo, una canción, algo que les de placer.<br />
<em><strong>Y si vivo cien años&#8230;</strong></em> que no pase un sólo día sin que pueda hacer feliz a alguien.<br />
<em><strong>All we are saying&#8230;</strong> </em>good night and good luck.<br />
<strong><em>El día que me quieras&#8230;</em></strong> me dices.<br />
<em><strong>Si nos dejan&#8230;</strong></em> les mandamos un mensaje y les avisamos que nos fuimos por otro lado.<br />
<em><strong>Si yo fuera mujer&#8230;</strong></em> contestaría este cuestionario.<br />
<strong>9. ¿Qué pregunta le falta siempre a las entrevistas?</strong><br />
¿Cual es tu peor miedo o forma de morir mas horrible que te imaginas?<br />
<strong>10. ¿La distorsión es ruido, silencio o sonido invisible? ¿Por qué?</strong><br />
La distorsión es modificar algo, hacerlo impuro, llegar a un punto de impureza tan cabrón que se convierta en algo totalmente nuevo, totalmente puro.<br />
<a href="http://nofm-radio.com/wp-content/uploads/2017/05/Acidandali2.jpg" class="no-eff img-link lightbox" ><img loading="lazy" decoding="async" src="http://nofm-radio.com/wp-content/uploads/2017/05/Acidandali2.jpg" alt="Acidandali2" width="1440" height="809" class="alignnone size-full wp-image-23383" /></a></p>
