{"id":23739,"date":"2017-05-26T10:59:49","date_gmt":"2017-05-26T15:59:49","guid":{"rendered":"http:\/\/nofm-radio.com\/?p=23739"},"modified":"2017-05-26T10:59:49","modified_gmt":"2017-05-26T15:59:49","slug":"postal-98-pendientes-por-cobrar","status":"publish","type":"archivo","link":"https:\/\/nofm-radio.com\/?archivo=postal-98-pendientes-por-cobrar","title":{"rendered":"Postal 98. Pendientes por cobrar"},"content":{"rendered":"<p>por <strong>Erika Arroyo<\/strong><br \/>\n<a href=\"https:\/\/twitter.com\/WooWooRancher\" target=\"_blank\" rel=\"noopener noreferrer\">@WooWooRancher<\/a><br \/>\n<iframe loading=\"lazy\" src=\"https:\/\/www.youtube.com\/embed\/lGAFPRaXqJk\" width=\"560\" height=\"315\" frameborder=\"0\" allowfullscreen=\"allowfullscreen\"><\/iframe><br \/>\nSaludamos desde alg\u00fan ventanal de la memoria a los <strong>buenos tiempos<\/strong>.\u00a0Qu\u00e9 buenos tiempos aquellos que atesoramos, que nos relatamos en m\u00faltiples versiones una y otra vez, a los que les lloramos, que abrazamos para un d\u00eda, finalmente, soltarlos y dejarlos ir junto a los deseos de los ni\u00f1os y los papalotes que se han escapado de las manos.<br \/>\nSean todos bienvenidos a <strong>Postales<\/strong>.<br \/>\n<iframe loading=\"lazy\" src=\"https:\/\/www.youtube.com\/embed\/CpKxaHEUcek\" width=\"560\" height=\"315\" frameborder=\"0\" allowfullscreen=\"allowfullscreen\"><\/iframe><br \/>\n<iframe loading=\"lazy\" src=\"https:\/\/www.youtube.com\/embed\/MfTanvX-II0\" width=\"560\" height=\"315\" frameborder=\"0\" allowfullscreen=\"allowfullscreen\"><\/iframe><br \/>\nComo el papel que se ha dado en ofrenda al fuego, algunos momentos van ahum\u00e1ndose, se nos presentan huecos en el <strong>\u00e1lbum<\/strong>. \u00bfFue usted o fui yo?<br \/>\n\u201cPerd\u00f3n, no la quisiera lastimar, tal vez lo que me cuenta sea verdad, lamento contrariarla pero yo&#8230; no la recuerdo.\u201d<br \/>\n<iframe loading=\"lazy\" src=\"https:\/\/www.youtube.com\/embed\/qQD9JfOA1pA\" width=\"560\" height=\"315\" frameborder=\"0\" allowfullscreen=\"allowfullscreen\"><\/iframe><br \/>\n<iframe loading=\"lazy\" src=\"https:\/\/www.youtube.com\/embed\/xokJyITQlrI\" width=\"560\" height=\"315\" frameborder=\"0\" allowfullscreen=\"allowfullscreen\"><\/iframe><br \/>\n<iframe loading=\"lazy\" src=\"https:\/\/www.youtube.com\/embed\/6t949ErrEfo\" width=\"560\" height=\"315\" frameborder=\"0\" allowfullscreen=\"allowfullscreen\"><\/iframe><br \/>\nTenemos estudiada la misma<strong> escena<\/strong>: era un d\u00eda soleado, una anciana con bast\u00f3n alimentaba palomas en el parque, las risas de los ni\u00f1os retumbaban y yo dobl\u00e9 la esquina, vi a lo lejos, todo en c\u00e1mara lenta, brillante como el oro. Bueno, no tan brillante en realidad, aunque s\u00ed de alg\u00fan modo.<br \/>\n<strong>Play, play, play.<\/strong><br \/>\nComo en las <strong>dramatizaciones<\/strong> de la televisi\u00f3n, vamos recreando desde distintos \u00e1ngulos nuestras propias historias, algunas de ellas ya no nos pertenecen del todo e incluso, pudieron jam\u00e1s habernos pertenecido, pero nos aferramos a ellas, las hacemos nuestras en el momento en el que nos las narramos en voz baja, mientras nos ba\u00f1amos o caminamos entre mares de gente.<br \/>\n<iframe loading=\"lazy\" src=\"https:\/\/www.youtube.com\/embed\/1fdbblQ2HMc\" width=\"560\" height=\"315\" frameborder=\"0\" allowfullscreen=\"allowfullscreen\"><\/iframe><br \/>\nUna presencia fantasmal corta el hilo de una conversaci\u00f3n. Una mano cubre la boca que hasta hace unos segundos hablaba sobre el aumento en el<strong> precio de la gasolina<\/strong>. El acto de acordarse y su anunciamiento, o el ejercicio reci\u00e9n descubierto de recordar que se olvid\u00f3. Lo ausente se hace presente en nuestra cadena de hallazgos y p\u00e9rdidas.<br \/>\n<iframe loading=\"lazy\" src=\"https:\/\/www.youtube.com\/embed\/Dn7SBQ6X5HU\" width=\"560\" height=\"315\" frameborder=\"0\" allowfullscreen=\"allowfullscreen\"><\/iframe><br \/>\n<iframe loading=\"lazy\" src=\"https:\/\/www.youtube.com\/embed\/Bx48npNkabM\" width=\"560\" height=\"315\" frameborder=\"0\" allowfullscreen=\"allowfullscreen\"><\/iframe><br \/>\nLa <strong>hora del lobo<\/strong> llega antes que la primera luz del d\u00eda, entre la noche y el amanecer, cuando las pesadillas asaltan las cunas y el lecho de quienes sienten alguna culpa, y en medio de las respiraciones agitadas y la confusi\u00f3n, los recuerdos aprovechan para raptar tranquilidades y susurrar frases que ya hab\u00edamos olvidado.<br \/>\n<iframe loading=\"lazy\" src=\"https:\/\/www.youtube.com\/embed\/YKLvtq4g_6E\" width=\"560\" height=\"315\" frameborder=\"0\" allowfullscreen=\"allowfullscreen\"><\/iframe><br \/>\nEntre<strong> la memoria y el olvido<\/strong>, la vida palomea de una lista algunos pendientes por cobrar.<br \/>\n<iframe loading=\"lazy\" src=\"https:\/\/www.youtube.com\/embed\/07_OkdtXQe0\" width=\"560\" height=\"315\" frameborder=\"0\" allowfullscreen=\"allowfullscreen\"><\/iframe><\/p>\n","protected":false},"template":"","meta":{"_id_youtube":"","_id_vimeo":"","_podcasts_duration":"","_podcasts_url":"","_podcasts_show":"","_prog_horario_dias":"","_prog_hora":"","_prog_duration":""},"class_list":["post-23739","archivo","type-archivo","status-publish","hentry"],"_links":{"self":[{"href":"https:\/\/nofm-radio.com\/index.php?rest_route=\/wp\/v2\/archivo\/23739","targetHints":{"allow":["GET"]}}],"collection":[{"href":"https:\/\/nofm-radio.com\/index.php?rest_route=\/wp\/v2\/archivo"}],"about":[{"href":"https:\/\/nofm-radio.com\/index.php?rest_route=\/wp\/v2\/types\/archivo"}],"wp:attachment":[{"href":"https:\/\/nofm-radio.com\/index.php?rest_route=%2Fwp%2Fv2%2Fmedia&parent=23739"}],"curies":[{"name":"wp","href":"https:\/\/api.w.org\/{rel}","templated":true}]}}

<p>por <strong>Erika Arroyo</strong><br />
<a href="https://twitter.com/WooWooRancher" target="_blank" rel="noopener noreferrer">@WooWooRancher</a><br />
<iframe loading="lazy" src="https://www.youtube.com/embed/lGAFPRaXqJk" width="560" height="315" frameborder="0" allowfullscreen="allowfullscreen"></iframe><br />
Saludamos desde algún ventanal de la memoria a los <strong>buenos tiempos</strong>. Qué buenos tiempos aquellos que atesoramos, que nos relatamos en múltiples versiones una y otra vez, a los que les lloramos, que abrazamos para un día, finalmente, soltarlos y dejarlos ir junto a los deseos de los niños y los papalotes que se han escapado de las manos.<br />
Sean todos bienvenidos a <strong>Postales</strong>.<br />
<iframe loading="lazy" src="https://www.youtube.com/embed/CpKxaHEUcek" width="560" height="315" frameborder="0" allowfullscreen="allowfullscreen"></iframe><br />
<iframe loading="lazy" src="https://www.youtube.com/embed/MfTanvX-II0" width="560" height="315" frameborder="0" allowfullscreen="allowfullscreen"></iframe><br />
Como el papel que se ha dado en ofrenda al fuego, algunos momentos van ahumándose, se nos presentan huecos en el <strong>álbum</strong>. ¿Fue usted o fui yo?<br />
“Perdón, no la quisiera lastimar, tal vez lo que me cuenta sea verdad, lamento contrariarla pero yo&#8230; no la recuerdo.”<br />
<iframe loading="lazy" src="https://www.youtube.com/embed/qQD9JfOA1pA" width="560" height="315" frameborder="0" allowfullscreen="allowfullscreen"></iframe><br />
<iframe loading="lazy" src="https://www.youtube.com/embed/xokJyITQlrI" width="560" height="315" frameborder="0" allowfullscreen="allowfullscreen"></iframe><br />
<iframe loading="lazy" src="https://www.youtube.com/embed/6t949ErrEfo" width="560" height="315" frameborder="0" allowfullscreen="allowfullscreen"></iframe><br />
Tenemos estudiada la misma<strong> escena</strong>: era un día soleado, una anciana con bastón alimentaba palomas en el parque, las risas de los niños retumbaban y yo doblé la esquina, vi a lo lejos, todo en cámara lenta, brillante como el oro. Bueno, no tan brillante en realidad, aunque sí de algún modo.<br />
<strong>Play, play, play.</strong><br />
Como en las <strong>dramatizaciones</strong> de la televisión, vamos recreando desde distintos ángulos nuestras propias historias, algunas de ellas ya no nos pertenecen del todo e incluso, pudieron jamás habernos pertenecido, pero nos aferramos a ellas, las hacemos nuestras en el momento en el que nos las narramos en voz baja, mientras nos bañamos o caminamos entre mares de gente.<br />
<iframe loading="lazy" src="https://www.youtube.com/embed/1fdbblQ2HMc" width="560" height="315" frameborder="0" allowfullscreen="allowfullscreen"></iframe><br />
Una presencia fantasmal corta el hilo de una conversación. Una mano cubre la boca que hasta hace unos segundos hablaba sobre el aumento en el<strong> precio de la gasolina</strong>. El acto de acordarse y su anunciamiento, o el ejercicio recién descubierto de recordar que se olvidó. Lo ausente se hace presente en nuestra cadena de hallazgos y pérdidas.<br />
<iframe loading="lazy" src="https://www.youtube.com/embed/Dn7SBQ6X5HU" width="560" height="315" frameborder="0" allowfullscreen="allowfullscreen"></iframe><br />
<iframe loading="lazy" src="https://www.youtube.com/embed/Bx48npNkabM" width="560" height="315" frameborder="0" allowfullscreen="allowfullscreen"></iframe><br />
La <strong>hora del lobo</strong> llega antes que la primera luz del día, entre la noche y el amanecer, cuando las pesadillas asaltan las cunas y el lecho de quienes sienten alguna culpa, y en medio de las respiraciones agitadas y la confusión, los recuerdos aprovechan para raptar tranquilidades y susurrar frases que ya habíamos olvidado.<br />
<iframe loading="lazy" src="https://www.youtube.com/embed/YKLvtq4g_6E" width="560" height="315" frameborder="0" allowfullscreen="allowfullscreen"></iframe><br />
Entre<strong> la memoria y el olvido</strong>, la vida palomea de una lista algunos pendientes por cobrar.<br />
<iframe loading="lazy" src="https://www.youtube.com/embed/07_OkdtXQe0" width="560" height="315" frameborder="0" allowfullscreen="allowfullscreen"></iframe></p>
