{"id":23910,"date":"2017-06-09T15:02:10","date_gmt":"2017-06-09T20:02:10","guid":{"rendered":"http:\/\/nofm-radio.com\/?p=23910"},"modified":"2017-06-09T15:02:10","modified_gmt":"2017-06-09T20:02:10","slug":"laprimeravez-que-tuve-un-perro","status":"publish","type":"archivo","link":"https:\/\/nofm-radio.com\/?archivo=laprimeravez-que-tuve-un-perro","title":{"rendered":"#LaPrimeraVez que tuve un perro"},"content":{"rendered":"<p>por <strong>\u00d3scar Muci\u00f1o<\/strong><br \/>\n<a href=\"https:\/\/twitter.com\/opmucino\" target=\"_blank\" rel=\"noopener noreferrer\">@opmucino<\/a><br \/>\nSe llamaba <strong>Puchi<\/strong>, era raza maltesa, estaba algo loco, era malhumorado, le gustaba la calle, andar en las azoteas, comer ceniza de cigarro, tomar cerveza, los huesos con tu\u00e9tano, aullar cuando pasaba el gasero gritando y muri\u00f3 atropellado lejos de la ciudad.<br \/>\nSiguiendo aquella frase de sabidur\u00eda an\u00f3nima que dice que las<strong> mascotas<\/strong> se parecen a su due\u00f1o, lo que a continuaci\u00f3n escribir\u00e9 dir\u00e1 mucho sobre m\u00ed y mi <strong>personalidad<\/strong>, o sobre la personalidad de mi familia, pues Puchi fue parte de nuestro colectivo durante casi 15 a\u00f1os.<br \/>\nPuchi fue mi primer y \u00fanico perro, regalo de un amigo de mi padre que se llama Alonso. Su madre se llamaba Winnie y era la adoraci\u00f3n del amigo de mi padre; en realidad la que quer\u00eda que tuvi\u00e9ramos un perro era mi hermana (a m\u00ed francamente me daba igual), ella abog\u00f3 y rog\u00f3 a mis pap\u00e1s para que nos dejaran tener una mascota, y como la Winnie acaba de tener una \u201ccamada\u201d, se decidi\u00f3 que s\u00ed, que adoptar\u00edamos a uno de los<strong> cachorros<\/strong>. Cuando fueron por \u00e9l, yo no fui, mi hermana lo eligi\u00f3. Era una peque\u00f1a bola de pelo con hocico que se tropezaba a cada rato y que en sus primeras noches con nosotros lloraba porque extra\u00f1aba a su madre. El primer <strong>gesto de buena voluntad<\/strong> que tuve con \u00e9l fue darle mi oso de peluche, que yo llamaba Memo, para que durmiera con \u00e9l y no se sintiera tan solo. Funcion\u00f3, Puchi dej\u00f3 de llorar por las noches, se acurrucaba sobre Memo y sent\u00eda que no estaba tan lejos de la arrebatada tibieza de su madre.<br \/>\nYo fui quien propuso nombrarlo Puchi, eleg\u00ed ese nombre porque en aquellos d\u00edas estaba enfrascado en una misi\u00f3n por acabar el juego de <strong>S\u00faper Nintendo \u201cYoshi\u2019s Island\u201d<\/strong>, en \u00e9l aparec\u00eda en algunos escenarios un can que ayudaba a Yoshi y que se llamaba Poochy, aunque indiqu\u00e9 el origen del nombre a mi familia, ellos prefer\u00edan decir que era la uni\u00f3n de los dos equipos de f\u00fatbol a los que somos aficionados en mi familia, los <strong>PUmas<\/strong> y las <strong>CHIvas<\/strong>.<\/p>\n<p style=\"text-align: left;\"><a class=\"no-eff img-link lightbox\" href=\"http:\/\/nofm-radio.com\/wp-content\/uploads\/2017\/06\/Puchi1.jpg\"><img loading=\"lazy\" decoding=\"async\" class=\"alignleft wp-image-23911 size-full\" src=\"http:\/\/nofm-radio.com\/wp-content\/uploads\/2017\/06\/Puchi1.jpg\" alt=\"Puchi1\" width=\"236\" height=\"355\" \/><\/a><\/p>\n<p>Los animales en sus primeros meses de vida suelen despertar ternura, misma que con el tiempo va disminuyendo, as\u00ed pasa con los seres humanos tambi\u00e9n, cuando uno es un beb\u00e9 recibe mayores atenciones que cuando ya es un ni\u00f1o que rebasa los 6 a\u00f1os. Y a los animales como a los ni\u00f1os hay que domesticarlos, ense\u00f1arlos a <strong>vivir en sociedad<\/strong>, as\u00ed le pas\u00f3 a Puchi quien en sus primeros d\u00edas en casa se orinaba y cagaba por todos lados, poco a poco tuvo que \u00edrsele ense\u00f1ando los lugares destinados para hacerlo, aprendi\u00f3 pero no siempre cumpli\u00f3, muchas veces ya grande segu\u00eda orinando en donde le viniera mejor, aunque en defensa suya puedo decir que nunca lo hizo sobre las camas, aunque en detrimento suyo debo confesar que varias veces lo hizo en las orillas de los sillones.<br \/>\nEn sus primeros d\u00edas intentamos darle de comer <strong>croquetas<\/strong>, las cuales rechaz\u00f3 ol\u00edmpicamente, se las pusimos con leche y s\u00f3lo tomaba la leche dejando las croquetas de lado, por ello decidieron que comer\u00eda pollo o las sobras de la comida. No sab\u00edamos mucho del cuidado de un perro, le d\u00e1bamos chocolates y pan, aunque s\u00ed recibi\u00f3 sus <strong>vacunas<\/strong> y cada determinado tiempo era desparasitado. Eso s\u00ed, mi padre le dio a probar la <strong>cerveza<\/strong> y le encant\u00f3, cada vez que llegaba con su cerveza Puchi se acercaba a pedirle salt\u00e1ndole en las piernas, mi padre le pon\u00eda en su plato y \u00e9l la tomaba con sumo deleite. Una vez mi pap\u00e1 se excedi\u00f3, y Puchi al parecer se sinti\u00f3 un poco ebrio, y al otro d\u00eda ten\u00eda una sed descontrolada, que a la familia le caus\u00f3 gracia: Est\u00e1 crudo, dec\u00edamos. Eran d\u00edas en los que los perros no eran esos seres mimados de ahora, no digo que estuviera bien lo que hac\u00edamos, pero eran tiempos de ignorancia sobre sus cuidados.<br \/>\nDec\u00eda que era una bola de pelos, cuando era cachorro ese pelo era de un color gris\u00e1ceo obscuro, conforme creci\u00f3 su pelo se aclar\u00f3 y se volvi\u00f3 de color beige. Recuerdo que alguna vez cuando lo llevamos a que le cortaran el pelo, le dejaron unas \u201cbotitas\u201d en las\u00a0patas, una colita rematada con una bolita de pelo y sobre su cabeza una boina. Su incomodidad era evidente, \u00e9l, que cada vez que se abr\u00eda la puerta corr\u00eda hacia ella intentando tomar hacia la calle, cuando ten\u00eda ese rid\u00edculo corte no quer\u00eda salir, por eso optamos por un <strong>corte de pelo<\/strong> a rape, sin ning\u00fan detalle, parec\u00eda rata mojada, pero \u00e9l se sent\u00eda m\u00e1s c\u00f3modo.<br \/>\nLa calle era una de sus debilidades, cuando se escapaba pod\u00eda irse durante varias horas para luego volver, rascar la puerta y aullar para que le abri\u00e9ramos. En una de esas <strong>expediciones callejeras<\/strong> volvi\u00f3 mal herido, con una mordida grande en su costado, y unas menos graves en sus patas y hocico, nos espantamos mucho, mi madre lo cur\u00f3 poni\u00e9ndole <strong>penicilina<\/strong> en la herida y vend\u00e1ndolo. Incluso recibi\u00f3 la visita de mis primas y t\u00edas, quienes platicaban sobre lo acontecido mientras el convalec\u00eda acostado.<br \/>\nGustaba de dormir acostado sobre los pies de cualquier miembro de la familia, yo a veces lo dejaba dormir a mi lado; y cuando mi hermana y yo lleg\u00e1bamos a pelear nos ladraba para mostrar su disgusto por la disputa.<br \/>\nMis padres se jubilaron hace muchos a\u00f1os y comenzaron a ir con frecuencia al pueblo en el que naci\u00f3 madre. Como yo ya trabajaba y estaba casi todo el d\u00eda fuera, se lo llevaban con ellos para que no estuviera todo el d\u00eda solo. En uno de esos viajes se escap\u00f3 como era su costumbre, pero tard\u00f3 m\u00e1s de lo acostumbrado en volver, mi madre lo encontr\u00f3 a unas cuadras agonizando, lo hab\u00eda <strong>atropellado<\/strong> un cami\u00f3n del gas, uno de esos camiones a los que \u00e9l les aullaba cuando pasaban por mi casa. Mi mam\u00e1 se lo llev\u00f3 a la casa que tenemos en el <strong>pueblo<\/strong>, pero ya no hab\u00eda qu\u00e9 hacer, muri\u00f3, en esa casa est\u00e1 enterrado, inclusive mis padres le mandaron hacer una l\u00e1pida con su nombre y los a\u00f1os que vivi\u00f3. Yo no me enter\u00e9 sino hasta mucho despu\u00e9s, cuando fui a visitarlos, ya intu\u00eda algo porque cuando llamaba y les preguntaba por \u00e9l siempre me dec\u00edan que estaba bien o por ah\u00ed andaba, pero en la voz se notaba una <strong>inflexi\u00f3n triste<\/strong>. Cuando llegu\u00e9 al pueblo y pregunt\u00e9 a mi mam\u00e1 por \u00e9l, ella me dijo si\u00e9ntate y con l\u00e1grimas en los ojos me dijo que lo hab\u00edan atropellado y que se hab\u00eda muerto. Llor\u00e9, llor\u00e9 mucho, porque lo amaba, aunque hubiera gente a la que le cayera mal porque les hab\u00eda soltado una mordida cuando lo interrump\u00edan en sus momentos de placer y soledad; sent\u00ed culpa por las veces que lo trat\u00e9 mal y una gran <strong>nostalgia<\/strong> por los momentos lindos vividos con \u00e9l y por no haberlo visto con vida una \u00faltima vez, acariciarlo, sentir que leng\u00fceteaba mi mano y observar su cola moverse.<br \/>\nEra mi <strong>compa\u00f1ero de soledades<\/strong> y hay d\u00edas en que lo extra\u00f1o mucho: la alegr\u00eda que mostraba cuando llegaba a casa de la escuela, sus ganas de estar conmigo, su sinceridad al acercarse a m\u00ed, su franqueza al mostrarme sus enojos. Nunca la he vuelto a sentir y no quisiera traicionar su recuerdo y amor teniendo otro perro.<br \/>\n<a href=\"http:\/\/nofm-radio.com\/wp-content\/uploads\/2017\/06\/puchi.jpg\" class=\"no-eff img-link lightbox\" ><img loading=\"lazy\" decoding=\"async\" src=\"http:\/\/nofm-radio.com\/wp-content\/uploads\/2017\/06\/puchi.jpg\" alt=\"puchi\" width=\"960\" height=\"716\" class=\"alignnone size-full wp-image-23914\" \/><\/a><\/p>\n","protected":false},"template":"","meta":{"_id_youtube":"","_id_vimeo":"","_podcasts_duration":"","_podcasts_url":"","_podcasts_show":"","_prog_horario_dias":"","_prog_hora":"","_prog_duration":""},"class_list":["post-23910","archivo","type-archivo","status-publish","hentry"],"_links":{"self":[{"href":"https:\/\/nofm-radio.com\/index.php?rest_route=\/wp\/v2\/archivo\/23910","targetHints":{"allow":["GET"]}}],"collection":[{"href":"https:\/\/nofm-radio.com\/index.php?rest_route=\/wp\/v2\/archivo"}],"about":[{"href":"https:\/\/nofm-radio.com\/index.php?rest_route=\/wp\/v2\/types\/archivo"}],"wp:attachment":[{"href":"https:\/\/nofm-radio.com\/index.php?rest_route=%2Fwp%2Fv2%2Fmedia&parent=23910"}],"curies":[{"name":"wp","href":"https:\/\/api.w.org\/{rel}","templated":true}]}}

<p>por <strong>Óscar Muciño</strong><br />
<a href="https://twitter.com/opmucino" target="_blank" rel="noopener noreferrer">@opmucino</a><br />
Se llamaba <strong>Puchi</strong>, era raza maltesa, estaba algo loco, era malhumorado, le gustaba la calle, andar en las azoteas, comer ceniza de cigarro, tomar cerveza, los huesos con tuétano, aullar cuando pasaba el gasero gritando y murió atropellado lejos de la ciudad.<br />
Siguiendo aquella frase de sabiduría anónima que dice que las<strong> mascotas</strong> se parecen a su dueño, lo que a continuación escribiré dirá mucho sobre mí y mi <strong>personalidad</strong>, o sobre la personalidad de mi familia, pues Puchi fue parte de nuestro colectivo durante casi 15 años.<br />
Puchi fue mi primer y único perro, regalo de un amigo de mi padre que se llama Alonso. Su madre se llamaba Winnie y era la adoración del amigo de mi padre; en realidad la que quería que tuviéramos un perro era mi hermana (a mí francamente me daba igual), ella abogó y rogó a mis papás para que nos dejaran tener una mascota, y como la Winnie acaba de tener una “camada”, se decidió que sí, que adoptaríamos a uno de los<strong> cachorros</strong>. Cuando fueron por él, yo no fui, mi hermana lo eligió. Era una pequeña bola de pelo con hocico que se tropezaba a cada rato y que en sus primeras noches con nosotros lloraba porque extrañaba a su madre. El primer <strong>gesto de buena voluntad</strong> que tuve con él fue darle mi oso de peluche, que yo llamaba Memo, para que durmiera con él y no se sintiera tan solo. Funcionó, Puchi dejó de llorar por las noches, se acurrucaba sobre Memo y sentía que no estaba tan lejos de la arrebatada tibieza de su madre.<br />
Yo fui quien propuso nombrarlo Puchi, elegí ese nombre porque en aquellos días estaba enfrascado en una misión por acabar el juego de <strong>Súper Nintendo “Yoshi’s Island”</strong>, en él aparecía en algunos escenarios un can que ayudaba a Yoshi y que se llamaba Poochy, aunque indiqué el origen del nombre a mi familia, ellos preferían decir que era la unión de los dos equipos de fútbol a los que somos aficionados en mi familia, los <strong>PUmas</strong> y las <strong>CHIvas</strong>.</p>
<p style="text-align: left;"><a class="no-eff img-link lightbox" href="http://nofm-radio.com/wp-content/uploads/2017/06/Puchi1.jpg"><img loading="lazy" decoding="async" class="alignleft wp-image-23911 size-full" src="http://nofm-radio.com/wp-content/uploads/2017/06/Puchi1.jpg" alt="Puchi1" width="236" height="355" /></a></p>
<p>Los animales en sus primeros meses de vida suelen despertar ternura, misma que con el tiempo va disminuyendo, así pasa con los seres humanos también, cuando uno es un bebé recibe mayores atenciones que cuando ya es un niño que rebasa los 6 años. Y a los animales como a los niños hay que domesticarlos, enseñarlos a <strong>vivir en sociedad</strong>, así le pasó a Puchi quien en sus primeros días en casa se orinaba y cagaba por todos lados, poco a poco tuvo que írsele enseñando los lugares destinados para hacerlo, aprendió pero no siempre cumplió, muchas veces ya grande seguía orinando en donde le viniera mejor, aunque en defensa suya puedo decir que nunca lo hizo sobre las camas, aunque en detrimento suyo debo confesar que varias veces lo hizo en las orillas de los sillones.<br />
En sus primeros días intentamos darle de comer <strong>croquetas</strong>, las cuales rechazó olímpicamente, se las pusimos con leche y sólo tomaba la leche dejando las croquetas de lado, por ello decidieron que comería pollo o las sobras de la comida. No sabíamos mucho del cuidado de un perro, le dábamos chocolates y pan, aunque sí recibió sus <strong>vacunas</strong> y cada determinado tiempo era desparasitado. Eso sí, mi padre le dio a probar la <strong>cerveza</strong> y le encantó, cada vez que llegaba con su cerveza Puchi se acercaba a pedirle saltándole en las piernas, mi padre le ponía en su plato y él la tomaba con sumo deleite. Una vez mi papá se excedió, y Puchi al parecer se sintió un poco ebrio, y al otro día tenía una sed descontrolada, que a la familia le causó gracia: Está crudo, decíamos. Eran días en los que los perros no eran esos seres mimados de ahora, no digo que estuviera bien lo que hacíamos, pero eran tiempos de ignorancia sobre sus cuidados.<br />
Decía que era una bola de pelos, cuando era cachorro ese pelo era de un color grisáceo obscuro, conforme creció su pelo se aclaró y se volvió de color beige. Recuerdo que alguna vez cuando lo llevamos a que le cortaran el pelo, le dejaron unas “botitas” en las patas, una colita rematada con una bolita de pelo y sobre su cabeza una boina. Su incomodidad era evidente, él, que cada vez que se abría la puerta corría hacia ella intentando tomar hacia la calle, cuando tenía ese ridículo corte no quería salir, por eso optamos por un <strong>corte de pelo</strong> a rape, sin ningún detalle, parecía rata mojada, pero él se sentía más cómodo.<br />
La calle era una de sus debilidades, cuando se escapaba podía irse durante varias horas para luego volver, rascar la puerta y aullar para que le abriéramos. En una de esas <strong>expediciones callejeras</strong> volvió mal herido, con una mordida grande en su costado, y unas menos graves en sus patas y hocico, nos espantamos mucho, mi madre lo curó poniéndole <strong>penicilina</strong> en la herida y vendándolo. Incluso recibió la visita de mis primas y tías, quienes platicaban sobre lo acontecido mientras el convalecía acostado.<br />
Gustaba de dormir acostado sobre los pies de cualquier miembro de la familia, yo a veces lo dejaba dormir a mi lado; y cuando mi hermana y yo llegábamos a pelear nos ladraba para mostrar su disgusto por la disputa.<br />
Mis padres se jubilaron hace muchos años y comenzaron a ir con frecuencia al pueblo en el que nació madre. Como yo ya trabajaba y estaba casi todo el día fuera, se lo llevaban con ellos para que no estuviera todo el día solo. En uno de esos viajes se escapó como era su costumbre, pero tardó más de lo acostumbrado en volver, mi madre lo encontró a unas cuadras agonizando, lo había <strong>atropellado</strong> un camión del gas, uno de esos camiones a los que él les aullaba cuando pasaban por mi casa. Mi mamá se lo llevó a la casa que tenemos en el <strong>pueblo</strong>, pero ya no había qué hacer, murió, en esa casa está enterrado, inclusive mis padres le mandaron hacer una lápida con su nombre y los años que vivió. Yo no me enteré sino hasta mucho después, cuando fui a visitarlos, ya intuía algo porque cuando llamaba y les preguntaba por él siempre me decían que estaba bien o por ahí andaba, pero en la voz se notaba una <strong>inflexión triste</strong>. Cuando llegué al pueblo y pregunté a mi mamá por él, ella me dijo siéntate y con lágrimas en los ojos me dijo que lo habían atropellado y que se había muerto. Lloré, lloré mucho, porque lo amaba, aunque hubiera gente a la que le cayera mal porque les había soltado una mordida cuando lo interrumpían en sus momentos de placer y soledad; sentí culpa por las veces que lo traté mal y una gran <strong>nostalgia</strong> por los momentos lindos vividos con él y por no haberlo visto con vida una última vez, acariciarlo, sentir que lengüeteaba mi mano y observar su cola moverse.<br />
Era mi <strong>compañero de soledades</strong> y hay días en que lo extraño mucho: la alegría que mostraba cuando llegaba a casa de la escuela, sus ganas de estar conmigo, su sinceridad al acercarse a mí, su franqueza al mostrarme sus enojos. Nunca la he vuelto a sentir y no quisiera traicionar su recuerdo y amor teniendo otro perro.<br />
<a href="http://nofm-radio.com/wp-content/uploads/2017/06/puchi.jpg" class="no-eff img-link lightbox" ><img loading="lazy" decoding="async" src="http://nofm-radio.com/wp-content/uploads/2017/06/puchi.jpg" alt="puchi" width="960" height="716" class="alignnone size-full wp-image-23914" /></a></p>
