{"id":23916,"date":"2017-06-12T13:39:58","date_gmt":"2017-06-12T18:39:58","guid":{"rendered":"http:\/\/nofm-radio.com\/?p=23916"},"modified":"2017-06-12T13:39:58","modified_gmt":"2017-06-12T18:39:58","slug":"viene-la-semana-de-documental-contemporaneo","status":"publish","type":"archivo","link":"https:\/\/nofm-radio.com\/?archivo=viene-la-semana-de-documental-contemporaneo","title":{"rendered":"Viene la Semana de Documental Contempor\u00e1neo en el Faro de Arag\u00f3n"},"content":{"rendered":"<p>Para nadie es un secreto que en <strong>NoFM<\/strong> amamos los documetales. Por ello, no cabemos de gusto cada vez que surgen proyectos enfocados en este tipo de filmes. El <strong>Faro de Arag\u00f3n<\/strong>, que est\u00e1 haciendo cosas muy chingonas alrededor del cine que pueden checar <strong><a href=\"https:\/\/www.facebook.com\/FaroAragonOficial\/\" target=\"_blank\" rel=\"noopener noreferrer\">aqu\u00ed<\/a><\/strong>, se une ahora a otras iniciativas para emprender la <strong>Semana del Documental Contempor\u00e1neo<\/strong>. La idea de este evento es, no s\u00f3lo proyectar los documentales, sino \u00a0hacer un ejercicio de<strong> cine participativo<\/strong> y, con ello, contrbuir al fin \u00faltimo de un documental: poner el foco de atenci\u00f3n en un tema en particular y discutir sobre ello.<br \/>\nAdem\u00e1s, la\u00a0<strong>Semana del Documental Contempor\u00e1neo<\/strong> incluir\u00e1 conferencias y charlas sobre la manera en que surgen proyectos alrededor de esta rama del cine que, desde hace varios a\u00f1os ha construido un p\u00fablico que no deja de crecer. Andar\u00e1n por all\u00e1 miembros de <strong>DocsMx, Ambulante, Deriva, Frente Aut\u00f3nomo Audiovisual<\/strong>, entre otros, para hablar de sus propios proyectos, de c\u00f3mo ense\u00f1ar cine en las periferias y otros temas que nos llaman mucho la atenci\u00f3n.<br \/>\nLes dejamos toda la informaci\u00f3n de la\u00a0Semana del Documental Contempor\u00e1neo que arranca este <strong>martes 13 de junio<\/strong>. Pueden consultar m\u00e1s detalles del evento <a href=\"https:\/\/www.facebook.com\/events\/1318878574891547\/?acontext={%22ref%22:%2222%22,%22feed_story_type%22:%2222%22,%22action_history%22:%22null%22}&amp;pnref=story\" target=\"_blank\" rel=\"noopener noreferrer\">aqu\u00ed<\/a>.<br \/>\n<a class=\"no-eff img-link lightbox\" href=\"http:\/\/nofm-radio.com\/wp-content\/uploads\/2017\/06\/SDocu_cartel.png\"><img loading=\"lazy\" decoding=\"async\" class=\"alignnone size-full wp-image-23917\" src=\"http:\/\/nofm-radio.com\/wp-content\/uploads\/2017\/06\/SDocu_cartel.png\" alt=\"SDocu_cartel\" width=\"3780\" height=\"5492\" \/><\/a><\/p>\n","protected":false},"template":"","meta":{"_id_youtube":"","_id_vimeo":"","_podcasts_duration":"","_podcasts_url":"","_podcasts_show":"","_prog_horario_dias":"","_prog_hora":"","_prog_duration":""},"class_list":["post-23916","archivo","type-archivo","status-publish","hentry"],"_links":{"self":[{"href":"https:\/\/nofm-radio.com\/index.php?rest_route=\/wp\/v2\/archivo\/23916","targetHints":{"allow":["GET"]}}],"collection":[{"href":"https:\/\/nofm-radio.com\/index.php?rest_route=\/wp\/v2\/archivo"}],"about":[{"href":"https:\/\/nofm-radio.com\/index.php?rest_route=\/wp\/v2\/types\/archivo"}],"wp:attachment":[{"href":"https:\/\/nofm-radio.com\/index.php?rest_route=%2Fwp%2Fv2%2Fmedia&parent=23916"}],"curies":[{"name":"wp","href":"https:\/\/api.w.org\/{rel}","templated":true}]}}

Viene la Semana de Documental Contemporáneo en el Faro de Aragón

<p>Para nadie es un secreto que en <strong>NoFM</strong> amamos los documetales. Por ello, no cabemos de gusto cada vez que surgen proyectos enfocados en este tipo de filmes. El <strong>Faro de Aragón</strong>, que está haciendo cosas muy chingonas alrededor del cine que pueden checar <strong><a href="https://www.facebook.com/FaroAragonOficial/" target="_blank" rel="noopener noreferrer">aquí</a></strong>, se une ahora a otras iniciativas para emprender la <strong>Semana del Documental Contemporáneo</strong>. La idea de este evento es, no sólo proyectar los documentales, sino  hacer un ejercicio de<strong> cine participativo</strong> y, con ello, contrbuir al fin último de un documental: poner el foco de atención en un tema en particular y discutir sobre ello.<br />
Además, la <strong>Semana del Documental Contemporáneo</strong> incluirá conferencias y charlas sobre la manera en que surgen proyectos alrededor de esta rama del cine que, desde hace varios años ha construido un público que no deja de crecer. Andarán por allá miembros de <strong>DocsMx, Ambulante, Deriva, Frente Autónomo Audiovisual</strong>, entre otros, para hablar de sus propios proyectos, de cómo enseñar cine en las periferias y otros temas que nos llaman mucho la atención.<br />
Les dejamos toda la información de la Semana del Documental Contemporáneo que arranca este <strong>martes 13 de junio</strong>. Pueden consultar más detalles del evento <a href="https://www.facebook.com/events/1318878574891547/?acontext={%22ref%22:%2222%22,%22feed_story_type%22:%2222%22,%22action_history%22:%22null%22}&amp;pnref=story" target="_blank" rel="noopener noreferrer">aquí</a>.<br />
<a class="no-eff img-link lightbox" href="http://nofm-radio.com/wp-content/uploads/2017/06/SDocu_cartel.png"><img loading="lazy" decoding="async" class="alignnone size-full wp-image-23917" src="http://nofm-radio.com/wp-content/uploads/2017/06/SDocu_cartel.png" alt="SDocu_cartel" width="3780" height="5492" /></a></p>
