{"id":24530,"date":"2017-07-11T13:15:19","date_gmt":"2017-07-11T18:15:19","guid":{"rendered":"http:\/\/nofm-radio.com\/?p=24530"},"modified":"2017-07-11T13:15:19","modified_gmt":"2017-07-11T18:15:19","slug":"como-vemos-la-violencia-deriva-mx-en-el-museo-tamayo","status":"publish","type":"archivo","link":"https:\/\/nofm-radio.com\/?archivo=como-vemos-la-violencia-deriva-mx-en-el-museo-tamayo","title":{"rendered":"\u00bfC\u00f3mo vemos la violencia? DERIVA.MX en el Museo Tamayo"},"content":{"rendered":"<p>Desde hace m\u00e1s de una d\u00e9cada el tema de la<strong> violencia<\/strong> ha permeado la cotidianidad mexicana. La normalizaci\u00f3n de actos violentos no s\u00f3lo ha agravado los casos, sino que ha modificado seriamente c\u00f3mo los percibimos. Los miembros de <strong>DERIVA.MX<\/strong> ha retomado factores econ\u00f3micos, pol\u00edticos y sociales para mostrar un panorama de la manera en que percibimos la <strong>violencia en M\u00e9xico<\/strong>.<br \/>\nEste grupo de cineastas, dise\u00f1adores y programadores que est\u00e1n recorriendo el pa\u00eds con el prop\u00f3sito de grabar material en video para formar un archivo de distintos g\u00e9neros cinematogr\u00e1ficos: documental, ficci\u00f3n, entrevistas y testimonios, adem\u00e1s de recopilar objetos, documentos escritos, im\u00e1genes, sonido y m\u00fasica, hace una parada en el <strong>Museo Tamayo<\/strong> para mostrar parte de su trabajo.<br \/>\nA partir este mes, DERIVA.MX tendr\u00e1 dos actividades en el Museo Tamayo. La primera es el <strong>micro taller de postal multimedia \u201cDeriva fotogra\u0301fica en Chapultepec\u201d<\/strong>, que se impartir\u00e1 el <strong>22 de julio<\/strong> a las 11 horas (pueden ver algunas de las postales multimedia de DERIVA.MX <a href=\"http:\/\/deriva.mx\/escritos\/art4.php\" target=\"_blank\" rel=\"noopener noreferrer\">aqu\u00ed<\/a>). La segunda ser\u00e1 una <strong>funci\u00f3n de cine participativo<\/strong> el <strong>20 de agosto<\/strong>. Con estas actividades se busca establecer un di\u00e1logo con el p\u00fablico sobre c\u00f3mo entendemos y percibimos la violencia en un pa\u00eds tan maltratado como M\u00e9xico.<br \/>\nNo dejen de darse una vuelta al Museo Tamayo, ni de seguir las redes sociales<strong> <a href=\"https:\/\/twitter.com\/DERIVA_MX\" target=\"_blank\" rel=\"noopener noreferrer\">@DERIVA.MX<\/a><\/strong>\u00a0para conocer sus pr\u00f3ximas actividades.<br \/>\n<a class=\"no-eff img-link lightbox\" href=\"http:\/\/nofm-radio.com\/wp-content\/uploads\/2017\/07\/unnamed-1.jpg\"><img loading=\"lazy\" decoding=\"async\" class=\"alignnone size-full wp-image-24532\" src=\"http:\/\/nofm-radio.com\/wp-content\/uploads\/2017\/07\/unnamed-1.jpg\" alt=\"unnamed-1\" width=\"1136\" height=\"1136\" \/><\/a><br \/>\n&nbsp;<\/p>\n","protected":false},"template":"","meta":{"_id_youtube":"","_id_vimeo":"","_podcasts_duration":"","_podcasts_url":"","_podcasts_show":"","_prog_horario_dias":"","_prog_hora":"","_prog_duration":""},"class_list":["post-24530","archivo","type-archivo","status-publish","hentry"],"_links":{"self":[{"href":"https:\/\/nofm-radio.com\/index.php?rest_route=\/wp\/v2\/archivo\/24530","targetHints":{"allow":["GET"]}}],"collection":[{"href":"https:\/\/nofm-radio.com\/index.php?rest_route=\/wp\/v2\/archivo"}],"about":[{"href":"https:\/\/nofm-radio.com\/index.php?rest_route=\/wp\/v2\/types\/archivo"}],"wp:attachment":[{"href":"https:\/\/nofm-radio.com\/index.php?rest_route=%2Fwp%2Fv2%2Fmedia&parent=24530"}],"curies":[{"name":"wp","href":"https:\/\/api.w.org\/{rel}","templated":true}]}}

¿Cómo vemos la violencia? DERIVA.MX en el Museo Tamayo

<p>Desde hace más de una década el tema de la<strong> violencia</strong> ha permeado la cotidianidad mexicana. La normalización de actos violentos no sólo ha agravado los casos, sino que ha modificado seriamente cómo los percibimos. Los miembros de <strong>DERIVA.MX</strong> ha retomado factores económicos, políticos y sociales para mostrar un panorama de la manera en que percibimos la <strong>violencia en México</strong>.<br />
Este grupo de cineastas, diseñadores y programadores que están recorriendo el país con el propósito de grabar material en video para formar un archivo de distintos géneros cinematográficos: documental, ficción, entrevistas y testimonios, además de recopilar objetos, documentos escritos, imágenes, sonido y música, hace una parada en el <strong>Museo Tamayo</strong> para mostrar parte de su trabajo.<br />
A partir este mes, DERIVA.MX tendrá dos actividades en el Museo Tamayo. La primera es el <strong>micro taller de postal multimedia “Deriva fotográfica en Chapultepec”</strong>, que se impartirá el <strong>22 de julio</strong> a las 11 horas (pueden ver algunas de las postales multimedia de DERIVA.MX <a href="http://deriva.mx/escritos/art4.php" target="_blank" rel="noopener noreferrer">aquí</a>). La segunda será una <strong>función de cine participativo</strong> el <strong>20 de agosto</strong>. Con estas actividades se busca establecer un diálogo con el público sobre cómo entendemos y percibimos la violencia en un país tan maltratado como México.<br />
No dejen de darse una vuelta al Museo Tamayo, ni de seguir las redes sociales<strong> <a href="https://twitter.com/DERIVA_MX" target="_blank" rel="noopener noreferrer">@DERIVA.MX</a></strong> para conocer sus próximas actividades.<br />
<a class="no-eff img-link lightbox" href="http://nofm-radio.com/wp-content/uploads/2017/07/unnamed-1.jpg"><img loading="lazy" decoding="async" class="alignnone size-full wp-image-24532" src="http://nofm-radio.com/wp-content/uploads/2017/07/unnamed-1.jpg" alt="unnamed-1" width="1136" height="1136" /></a><br />
&nbsp;</p>
